{"id":115422,"date":"2026-05-05T14:52:58","date_gmt":"2026-05-05T17:52:58","guid":{"rendered":"https:\/\/www.hediyepazar.com\/?product=360-ayarlanabilir-cok-fonksiyonlu-dus-basligi"},"modified":"2026-05-05T14:52:58","modified_gmt":"2026-05-05T17:52:58","slug":"360-ayarlanabilir-cok-fonksiyonlu-dus-basligi","status":"publish","type":"product","link":"https:\/\/www.hediyepazar.com\/?product=360-ayarlanabilir-cok-fonksiyonlu-dus-basligi","title":{"rendered":"360\u00b0 Ayarlanabilir \u00c7ok Fonksiyonlu Du\u015f Ba\u015fl\u0131\u011f\u0131"},"content":{"rendered":"<p>Kurulumu son derece pratiktir. Evrensel 4 ba\u011flant\u0131 noktal\u0131 aray\u00fcz\u00fc sayesinde tesisat\u00e7\u0131ya gerek kalmadan mevcut du\u015f ba\u015fl\u0131\u011f\u0131n\u0131z\u0131 kolayca \u00e7\u0131kar\u0131p yenisini takabilirsiniz. Dayan\u0131kl\u0131 yap\u0131s\u0131, uzun s\u00fcreli kullan\u0131m i\u00e7in idealdir. Modern ve estetik tasar\u0131m\u0131, banyonuzun \u015f\u0131kl\u0131\u011f\u0131n\u0131 art\u0131r\u0131r.<\/p>\n","protected":false},"excerpt":{"rendered":"<p>Kurulumu son derece pratiktir. Evrensel 4 ba\u011flant\u0131 noktal\u0131 aray\u00fcz\u00fc sayesinde tesisat\u00e7\u0131ya gerek kalmadan mevcut du\u015f ba\u015fl\u0131\u011f\u0131n\u0131z\u0131 kolayca \u00e7\u0131kar\u0131p yenisini takabilirsiniz. Dayan\u0131kl\u0131 yap\u0131s\u0131, uzun s\u00fcreli kullan\u0131m i\u00e7in idealdir. Modern ve estetik tasar\u0131m\u0131, banyonuzun \u015f\u0131kl\u0131\u011f\u0131n\u0131 art\u0131r\u0131r.<\/p>\n","protected":false},"featured_media":115421,"comment_status":"open","ping_status":"closed","template":"","meta":{"_kad_post_transparent":"","_kad_post_title":"","_kad_post_layout":"","_kad_post_sidebar_id":"","_kad_post_content_style":"","_kad_post_vertical_padding":"","_kad_post_feature":"","_kad_post_feature_position":"","_kad_post_header":false,"_kad_post_footer":false,"_kad_post_classname":""},"product_brand":[],"product_cat":[14915],"product_tag":[],"class_list":{"0":"post-115422","1":"product","2":"type-product","3":"status-publish","4":"has-post-thumbnail","6":"product_cat-dus-basligi-dus-basligi","8":"first","9":"instock","10":"purchasable","11":"product-type-simple","12":"entry","13":"content-bg","14":"loop-entry"},"_links":{"self":[{"href":"https:\/\/www.hediyepazar.com\/index.php?rest_route=\/wp\/v2\/product\/115422","targetHints":{"allow":["GET"]}}],"collection":[{"href":"https:\/\/www.hediyepazar.com\/index.php?rest_route=\/wp\/v2\/product"}],"about":[{"href":"https:\/\/www.hediyepazar.com\/index.php?rest_route=\/wp\/v2\/types\/product"}],"replies":[{"embeddable":true,"href":"https:\/\/www.hediyepazar.com\/index.php?rest_route=%2Fwp%2Fv2%2Fcomments&post=115422"}],"wp:featuredmedia":[{"embeddable":true,"href":"https:\/\/www.hediyepazar.com\/index.php?rest_route=\/wp\/v2\/media\/115421"}],"wp:attachment":[{"href":"https:\/\/www.hediyepazar.com\/index.php?rest_route=%2Fwp%2Fv2%2Fmedia&parent=115422"}],"wp:term":[{"taxonomy":"product_brand","embeddable":true,"href":"https:\/\/www.hediyepazar.com\/index.php?rest_route=%2Fwp%2Fv2%2Fproduct_brand&post=115422"},{"taxonomy":"product_cat","embeddable":true,"href":"https:\/\/www.hediyepazar.com\/index.php?rest_route=%2Fwp%2Fv2%2Fproduct_cat&post=115422"},{"taxonomy":"product_tag","embeddable":true,"href":"https:\/\/www.hediyepazar.com\/index.php?rest_route=%2Fwp%2Fv2%2Fproduct_tag&post=115422"}],"curies":[{"name":"wp","href":"https:\/\/api.w.org\/{rel}","templated":true}]}}