{"id":115426,"date":"2026-05-05T14:53:06","date_gmt":"2026-05-05T17:53:06","guid":{"rendered":"https:\/\/www.hediyepazar.com\/?product=yuksek-basincli-3-fonksiyonlu-dus-basligi"},"modified":"2026-05-05T14:53:06","modified_gmt":"2026-05-05T17:53:06","slug":"yuksek-basincli-3-fonksiyonlu-dus-basligi","status":"publish","type":"product","link":"https:\/\/www.hediyepazar.com\/?product=yuksek-basincli-3-fonksiyonlu-dus-basligi","title":{"rendered":"Y\u00fcksek Bas\u0131n\u00e7l\u0131 3 Fonksiyonlu Du\u015f Ba\u015fl\u0131\u011f\u0131"},"content":{"rendered":"<p>Bu y\u00fcksek kaliteli du\u015f ba\u015fl\u0131\u011f\u0131, d\u00fc\u015f\u00fck su bas\u0131nc\u0131n\u0131 telafi eden g\u00fc\u00e7l\u00fc ak\u0131\u015f teknolojisi ile tasarlanm\u0131\u015ft\u0131r. Geli\u015fmi\u015f p\u00fcsk\u00fcrtme sistemi sayesinde suyu daha y\u00fcksek h\u0131zda ak\u0131tarak, her kullan\u0131mda spa keyfi ya\u015fat\u0131r. 3 farkl\u0131 p\u00fcsk\u00fcrtme modu (g\u00fc\u00e7l\u00fc masaj, ya\u011fmur du\u015fu, \u015felale sisi) ile ihtiyac\u0131n\u0131za g\u00f6re diledi\u011finiz modu se\u00e7ebilirsiniz. Tek tu\u015fla suyu durdurma \u00f6zelli\u011fi, su tasarrufu sa\u011flar ve kullan\u0131m kolayl\u0131\u011f\u0131 sunar.<\/p>\n","protected":false},"excerpt":{"rendered":"<p>Bu y\u00fcksek kaliteli du\u015f ba\u015fl\u0131\u011f\u0131, d\u00fc\u015f\u00fck su bas\u0131nc\u0131n\u0131 telafi eden g\u00fc\u00e7l\u00fc ak\u0131\u015f teknolojisi ile tasarlanm\u0131\u015ft\u0131r. Geli\u015fmi\u015f p\u00fcsk\u00fcrtme sistemi sayesinde suyu daha y\u00fcksek h\u0131zda ak\u0131tarak, her kullan\u0131mda spa keyfi ya\u015fat\u0131r. 3 farkl\u0131 p\u00fcsk\u00fcrtme modu (g\u00fc\u00e7l\u00fc masaj, ya\u011fmur du\u015fu, \u015felale sisi) ile ihtiyac\u0131n\u0131za g\u00f6re diledi\u011finiz modu se\u00e7ebilirsiniz. Tek tu\u015fla suyu durdurma \u00f6zelli\u011fi, su tasarrufu sa\u011flar ve kullan\u0131m&#8230;<\/p>\n","protected":false},"featured_media":115425,"comment_status":"open","ping_status":"closed","template":"","meta":{"_kad_post_transparent":"","_kad_post_title":"","_kad_post_layout":"","_kad_post_sidebar_id":"","_kad_post_content_style":"","_kad_post_vertical_padding":"","_kad_post_feature":"","_kad_post_feature_position":"","_kad_post_header":false,"_kad_post_footer":false,"_kad_post_classname":""},"product_brand":[],"product_cat":[14915],"product_tag":[],"class_list":{"0":"post-115426","1":"product","2":"type-product","3":"status-publish","4":"has-post-thumbnail","6":"product_cat-dus-basligi-dus-basligi","8":"first","9":"instock","10":"purchasable","11":"product-type-simple","12":"entry","13":"content-bg","14":"loop-entry"},"_links":{"self":[{"href":"https:\/\/www.hediyepazar.com\/index.php?rest_route=\/wp\/v2\/product\/115426","targetHints":{"allow":["GET"]}}],"collection":[{"href":"https:\/\/www.hediyepazar.com\/index.php?rest_route=\/wp\/v2\/product"}],"about":[{"href":"https:\/\/www.hediyepazar.com\/index.php?rest_route=\/wp\/v2\/types\/product"}],"replies":[{"embeddable":true,"href":"https:\/\/www.hediyepazar.com\/index.php?rest_route=%2Fwp%2Fv2%2Fcomments&post=115426"}],"wp:featuredmedia":[{"embeddable":true,"href":"https:\/\/www.hediyepazar.com\/index.php?rest_route=\/wp\/v2\/media\/115425"}],"wp:attachment":[{"href":"https:\/\/www.hediyepazar.com\/index.php?rest_route=%2Fwp%2Fv2%2Fmedia&parent=115426"}],"wp:term":[{"taxonomy":"product_brand","embeddable":true,"href":"https:\/\/www.hediyepazar.com\/index.php?rest_route=%2Fwp%2Fv2%2Fproduct_brand&post=115426"},{"taxonomy":"product_cat","embeddable":true,"href":"https:\/\/www.hediyepazar.com\/index.php?rest_route=%2Fwp%2Fv2%2Fproduct_cat&post=115426"},{"taxonomy":"product_tag","embeddable":true,"href":"https:\/\/www.hediyepazar.com\/index.php?rest_route=%2Fwp%2Fv2%2Fproduct_tag&post=115426"}],"curies":[{"name":"wp","href":"https:\/\/api.w.org\/{rel}","templated":true}]}}