{"id":115428,"date":"2026-05-05T14:53:11","date_gmt":"2026-05-05T17:53:11","guid":{"rendered":"https:\/\/www.hediyepazar.com\/?product=yuz-ve-boyun-icin-cilt-sikilastirici-masaj-cihazi"},"modified":"2026-05-05T14:53:11","modified_gmt":"2026-05-05T17:53:11","slug":"yuz-ve-boyun-icin-cilt-sikilastirici-masaj-cihazi","status":"publish","type":"product","link":"https:\/\/www.hediyepazar.com\/?product=yuz-ve-boyun-icin-cilt-sikilastirici-masaj-cihazi","title":{"rendered":"Y\u00fcz ve Boyun \u0130\u00e7in Cilt S\u0131k\u0131la\u015ft\u0131r\u0131c\u0131 Masaj Cihaz\u0131"},"content":{"rendered":"<p>Bu cilt gen\u00e7le\u015ftirme ve s\u0131k\u0131la\u015ft\u0131rma cihaz\u0131, geli\u015fmi\u015f ses dalgas\u0131 titre\u015fim teknolojisi ile k\u0131r\u0131\u015f\u0131kl\u0131klar\u0131n g\u00f6r\u00fcn\u00fcm\u00fcn\u00fc azalt\u0131r, cildi toparlar ve daha s\u0131k\u0131 bir g\u00f6r\u00fcn\u00fcm kazand\u0131r\u0131r. Y\u00fcz ve boyun b\u00f6lgesinde derinlemesine masaj yaparak kan dola\u015f\u0131m\u0131n\u0131 art\u0131r\u0131r, kolajen \u00fcretimini destekler. B\u00f6ylece cildiniz sadece daha p\u00fcr\u00fczs\u00fcz de\u011fil, ayn\u0131 zamanda daha canl\u0131 ve parlak bir g\u00f6r\u00fcn\u00fcme kavu\u015fur. Kompakt, hafif ve ta\u015f\u0131nabilir yap\u0131s\u0131yla g\u00fcnl\u00fck kullan\u0131mda kolayl\u0131k sa\u011flar.<\/p>\n","protected":false},"excerpt":{"rendered":"<p>Bu cilt gen\u00e7le\u015ftirme ve s\u0131k\u0131la\u015ft\u0131rma cihaz\u0131, geli\u015fmi\u015f ses dalgas\u0131 titre\u015fim teknolojisi ile k\u0131r\u0131\u015f\u0131kl\u0131klar\u0131n g\u00f6r\u00fcn\u00fcm\u00fcn\u00fc azalt\u0131r, cildi toparlar ve daha s\u0131k\u0131 bir g\u00f6r\u00fcn\u00fcm kazand\u0131r\u0131r. Y\u00fcz ve boyun b\u00f6lgesinde derinlemesine masaj yaparak kan dola\u015f\u0131m\u0131n\u0131 art\u0131r\u0131r, kolajen \u00fcretimini destekler. B\u00f6ylece cildiniz sadece daha p\u00fcr\u00fczs\u00fcz de\u011fil, ayn\u0131 zamanda daha canl\u0131 ve parlak bir g\u00f6r\u00fcn\u00fcme kavu\u015fur. Kompakt, hafif ve ta\u015f\u0131nabilir&#8230;<\/p>\n","protected":false},"featured_media":115427,"comment_status":"open","ping_status":"closed","template":"","meta":{"_kad_post_transparent":"","_kad_post_title":"","_kad_post_layout":"","_kad_post_sidebar_id":"","_kad_post_content_style":"","_kad_post_vertical_padding":"","_kad_post_feature":"","_kad_post_feature_position":"","_kad_post_header":false,"_kad_post_footer":false,"_kad_post_classname":""},"product_brand":[],"product_cat":[14917],"product_tag":[],"class_list":{"0":"post-115428","1":"product","2":"type-product","3":"status-publish","4":"has-post-thumbnail","6":"product_cat-yuz-masaj-aleti-yuz-masaj-aleti","8":"first","9":"instock","10":"purchasable","11":"product-type-simple","12":"entry","13":"content-bg","14":"loop-entry"},"_links":{"self":[{"href":"https:\/\/www.hediyepazar.com\/index.php?rest_route=\/wp\/v2\/product\/115428","targetHints":{"allow":["GET"]}}],"collection":[{"href":"https:\/\/www.hediyepazar.com\/index.php?rest_route=\/wp\/v2\/product"}],"about":[{"href":"https:\/\/www.hediyepazar.com\/index.php?rest_route=\/wp\/v2\/types\/product"}],"replies":[{"embeddable":true,"href":"https:\/\/www.hediyepazar.com\/index.php?rest_route=%2Fwp%2Fv2%2Fcomments&post=115428"}],"wp:featuredmedia":[{"embeddable":true,"href":"https:\/\/www.hediyepazar.com\/index.php?rest_route=\/wp\/v2\/media\/115427"}],"wp:attachment":[{"href":"https:\/\/www.hediyepazar.com\/index.php?rest_route=%2Fwp%2Fv2%2Fmedia&parent=115428"}],"wp:term":[{"taxonomy":"product_brand","embeddable":true,"href":"https:\/\/www.hediyepazar.com\/index.php?rest_route=%2Fwp%2Fv2%2Fproduct_brand&post=115428"},{"taxonomy":"product_cat","embeddable":true,"href":"https:\/\/www.hediyepazar.com\/index.php?rest_route=%2Fwp%2Fv2%2Fproduct_cat&post=115428"},{"taxonomy":"product_tag","embeddable":true,"href":"https:\/\/www.hediyepazar.com\/index.php?rest_route=%2Fwp%2Fv2%2Fproduct_tag&post=115428"}],"curies":[{"name":"wp","href":"https:\/\/api.w.org\/{rel}","templated":true}]}}