{"id":115440,"date":"2026-05-05T14:54:15","date_gmt":"2026-05-05T17:54:15","guid":{"rendered":"https:\/\/www.hediyepazar.com\/?product=oyunlar-icin-guclu-telefon-sogutucu-fan-dijital-ekranli"},"modified":"2026-05-05T14:54:15","modified_gmt":"2026-05-05T17:54:15","slug":"oyunlar-icin-guclu-telefon-sogutucu-fan-dijital-ekranli","status":"publish","type":"product","link":"https:\/\/www.hediyepazar.com\/?product=oyunlar-icin-guclu-telefon-sogutucu-fan-dijital-ekranli","title":{"rendered":"Oyunlar \u0130\u00e7in G\u00fc\u00e7l\u00fc Telefon So\u011futucu Fan Dijital Ekranl\u0131"},"content":{"rendered":"<p>Cep telefonlar\u0131 uzun s\u00fcreli oyun, video veya uygulama kullan\u0131m\u0131nda h\u0131zla \u0131s\u0131narak performans kayb\u0131na yol a\u00e7abilir. Bu geli\u015fmi\u015f cep telefonu radyat\u00f6r\u00fc, g\u00fc\u00e7l\u00fc so\u011futma teknolojisiyle cihaz\u0131n\u0131z\u0131n a\u015f\u0131r\u0131 \u0131s\u0131nmas\u0131n\u0131 \u00f6nler. Y\u00fcksek performansl\u0131 yar\u0131 iletken \u00e7ipi sayesinde dakikalar i\u00e7inde serinleme sa\u011flar ve telefonunuzun pil t\u00fcketimini azalt\u0131r. 65-85 mm geni\u015fli\u011findeki t\u00fcm ak\u0131ll\u0131 telefonlarla uyumlu olup geri \u00e7ekilebilir klipsleri sayesinde g\u00fcvenli bir \u015fekilde sabitlenir. Dijital ekran\u0131 ile fan h\u0131z\u0131n\u0131 2 farkl\u0131 seviyede ayarlayabilir, ihtiyac\u0131n\u0131za g\u00f6re serinlik sa\u011flayabilirsiniz. \u00d6zellikle mobil oyun tutkunlar\u0131 i\u00e7in tasarlanan bu so\u011futucu, uzun s\u00fcreli kullan\u0131mda cihaz\u0131n performans\u0131n\u0131 sabit tutar. Hafif, ta\u015f\u0131nabilir ve Type-C kablo ile kolay \u015farj edilebilir yap\u0131s\u0131 sayesinde her yerde yan\u0131n\u0131zda ta\u015f\u0131yabilirsiniz.<\/p>\n","protected":false},"excerpt":{"rendered":"<p>Cep telefonlar\u0131 uzun s\u00fcreli oyun, video veya uygulama kullan\u0131m\u0131nda h\u0131zla \u0131s\u0131narak performans kayb\u0131na yol a\u00e7abilir. Bu geli\u015fmi\u015f cep telefonu radyat\u00f6r\u00fc, g\u00fc\u00e7l\u00fc so\u011futma teknolojisiyle cihaz\u0131n\u0131z\u0131n a\u015f\u0131r\u0131 \u0131s\u0131nmas\u0131n\u0131 \u00f6nler. Y\u00fcksek performansl\u0131 yar\u0131 iletken \u00e7ipi sayesinde dakikalar i\u00e7inde serinleme sa\u011flar ve telefonunuzun pil t\u00fcketimini azalt\u0131r. 65-85 mm geni\u015fli\u011findeki t\u00fcm ak\u0131ll\u0131 telefonlarla uyumlu olup geri \u00e7ekilebilir klipsleri sayesinde g\u00fcvenli&#8230;<\/p>\n","protected":false},"featured_media":115439,"comment_status":"open","ping_status":"closed","template":"","meta":{"_kad_post_transparent":"","_kad_post_title":"","_kad_post_layout":"","_kad_post_sidebar_id":"","_kad_post_content_style":"","_kad_post_vertical_padding":"","_kad_post_feature":"","_kad_post_feature_position":"","_kad_post_header":false,"_kad_post_footer":false,"_kad_post_classname":""},"product_brand":[],"product_cat":[14991],"product_tag":[],"class_list":{"0":"post-115440","1":"product","2":"type-product","3":"status-publish","4":"has-post-thumbnail","6":"product_cat-mobil-oyun-aksesuar-mobil-oyun-aksesuar","8":"first","9":"instock","10":"purchasable","11":"product-type-simple","12":"entry","13":"content-bg","14":"loop-entry"},"_links":{"self":[{"href":"https:\/\/www.hediyepazar.com\/index.php?rest_route=\/wp\/v2\/product\/115440","targetHints":{"allow":["GET"]}}],"collection":[{"href":"https:\/\/www.hediyepazar.com\/index.php?rest_route=\/wp\/v2\/product"}],"about":[{"href":"https:\/\/www.hediyepazar.com\/index.php?rest_route=\/wp\/v2\/types\/product"}],"replies":[{"embeddable":true,"href":"https:\/\/www.hediyepazar.com\/index.php?rest_route=%2Fwp%2Fv2%2Fcomments&post=115440"}],"wp:featuredmedia":[{"embeddable":true,"href":"https:\/\/www.hediyepazar.com\/index.php?rest_route=\/wp\/v2\/media\/115439"}],"wp:attachment":[{"href":"https:\/\/www.hediyepazar.com\/index.php?rest_route=%2Fwp%2Fv2%2Fmedia&parent=115440"}],"wp:term":[{"taxonomy":"product_brand","embeddable":true,"href":"https:\/\/www.hediyepazar.com\/index.php?rest_route=%2Fwp%2Fv2%2Fproduct_brand&post=115440"},{"taxonomy":"product_cat","embeddable":true,"href":"https:\/\/www.hediyepazar.com\/index.php?rest_route=%2Fwp%2Fv2%2Fproduct_cat&post=115440"},{"taxonomy":"product_tag","embeddable":true,"href":"https:\/\/www.hediyepazar.com\/index.php?rest_route=%2Fwp%2Fv2%2Fproduct_tag&post=115440"}],"curies":[{"name":"wp","href":"https:\/\/api.w.org\/{rel}","templated":true}]}}