{"id":115458,"date":"2026-05-05T14:56:11","date_gmt":"2026-05-05T17:56:11","guid":{"rendered":"https:\/\/www.hediyepazar.com\/?product=hafif-ve-tasinabilir-retro-tasarim-kamp-lambasi"},"modified":"2026-05-05T14:56:11","modified_gmt":"2026-05-05T17:56:11","slug":"hafif-ve-tasinabilir-retro-tasarim-kamp-lambasi","status":"publish","type":"product","link":"https:\/\/www.hediyepazar.com\/?product=hafif-ve-tasinabilir-retro-tasarim-kamp-lambasi","title":{"rendered":"Hafif ve Ta\u015f\u0131nabilir Retro Tasar\u0131m Kamp Lambas\u0131"},"content":{"rendered":"<p>Dekoratif tasar\u0131m ile pratik kullan\u0131m\u0131 bulu\u015fturan bu \u00e7am kozala\u011f\u0131 \u015fekilli lamba, hem evde hem de kamp alanlar\u0131nda kullan\u0131labilecek \u00e7ok y\u00f6nl\u00fc bir \u00fcr\u00fcnd\u00fcr. Suya dayan\u0131kl\u0131 g\u00f6vdesi, ya\u011f\u0131\u015fl\u0131 havalarda dahi g\u00fcvenilir bir ayd\u0131nlatma sunar. Kompakt boyutu ve hafifli\u011fi sayesinde \u00e7antan\u0131za kolayca s\u0131\u011far. Kamp ate\u015fi yan\u0131nda ya da \u00e7ad\u0131r i\u00e7inde kullan\u0131ld\u0131\u011f\u0131nda huzurlu bir atmosfer yarat\u0131r.<\/p>\n","protected":false},"excerpt":{"rendered":"<p>Dekoratif tasar\u0131m ile pratik kullan\u0131m\u0131 bulu\u015fturan bu \u00e7am kozala\u011f\u0131 \u015fekilli lamba, hem evde hem de kamp alanlar\u0131nda kullan\u0131labilecek \u00e7ok y\u00f6nl\u00fc bir \u00fcr\u00fcnd\u00fcr. Suya dayan\u0131kl\u0131 g\u00f6vdesi, ya\u011f\u0131\u015fl\u0131 havalarda dahi g\u00fcvenilir bir ayd\u0131nlatma sunar. Kompakt boyutu ve hafifli\u011fi sayesinde \u00e7antan\u0131za kolayca s\u0131\u011far. Kamp ate\u015fi yan\u0131nda ya da \u00e7ad\u0131r i\u00e7inde kullan\u0131ld\u0131\u011f\u0131nda huzurlu bir atmosfer yarat\u0131r.<\/p>\n","protected":false},"featured_media":115457,"comment_status":"open","ping_status":"closed","template":"","meta":{"_kad_post_transparent":"","_kad_post_title":"","_kad_post_layout":"","_kad_post_sidebar_id":"","_kad_post_content_style":"","_kad_post_vertical_padding":"","_kad_post_feature":"","_kad_post_feature_position":"","_kad_post_header":false,"_kad_post_footer":false,"_kad_post_classname":""},"product_brand":[],"product_cat":[14946],"product_tag":[],"class_list":{"0":"post-115458","1":"product","2":"type-product","3":"status-publish","4":"has-post-thumbnail","6":"product_cat-bahce-aydinlatmasi-bahce-aydinlatmasi","8":"first","9":"instock","10":"purchasable","11":"product-type-simple","12":"entry","13":"content-bg","14":"loop-entry"},"_links":{"self":[{"href":"https:\/\/www.hediyepazar.com\/index.php?rest_route=\/wp\/v2\/product\/115458","targetHints":{"allow":["GET"]}}],"collection":[{"href":"https:\/\/www.hediyepazar.com\/index.php?rest_route=\/wp\/v2\/product"}],"about":[{"href":"https:\/\/www.hediyepazar.com\/index.php?rest_route=\/wp\/v2\/types\/product"}],"replies":[{"embeddable":true,"href":"https:\/\/www.hediyepazar.com\/index.php?rest_route=%2Fwp%2Fv2%2Fcomments&post=115458"}],"wp:featuredmedia":[{"embeddable":true,"href":"https:\/\/www.hediyepazar.com\/index.php?rest_route=\/wp\/v2\/media\/115457"}],"wp:attachment":[{"href":"https:\/\/www.hediyepazar.com\/index.php?rest_route=%2Fwp%2Fv2%2Fmedia&parent=115458"}],"wp:term":[{"taxonomy":"product_brand","embeddable":true,"href":"https:\/\/www.hediyepazar.com\/index.php?rest_route=%2Fwp%2Fv2%2Fproduct_brand&post=115458"},{"taxonomy":"product_cat","embeddable":true,"href":"https:\/\/www.hediyepazar.com\/index.php?rest_route=%2Fwp%2Fv2%2Fproduct_cat&post=115458"},{"taxonomy":"product_tag","embeddable":true,"href":"https:\/\/www.hediyepazar.com\/index.php?rest_route=%2Fwp%2Fv2%2Fproduct_tag&post=115458"}],"curies":[{"name":"wp","href":"https:\/\/api.w.org\/{rel}","templated":true}]}}