{"id":115460,"date":"2026-05-05T14:56:15","date_gmt":"2026-05-05T17:56:15","guid":{"rendered":"https:\/\/www.hediyepazar.com\/?product=uzun-omurlu-bataryali-outdoor-led-gece-lambasi"},"modified":"2026-05-05T14:56:15","modified_gmt":"2026-05-05T17:56:15","slug":"uzun-omurlu-bataryali-outdoor-led-gece-lambasi","status":"publish","type":"product","link":"https:\/\/www.hediyepazar.com\/?product=uzun-omurlu-bataryali-outdoor-led-gece-lambasi","title":{"rendered":"Uzun \u00d6m\u00fcrl\u00fc Bataryal\u0131 Outdoor LED Gece Lambas\u0131"},"content":{"rendered":"<p>Outdoor aktivitelerinde estetik ve i\u015flevselli\u011fi bir arada arayanlar i\u00e7in geli\u015ftirilen bu kamp lambas\u0131, retro tarz\u0131 ile fark yarat\u0131r. Gece lambas\u0131 fonksiyonu, \u00e7ad\u0131r i\u00e7inde rahat bir ortam olu\u015ftururken hafif g\u00f6vdesi sayesinde ta\u015f\u0131mas\u0131 olduk\u00e7a kolayd\u0131r. B\u00fcy\u00fck bataryas\u0131 sayesinde uzun s\u00fcreli \u0131\u015f\u0131k kayna\u011f\u0131 olarak kullan\u0131labilir. A\u00e7\u0131k hava etkinlikleri, piknikler ve tatiller i\u00e7in vazge\u00e7ilmez bir yard\u0131mc\u0131d\u0131r.<\/p>\n","protected":false},"excerpt":{"rendered":"<p>Outdoor aktivitelerinde estetik ve i\u015flevselli\u011fi bir arada arayanlar i\u00e7in geli\u015ftirilen bu kamp lambas\u0131, retro tarz\u0131 ile fark yarat\u0131r. Gece lambas\u0131 fonksiyonu, \u00e7ad\u0131r i\u00e7inde rahat bir ortam olu\u015ftururken hafif g\u00f6vdesi sayesinde ta\u015f\u0131mas\u0131 olduk\u00e7a kolayd\u0131r. B\u00fcy\u00fck bataryas\u0131 sayesinde uzun s\u00fcreli \u0131\u015f\u0131k kayna\u011f\u0131 olarak kullan\u0131labilir. A\u00e7\u0131k hava etkinlikleri, piknikler ve tatiller i\u00e7in vazge\u00e7ilmez bir yard\u0131mc\u0131d\u0131r.<\/p>\n","protected":false},"featured_media":115459,"comment_status":"open","ping_status":"closed","template":"","meta":{"_kad_post_transparent":"","_kad_post_title":"","_kad_post_layout":"","_kad_post_sidebar_id":"","_kad_post_content_style":"","_kad_post_vertical_padding":"","_kad_post_feature":"","_kad_post_feature_position":"","_kad_post_header":false,"_kad_post_footer":false,"_kad_post_classname":""},"product_brand":[],"product_cat":[14946],"product_tag":[],"class_list":{"0":"post-115460","1":"product","2":"type-product","3":"status-publish","4":"has-post-thumbnail","6":"product_cat-bahce-aydinlatmasi-bahce-aydinlatmasi","8":"first","9":"instock","10":"purchasable","11":"product-type-simple","12":"entry","13":"content-bg","14":"loop-entry"},"_links":{"self":[{"href":"https:\/\/www.hediyepazar.com\/index.php?rest_route=\/wp\/v2\/product\/115460","targetHints":{"allow":["GET"]}}],"collection":[{"href":"https:\/\/www.hediyepazar.com\/index.php?rest_route=\/wp\/v2\/product"}],"about":[{"href":"https:\/\/www.hediyepazar.com\/index.php?rest_route=\/wp\/v2\/types\/product"}],"replies":[{"embeddable":true,"href":"https:\/\/www.hediyepazar.com\/index.php?rest_route=%2Fwp%2Fv2%2Fcomments&post=115460"}],"wp:featuredmedia":[{"embeddable":true,"href":"https:\/\/www.hediyepazar.com\/index.php?rest_route=\/wp\/v2\/media\/115459"}],"wp:attachment":[{"href":"https:\/\/www.hediyepazar.com\/index.php?rest_route=%2Fwp%2Fv2%2Fmedia&parent=115460"}],"wp:term":[{"taxonomy":"product_brand","embeddable":true,"href":"https:\/\/www.hediyepazar.com\/index.php?rest_route=%2Fwp%2Fv2%2Fproduct_brand&post=115460"},{"taxonomy":"product_cat","embeddable":true,"href":"https:\/\/www.hediyepazar.com\/index.php?rest_route=%2Fwp%2Fv2%2Fproduct_cat&post=115460"},{"taxonomy":"product_tag","embeddable":true,"href":"https:\/\/www.hediyepazar.com\/index.php?rest_route=%2Fwp%2Fv2%2Fproduct_tag&post=115460"}],"curies":[{"name":"wp","href":"https:\/\/api.w.org\/{rel}","templated":true}]}}