{"id":115474,"date":"2026-05-05T14:59:08","date_gmt":"2026-05-05T17:59:08","guid":{"rendered":"https:\/\/www.hediyepazar.com\/?product=dayanikli-4u-1-arada-cok-fonksiyonlu-hizli-sarj-veri-kablosu"},"modified":"2026-05-05T14:59:08","modified_gmt":"2026-05-05T17:59:08","slug":"dayanikli-4u-1-arada-cok-fonksiyonlu-hizli-sarj-veri-kablosu","status":"publish","type":"product","link":"https:\/\/www.hediyepazar.com\/?product=dayanikli-4u-1-arada-cok-fonksiyonlu-hizli-sarj-veri-kablosu","title":{"rendered":"Dayan\u0131kl\u0131 4\u2019\u00fc 1 Arada \u00c7ok Fonksiyonlu H\u0131zl\u0131 \u015earj Veri Kablosu"},"content":{"rendered":"<p>Tek bir kablo ile t\u00fcm cihazlar\u0131n\u0131za \u00e7\u00f6z\u00fcm sunan bu \u00e7ok fonksiyonlu \u015farj kablosu, 65W h\u0131zl\u0131 \u015farj deste\u011fiyle modern ya\u015fam\u0131n h\u0131z\u0131na uyum sa\u011flar. USB-C ve USB-A \u00e7\u0131k\u0131\u015flar\u0131, cihaz fark etmeksizin tam uyumlu \u00e7al\u0131\u015f\u0131r. Ayn\u0131 anda birden fazla cihaz\u0131 \u015farj edebilme kapasitesi, \u00f6zellikle yo\u011fun kullan\u0131m anlar\u0131nda b\u00fcy\u00fck kolayl\u0131k sa\u011flar. \u00d6rg\u00fcl\u00fc tasar\u0131m\u0131 ve dayan\u0131kl\u0131 malzemeleri sayesinde uzun \u00f6m\u00fcrl\u00fc kullan\u0131m sunar. G\u00fcnl\u00fck hayatta kablo karma\u015fas\u0131n\u0131 ortadan kald\u0131rmak i\u00e7in ideal olan bu kablo, seyahatlerde de b\u00fcy\u00fck bir yard\u0131mc\u0131d\u0131r. Metal u\u00e7lar, cihaz\u0131n\u0131za sa\u011flam temas sa\u011flar ve g\u00fcvenli \u015farj imk\u00e2n\u0131 sunar. Y\u00fcksek h\u0131zl\u0131 veri transferi \u00f6zelli\u011fi sayesinde, belgelerinizi ve medya dosyalar\u0131n\u0131z\u0131 saniyeler i\u00e7inde aktarma \u015fans\u0131 verir.<\/p>\n","protected":false},"excerpt":{"rendered":"<p>Tek bir kablo ile t\u00fcm cihazlar\u0131n\u0131za \u00e7\u00f6z\u00fcm sunan bu \u00e7ok fonksiyonlu \u015farj kablosu, 65W h\u0131zl\u0131 \u015farj deste\u011fiyle modern ya\u015fam\u0131n h\u0131z\u0131na uyum sa\u011flar. USB-C ve USB-A \u00e7\u0131k\u0131\u015flar\u0131, cihaz fark etmeksizin tam uyumlu \u00e7al\u0131\u015f\u0131r. Ayn\u0131 anda birden fazla cihaz\u0131 \u015farj edebilme kapasitesi, \u00f6zellikle yo\u011fun kullan\u0131m anlar\u0131nda b\u00fcy\u00fck kolayl\u0131k sa\u011flar. \u00d6rg\u00fcl\u00fc tasar\u0131m\u0131 ve dayan\u0131kl\u0131 malzemeleri sayesinde uzun \u00f6m\u00fcrl\u00fc&#8230;<\/p>\n","protected":false},"featured_media":115473,"comment_status":"open","ping_status":"closed","template":"","meta":{"_kad_post_transparent":"","_kad_post_title":"","_kad_post_layout":"","_kad_post_sidebar_id":"","_kad_post_content_style":"","_kad_post_vertical_padding":"","_kad_post_feature":"","_kad_post_feature_position":"","_kad_post_header":false,"_kad_post_footer":false,"_kad_post_classname":""},"product_brand":[],"product_cat":[14975],"product_tag":[],"class_list":{"0":"post-115474","1":"product","2":"type-product","3":"status-publish","4":"has-post-thumbnail","6":"product_cat-sarj-aletleri-sarj-aletleri","8":"first","9":"instock","10":"purchasable","11":"product-type-simple","12":"entry","13":"content-bg","14":"loop-entry"},"_links":{"self":[{"href":"https:\/\/www.hediyepazar.com\/index.php?rest_route=\/wp\/v2\/product\/115474","targetHints":{"allow":["GET"]}}],"collection":[{"href":"https:\/\/www.hediyepazar.com\/index.php?rest_route=\/wp\/v2\/product"}],"about":[{"href":"https:\/\/www.hediyepazar.com\/index.php?rest_route=\/wp\/v2\/types\/product"}],"replies":[{"embeddable":true,"href":"https:\/\/www.hediyepazar.com\/index.php?rest_route=%2Fwp%2Fv2%2Fcomments&post=115474"}],"wp:featuredmedia":[{"embeddable":true,"href":"https:\/\/www.hediyepazar.com\/index.php?rest_route=\/wp\/v2\/media\/115473"}],"wp:attachment":[{"href":"https:\/\/www.hediyepazar.com\/index.php?rest_route=%2Fwp%2Fv2%2Fmedia&parent=115474"}],"wp:term":[{"taxonomy":"product_brand","embeddable":true,"href":"https:\/\/www.hediyepazar.com\/index.php?rest_route=%2Fwp%2Fv2%2Fproduct_brand&post=115474"},{"taxonomy":"product_cat","embeddable":true,"href":"https:\/\/www.hediyepazar.com\/index.php?rest_route=%2Fwp%2Fv2%2Fproduct_cat&post=115474"},{"taxonomy":"product_tag","embeddable":true,"href":"https:\/\/www.hediyepazar.com\/index.php?rest_route=%2Fwp%2Fv2%2Fproduct_tag&post=115474"}],"curies":[{"name":"wp","href":"https:\/\/api.w.org\/{rel}","templated":true}]}}