{"id":115508,"date":"2026-05-05T15:02:59","date_gmt":"2026-05-05T18:02:59","guid":{"rendered":"https:\/\/www.hediyepazar.com\/?product=guclu-manyetik-arac-telefon-tutucu-evrensel-uyumluluk"},"modified":"2026-05-05T15:02:59","modified_gmt":"2026-05-05T18:02:59","slug":"guclu-manyetik-arac-telefon-tutucu-evrensel-uyumluluk","status":"publish","type":"product","link":"https:\/\/www.hediyepazar.com\/?product=guclu-manyetik-arac-telefon-tutucu-evrensel-uyumluluk","title":{"rendered":"G\u00fc\u00e7l\u00fc Manyetik Ara\u00e7 Telefon Tutucu Evrensel Uyumluluk"},"content":{"rendered":"<p>Geli\u015fmi\u015f vakum emme sistemi, tutucunun arac\u0131n\u0131z\u0131n cam\u0131na, \u00f6n paneline veya d\u00fcz y\u00fczeylerine g\u00fc\u00e7l\u00fc \u015fekilde tutunmas\u0131n\u0131 sa\u011flar. Uzun s\u00fcreli kullan\u0131mda bile kayma yapmaz, \u00e7\u0131kar\u0131p takmas\u0131 kolayd\u0131r ve y\u00fczeylere zarar vermez. Silikon pedler sayesinde hem telefonunuza hem de arac\u0131n\u0131za tam koruma sunar.<\/p>\n","protected":false},"excerpt":{"rendered":"<p>Geli\u015fmi\u015f vakum emme sistemi, tutucunun arac\u0131n\u0131z\u0131n cam\u0131na, \u00f6n paneline veya d\u00fcz y\u00fczeylerine g\u00fc\u00e7l\u00fc \u015fekilde tutunmas\u0131n\u0131 sa\u011flar. Uzun s\u00fcreli kullan\u0131mda bile kayma yapmaz, \u00e7\u0131kar\u0131p takmas\u0131 kolayd\u0131r ve y\u00fczeylere zarar vermez. Silikon pedler sayesinde hem telefonunuza hem de arac\u0131n\u0131za tam koruma sunar.<\/p>\n","protected":false},"featured_media":115507,"comment_status":"open","ping_status":"closed","template":"","meta":{"_kad_post_transparent":"","_kad_post_title":"","_kad_post_layout":"","_kad_post_sidebar_id":"","_kad_post_content_style":"","_kad_post_vertical_padding":"","_kad_post_feature":"","_kad_post_feature_position":"","_kad_post_header":false,"_kad_post_footer":false,"_kad_post_classname":""},"product_brand":[],"product_cat":[14983],"product_tag":[],"class_list":{"0":"post-115508","1":"product","2":"type-product","3":"status-publish","4":"has-post-thumbnail","6":"product_cat-telefon-tutucu-telefon-tutucu","8":"first","9":"instock","10":"purchasable","11":"product-type-simple","12":"entry","13":"content-bg","14":"loop-entry"},"_links":{"self":[{"href":"https:\/\/www.hediyepazar.com\/index.php?rest_route=\/wp\/v2\/product\/115508","targetHints":{"allow":["GET"]}}],"collection":[{"href":"https:\/\/www.hediyepazar.com\/index.php?rest_route=\/wp\/v2\/product"}],"about":[{"href":"https:\/\/www.hediyepazar.com\/index.php?rest_route=\/wp\/v2\/types\/product"}],"replies":[{"embeddable":true,"href":"https:\/\/www.hediyepazar.com\/index.php?rest_route=%2Fwp%2Fv2%2Fcomments&post=115508"}],"wp:featuredmedia":[{"embeddable":true,"href":"https:\/\/www.hediyepazar.com\/index.php?rest_route=\/wp\/v2\/media\/115507"}],"wp:attachment":[{"href":"https:\/\/www.hediyepazar.com\/index.php?rest_route=%2Fwp%2Fv2%2Fmedia&parent=115508"}],"wp:term":[{"taxonomy":"product_brand","embeddable":true,"href":"https:\/\/www.hediyepazar.com\/index.php?rest_route=%2Fwp%2Fv2%2Fproduct_brand&post=115508"},{"taxonomy":"product_cat","embeddable":true,"href":"https:\/\/www.hediyepazar.com\/index.php?rest_route=%2Fwp%2Fv2%2Fproduct_cat&post=115508"},{"taxonomy":"product_tag","embeddable":true,"href":"https:\/\/www.hediyepazar.com\/index.php?rest_route=%2Fwp%2Fv2%2Fproduct_tag&post=115508"}],"curies":[{"name":"wp","href":"https:\/\/api.w.org\/{rel}","templated":true}]}}