{"id":115524,"date":"2026-05-05T15:04:08","date_gmt":"2026-05-05T18:04:08","guid":{"rendered":"https:\/\/www.hediyepazar.com\/?product=mini-kamera-1080p-full-hd-tasinabilir-guvenlik-ve-kayit-cihazi"},"modified":"2026-05-05T15:04:08","modified_gmt":"2026-05-05T18:04:08","slug":"mini-kamera-1080p-full-hd-tasinabilir-guvenlik-ve-kayit-cihazi","status":"publish","type":"product","link":"https:\/\/www.hediyepazar.com\/?product=mini-kamera-1080p-full-hd-tasinabilir-guvenlik-ve-kayit-cihazi","title":{"rendered":"Mini Kamera 1080P Full HD Ta\u015f\u0131nabilir G\u00fcvenlik ve Kay\u0131t Cihaz\u0131"},"content":{"rendered":"<p>Bu mini kamera, hem g\u00fcnl\u00fck kullan\u0131m hem de g\u00fcvenlik ama\u00e7l\u0131 kullan\u0131mlar i\u00e7in geli\u015ftirilmi\u015ftir. K\u00fc\u00e7\u00fck boyutuna ra\u011fmen 1080P netli\u011finde video kayd\u0131 yapabilir, TF kart deste\u011fiyle geni\u015f depolama kapasitesi sa\u011flar. Sa\u011flam ve ergonomik yap\u0131s\u0131, uzun s\u00fcreli kullan\u0131mlar i\u00e7in idealdir.<\/p>\n","protected":false},"excerpt":{"rendered":"<p>Bu mini kamera, hem g\u00fcnl\u00fck kullan\u0131m hem de g\u00fcvenlik ama\u00e7l\u0131 kullan\u0131mlar i\u00e7in geli\u015ftirilmi\u015ftir. K\u00fc\u00e7\u00fck boyutuna ra\u011fmen 1080P netli\u011finde video kayd\u0131 yapabilir, TF kart deste\u011fiyle geni\u015f depolama kapasitesi sa\u011flar. Sa\u011flam ve ergonomik yap\u0131s\u0131, uzun s\u00fcreli kullan\u0131mlar i\u00e7in idealdir.<\/p>\n","protected":false},"featured_media":115523,"comment_status":"open","ping_status":"closed","template":"","meta":{"_kad_post_transparent":"","_kad_post_title":"","_kad_post_layout":"","_kad_post_sidebar_id":"","_kad_post_content_style":"","_kad_post_vertical_padding":"","_kad_post_feature":"","_kad_post_feature_position":"","_kad_post_header":false,"_kad_post_footer":false,"_kad_post_classname":""},"product_brand":[],"product_cat":[14927],"product_tag":[],"class_list":{"0":"post-115524","1":"product","2":"type-product","3":"status-publish","4":"has-post-thumbnail","6":"product_cat-akilli-kamera-akilli-kamera","8":"first","9":"instock","10":"purchasable","11":"product-type-simple","12":"entry","13":"content-bg","14":"loop-entry"},"_links":{"self":[{"href":"https:\/\/www.hediyepazar.com\/index.php?rest_route=\/wp\/v2\/product\/115524","targetHints":{"allow":["GET"]}}],"collection":[{"href":"https:\/\/www.hediyepazar.com\/index.php?rest_route=\/wp\/v2\/product"}],"about":[{"href":"https:\/\/www.hediyepazar.com\/index.php?rest_route=\/wp\/v2\/types\/product"}],"replies":[{"embeddable":true,"href":"https:\/\/www.hediyepazar.com\/index.php?rest_route=%2Fwp%2Fv2%2Fcomments&post=115524"}],"wp:featuredmedia":[{"embeddable":true,"href":"https:\/\/www.hediyepazar.com\/index.php?rest_route=\/wp\/v2\/media\/115523"}],"wp:attachment":[{"href":"https:\/\/www.hediyepazar.com\/index.php?rest_route=%2Fwp%2Fv2%2Fmedia&parent=115524"}],"wp:term":[{"taxonomy":"product_brand","embeddable":true,"href":"https:\/\/www.hediyepazar.com\/index.php?rest_route=%2Fwp%2Fv2%2Fproduct_brand&post=115524"},{"taxonomy":"product_cat","embeddable":true,"href":"https:\/\/www.hediyepazar.com\/index.php?rest_route=%2Fwp%2Fv2%2Fproduct_cat&post=115524"},{"taxonomy":"product_tag","embeddable":true,"href":"https:\/\/www.hediyepazar.com\/index.php?rest_route=%2Fwp%2Fv2%2Fproduct_tag&post=115524"}],"curies":[{"name":"wp","href":"https:\/\/api.w.org\/{rel}","templated":true}]}}