{"id":115548,"date":"2026-05-05T15:06:45","date_gmt":"2026-05-05T18:06:45","guid":{"rendered":"https:\/\/www.hediyepazar.com\/?product=led-disko-topu-sahne-parti-aydinlatma"},"modified":"2026-05-05T15:06:45","modified_gmt":"2026-05-05T18:06:45","slug":"led-disko-topu-sahne-parti-aydinlatma","status":"publish","type":"product","link":"https:\/\/www.hediyepazar.com\/?product=led-disko-topu-sahne-parti-aydinlatma","title":{"rendered":"LED Disko Topu Sahne Parti Ayd\u0131nlatma"},"content":{"rendered":"<p>Kompakt ve ta\u015f\u0131nabilir yap\u0131s\u0131 sayesinde istedi\u011finiz her yere g\u00f6t\u00fcrebilece\u011finiz RGB disko k\u00fcresi, e\u011flencelerinizin vazge\u00e7ilmezi olacak. 7 farkl\u0131 \u0131\u015f\u0131k modu ve 3 renkli efektleriyle her ortamda b\u00fcy\u00fcleyici bir g\u00f6rsel deneyim ya\u015fat\u0131r. \u0130ster evde ister d\u0131\u015f mek\u00e2nda kullan\u0131n, \u0131\u015f\u0131k g\u00f6sterileri ile unutulmaz bir atmosfer olu\u015fturun.<\/p>\n","protected":false},"excerpt":{"rendered":"<p>Kompakt ve ta\u015f\u0131nabilir yap\u0131s\u0131 sayesinde istedi\u011finiz her yere g\u00f6t\u00fcrebilece\u011finiz RGB disko k\u00fcresi, e\u011flencelerinizin vazge\u00e7ilmezi olacak. 7 farkl\u0131 \u0131\u015f\u0131k modu ve 3 renkli efektleriyle her ortamda b\u00fcy\u00fcleyici bir g\u00f6rsel deneyim ya\u015fat\u0131r. \u0130ster evde ister d\u0131\u015f mek\u00e2nda kullan\u0131n, \u0131\u015f\u0131k g\u00f6sterileri ile unutulmaz bir atmosfer olu\u015fturun.<\/p>\n","protected":false},"featured_media":115547,"comment_status":"open","ping_status":"closed","template":"","meta":{"_kad_post_transparent":"","_kad_post_title":"","_kad_post_layout":"","_kad_post_sidebar_id":"","_kad_post_content_style":"","_kad_post_vertical_padding":"","_kad_post_feature":"","_kad_post_feature_position":"","_kad_post_header":false,"_kad_post_footer":false,"_kad_post_classname":""},"product_brand":[],"product_cat":[14967],"product_tag":[],"class_list":{"0":"post-115548","1":"product","2":"type-product","3":"status-publish","4":"has-post-thumbnail","6":"product_cat-gece-lambasi-gece-lambasi","8":"first","9":"instock","10":"purchasable","11":"product-type-simple","12":"entry","13":"content-bg","14":"loop-entry"},"_links":{"self":[{"href":"https:\/\/www.hediyepazar.com\/index.php?rest_route=\/wp\/v2\/product\/115548","targetHints":{"allow":["GET"]}}],"collection":[{"href":"https:\/\/www.hediyepazar.com\/index.php?rest_route=\/wp\/v2\/product"}],"about":[{"href":"https:\/\/www.hediyepazar.com\/index.php?rest_route=\/wp\/v2\/types\/product"}],"replies":[{"embeddable":true,"href":"https:\/\/www.hediyepazar.com\/index.php?rest_route=%2Fwp%2Fv2%2Fcomments&post=115548"}],"wp:featuredmedia":[{"embeddable":true,"href":"https:\/\/www.hediyepazar.com\/index.php?rest_route=\/wp\/v2\/media\/115547"}],"wp:attachment":[{"href":"https:\/\/www.hediyepazar.com\/index.php?rest_route=%2Fwp%2Fv2%2Fmedia&parent=115548"}],"wp:term":[{"taxonomy":"product_brand","embeddable":true,"href":"https:\/\/www.hediyepazar.com\/index.php?rest_route=%2Fwp%2Fv2%2Fproduct_brand&post=115548"},{"taxonomy":"product_cat","embeddable":true,"href":"https:\/\/www.hediyepazar.com\/index.php?rest_route=%2Fwp%2Fv2%2Fproduct_cat&post=115548"},{"taxonomy":"product_tag","embeddable":true,"href":"https:\/\/www.hediyepazar.com\/index.php?rest_route=%2Fwp%2Fv2%2Fproduct_tag&post=115548"}],"curies":[{"name":"wp","href":"https:\/\/api.w.org\/{rel}","templated":true}]}}