{"id":115580,"date":"2026-05-05T15:09:18","date_gmt":"2026-05-05T18:09:18","guid":{"rendered":"https:\/\/www.hediyepazar.com\/?product=kablosuz-bluetooth-5-0-hoparlor-kompakt-ve-guclu-ses"},"modified":"2026-05-05T15:09:18","modified_gmt":"2026-05-05T18:09:18","slug":"kablosuz-bluetooth-5-0-hoparlor-kompakt-ve-guclu-ses","status":"publish","type":"product","link":"https:\/\/www.hediyepazar.com\/?product=kablosuz-bluetooth-5-0-hoparlor-kompakt-ve-guclu-ses","title":{"rendered":"Kablosuz Bluetooth 5.0 Hoparl\u00f6r | Kompakt ve G\u00fc\u00e7l\u00fc Ses"},"content":{"rendered":"<p>K\u00fc\u00e7\u00fck ama g\u00fc\u00e7l\u00fc! Bu mini Bluetooth hoparl\u00f6r, 9 metreye kadar ba\u011flant\u0131 mesafesi ile kesintisiz kullan\u0131m sa\u011flar. Kompakt boyutu sayesinde cebinizde veya \u00e7antan\u0131zda kolayca ta\u015f\u0131yabilirsiniz. Dahili mikrofon \u00f6zelli\u011fi, telefon g\u00f6r\u00fc\u015fmelerini hoparl\u00f6r \u00fczerinden yapman\u0131z\u0131 sa\u011flar. \u015earj edilebilir pili tek \u015farjda 2-3 saat kesintisiz kullan\u0131m sunarken, yan\u0131nda gelen \u015farj kablosu ile her an kolayca \u015farj edebilirsiniz. D\u0131\u015f mekanlarda veya ev i\u00e7inde her an yan\u0131n\u0131zda olacak ideal bir m\u00fczik arkada\u015f\u0131d\u0131r.<\/p>\n","protected":false},"excerpt":{"rendered":"<p>K\u00fc\u00e7\u00fck ama g\u00fc\u00e7l\u00fc! Bu mini Bluetooth hoparl\u00f6r, 9 metreye kadar ba\u011flant\u0131 mesafesi ile kesintisiz kullan\u0131m sa\u011flar. Kompakt boyutu sayesinde cebinizde veya \u00e7antan\u0131zda kolayca ta\u015f\u0131yabilirsiniz. Dahili mikrofon \u00f6zelli\u011fi, telefon g\u00f6r\u00fc\u015fmelerini hoparl\u00f6r \u00fczerinden yapman\u0131z\u0131 sa\u011flar. \u015earj edilebilir pili tek \u015farjda 2-3 saat kesintisiz kullan\u0131m sunarken, yan\u0131nda gelen \u015farj kablosu ile her an kolayca \u015farj edebilirsiniz. D\u0131\u015f mekanlarda&#8230;<\/p>\n","protected":false},"featured_media":115579,"comment_status":"open","ping_status":"closed","template":"","meta":{"_kad_post_transparent":"","_kad_post_title":"","_kad_post_layout":"","_kad_post_sidebar_id":"","_kad_post_content_style":"","_kad_post_vertical_padding":"","_kad_post_feature":"","_kad_post_feature_position":"","_kad_post_header":false,"_kad_post_footer":false,"_kad_post_classname":""},"product_brand":[],"product_cat":[14911],"product_tag":[],"class_list":{"0":"post-115580","1":"product","2":"type-product","3":"status-publish","4":"has-post-thumbnail","6":"product_cat-kablosuz-hoparlor-kablosuz-hoparlor","8":"first","9":"instock","10":"purchasable","11":"product-type-simple","12":"entry","13":"content-bg","14":"loop-entry"},"_links":{"self":[{"href":"https:\/\/www.hediyepazar.com\/index.php?rest_route=\/wp\/v2\/product\/115580","targetHints":{"allow":["GET"]}}],"collection":[{"href":"https:\/\/www.hediyepazar.com\/index.php?rest_route=\/wp\/v2\/product"}],"about":[{"href":"https:\/\/www.hediyepazar.com\/index.php?rest_route=\/wp\/v2\/types\/product"}],"replies":[{"embeddable":true,"href":"https:\/\/www.hediyepazar.com\/index.php?rest_route=%2Fwp%2Fv2%2Fcomments&post=115580"}],"wp:featuredmedia":[{"embeddable":true,"href":"https:\/\/www.hediyepazar.com\/index.php?rest_route=\/wp\/v2\/media\/115579"}],"wp:attachment":[{"href":"https:\/\/www.hediyepazar.com\/index.php?rest_route=%2Fwp%2Fv2%2Fmedia&parent=115580"}],"wp:term":[{"taxonomy":"product_brand","embeddable":true,"href":"https:\/\/www.hediyepazar.com\/index.php?rest_route=%2Fwp%2Fv2%2Fproduct_brand&post=115580"},{"taxonomy":"product_cat","embeddable":true,"href":"https:\/\/www.hediyepazar.com\/index.php?rest_route=%2Fwp%2Fv2%2Fproduct_cat&post=115580"},{"taxonomy":"product_tag","embeddable":true,"href":"https:\/\/www.hediyepazar.com\/index.php?rest_route=%2Fwp%2Fv2%2Fproduct_tag&post=115580"}],"curies":[{"name":"wp","href":"https:\/\/api.w.org\/{rel}","templated":true}]}}