{"id":115757,"date":"2026-05-05T15:28:11","date_gmt":"2026-05-05T18:28:11","guid":{"rendered":"https:\/\/www.hediyepazar.com\/?product=g-sensor-park-modu-ve-dongusel-kayit-destekli-arac-dvr"},"modified":"2026-05-05T15:28:11","modified_gmt":"2026-05-05T18:28:11","slug":"g-sensor-park-modu-ve-dongusel-kayit-destekli-arac-dvr","status":"publish","type":"product","link":"https:\/\/www.hediyepazar.com\/?product=g-sensor-park-modu-ve-dongusel-kayit-destekli-arac-dvr","title":{"rendered":"G-Sens\u00f6r Park Modu ve D\u00f6ng\u00fcsel Kay\u0131t Destekli Ara\u00e7 DVR"},"content":{"rendered":"<p>Ara\u00e7 g\u00fcvenli\u011fini en \u00fcst seviyeye \u00e7\u0131karan bu ara\u00e7 kameras\u0131, geli\u015fmi\u015f \u00f6zellikleri ile s\u00fcr\u00fc\u015f deneyiminizi g\u00fcvence alt\u0131na al\u0131r. G-sens\u00f6r fonksiyonu, ani \u00e7arp\u0131\u015fmalar\u0131 alg\u0131layarak videolar\u0131 otomatik olarak kilitler ve \u00fczerine yaz\u0131lmas\u0131n\u0131 engeller. D\u00f6ng\u00fcsel kay\u0131t \u00f6zelli\u011fi sayesinde haf\u0131za kart\u0131n\u0131z dolsa bile kay\u0131tlar otomatik yenilenir. Park modu, arac\u0131n\u0131z dura\u011fan haldeyken d\u0131\u015far\u0131dan gelen darbelere kar\u015f\u0131 sens\u00f6rleri harekete ge\u00e7irir ve otomatik kay\u0131t ba\u015flat\u0131r. 1080P Full HD \u00e7\u00f6z\u00fcn\u00fcrl\u00fck, HDR gece g\u00f6r\u00fc\u015f deste\u011fi ve 170\u00b0 geni\u015f a\u00e7\u0131 \u00f6zelli\u011fi ile t\u00fcm yolculuklar\u0131n\u0131z g\u00fcvenle kay\u0131t alt\u0131na al\u0131n\u0131r. Arka kamera deste\u011fi sayesinde geri viteste tam ekran g\u00f6r\u00fcnt\u00fc alarak park kolayl\u0131\u011f\u0131 sa\u011flar. 4.0\u201d IPS ekran, kaydedilen g\u00f6r\u00fcnt\u00fcleri net \u015fekilde izleme imk\u00e2n\u0131 tan\u0131r. F2.0 geni\u015f diyafram, y\u00fcksek \u0131\u015f\u0131k ge\u00e7irgenli\u011fi ile karanl\u0131k ortamlarda bile net g\u00f6r\u00fcnt\u00fcler sunar. Dayan\u0131kl\u0131 ABS malzemeden \u00fcretilmi\u015f olan g\u00f6vdesi, uzun \u00f6m\u00fcrl\u00fc kullan\u0131m sa\u011flar.<\/p>\n","protected":false},"excerpt":{"rendered":"<p>Ara\u00e7 g\u00fcvenli\u011fini en \u00fcst seviyeye \u00e7\u0131karan bu ara\u00e7 kameras\u0131, geli\u015fmi\u015f \u00f6zellikleri ile s\u00fcr\u00fc\u015f deneyiminizi g\u00fcvence alt\u0131na al\u0131r. G-sens\u00f6r fonksiyonu, ani \u00e7arp\u0131\u015fmalar\u0131 alg\u0131layarak videolar\u0131 otomatik olarak kilitler ve \u00fczerine yaz\u0131lmas\u0131n\u0131 engeller. D\u00f6ng\u00fcsel kay\u0131t \u00f6zelli\u011fi sayesinde haf\u0131za kart\u0131n\u0131z dolsa bile kay\u0131tlar otomatik yenilenir. Park modu, arac\u0131n\u0131z dura\u011fan haldeyken d\u0131\u015far\u0131dan gelen darbelere kar\u015f\u0131 sens\u00f6rleri harekete ge\u00e7irir ve otomatik&#8230;<\/p>\n","protected":false},"featured_media":115756,"comment_status":"open","ping_status":"closed","template":"","meta":{"_kad_post_transparent":"","_kad_post_title":"","_kad_post_layout":"","_kad_post_sidebar_id":"","_kad_post_content_style":"","_kad_post_vertical_padding":"","_kad_post_feature":"","_kad_post_feature_position":"","_kad_post_header":false,"_kad_post_footer":false,"_kad_post_classname":""},"product_brand":[],"product_cat":[15062],"product_tag":[],"class_list":{"0":"post-115757","1":"product","2":"type-product","3":"status-publish","4":"has-post-thumbnail","6":"product_cat-arac-ici-kamera-arac-ici-kamera","8":"first","9":"instock","10":"purchasable","11":"product-type-simple","12":"entry","13":"content-bg","14":"loop-entry"},"_links":{"self":[{"href":"https:\/\/www.hediyepazar.com\/index.php?rest_route=\/wp\/v2\/product\/115757","targetHints":{"allow":["GET"]}}],"collection":[{"href":"https:\/\/www.hediyepazar.com\/index.php?rest_route=\/wp\/v2\/product"}],"about":[{"href":"https:\/\/www.hediyepazar.com\/index.php?rest_route=\/wp\/v2\/types\/product"}],"replies":[{"embeddable":true,"href":"https:\/\/www.hediyepazar.com\/index.php?rest_route=%2Fwp%2Fv2%2Fcomments&post=115757"}],"wp:featuredmedia":[{"embeddable":true,"href":"https:\/\/www.hediyepazar.com\/index.php?rest_route=\/wp\/v2\/media\/115756"}],"wp:attachment":[{"href":"https:\/\/www.hediyepazar.com\/index.php?rest_route=%2Fwp%2Fv2%2Fmedia&parent=115757"}],"wp:term":[{"taxonomy":"product_brand","embeddable":true,"href":"https:\/\/www.hediyepazar.com\/index.php?rest_route=%2Fwp%2Fv2%2Fproduct_brand&post=115757"},{"taxonomy":"product_cat","embeddable":true,"href":"https:\/\/www.hediyepazar.com\/index.php?rest_route=%2Fwp%2Fv2%2Fproduct_cat&post=115757"},{"taxonomy":"product_tag","embeddable":true,"href":"https:\/\/www.hediyepazar.com\/index.php?rest_route=%2Fwp%2Fv2%2Fproduct_tag&post=115757"}],"curies":[{"name":"wp","href":"https:\/\/api.w.org\/{rel}","templated":true}]}}