{"id":115781,"date":"2026-05-05T15:30:23","date_gmt":"2026-05-05T18:30:23","guid":{"rendered":"https:\/\/www.hediyepazar.com\/?product=cok-fonksiyonlu-sarjli-basincli-yikama-tabancasi-ev-arac-bahce"},"modified":"2026-05-05T15:30:23","modified_gmt":"2026-05-05T18:30:23","slug":"cok-fonksiyonlu-sarjli-basincli-yikama-tabancasi-ev-arac-bahce","status":"publish","type":"product","link":"https:\/\/www.hediyepazar.com\/?product=cok-fonksiyonlu-sarjli-basincli-yikama-tabancasi-ev-arac-bahce","title":{"rendered":"\u00c7ok Fonksiyonlu \u015earjl\u0131 Bas\u0131n\u00e7l\u0131 Y\u0131kama Tabancas\u0131 Ev Ara\u00e7 Bah\u00e7e"},"content":{"rendered":"<p>Kablosuz ve pratik tasar\u0131m\u0131 sayesinde priz derdi olmadan istedi\u011finiz yerde g\u00fc\u00e7l\u00fc temizlik yapabilirsiniz. 3 farkl\u0131 p\u00fcsk\u00fcrtme ucu ve k\u00f6p\u00fck aparat\u0131yla ister araban\u0131z\u0131 ister bah\u00e7enizi kolayca temizleyin. Hafif ve ergonomik yap\u0131s\u0131 ile kolay ta\u015f\u0131n\u0131r.<\/p>\n","protected":false},"excerpt":{"rendered":"<p>Kablosuz ve pratik tasar\u0131m\u0131 sayesinde priz derdi olmadan istedi\u011finiz yerde g\u00fc\u00e7l\u00fc temizlik yapabilirsiniz. 3 farkl\u0131 p\u00fcsk\u00fcrtme ucu ve k\u00f6p\u00fck aparat\u0131yla ister araban\u0131z\u0131 ister bah\u00e7enizi kolayca temizleyin. Hafif ve ergonomik yap\u0131s\u0131 ile kolay ta\u015f\u0131n\u0131r.<\/p>\n","protected":false},"featured_media":115780,"comment_status":"open","ping_status":"closed","template":"","meta":{"_kad_post_transparent":"","_kad_post_title":"","_kad_post_layout":"","_kad_post_sidebar_id":"","_kad_post_content_style":"","_kad_post_vertical_padding":"","_kad_post_feature":"","_kad_post_feature_position":"","_kad_post_header":false,"_kad_post_footer":false,"_kad_post_classname":""},"product_brand":[],"product_cat":[14971],"product_tag":[],"class_list":{"0":"post-115781","1":"product","2":"type-product","3":"status-publish","4":"has-post-thumbnail","6":"product_cat-yuksek-basincli-yikama-makinesi-yuksek-basincli-yikama-makinesi","8":"first","9":"instock","10":"purchasable","11":"product-type-simple","12":"entry","13":"content-bg","14":"loop-entry"},"_links":{"self":[{"href":"https:\/\/www.hediyepazar.com\/index.php?rest_route=\/wp\/v2\/product\/115781","targetHints":{"allow":["GET"]}}],"collection":[{"href":"https:\/\/www.hediyepazar.com\/index.php?rest_route=\/wp\/v2\/product"}],"about":[{"href":"https:\/\/www.hediyepazar.com\/index.php?rest_route=\/wp\/v2\/types\/product"}],"replies":[{"embeddable":true,"href":"https:\/\/www.hediyepazar.com\/index.php?rest_route=%2Fwp%2Fv2%2Fcomments&post=115781"}],"wp:featuredmedia":[{"embeddable":true,"href":"https:\/\/www.hediyepazar.com\/index.php?rest_route=\/wp\/v2\/media\/115780"}],"wp:attachment":[{"href":"https:\/\/www.hediyepazar.com\/index.php?rest_route=%2Fwp%2Fv2%2Fmedia&parent=115781"}],"wp:term":[{"taxonomy":"product_brand","embeddable":true,"href":"https:\/\/www.hediyepazar.com\/index.php?rest_route=%2Fwp%2Fv2%2Fproduct_brand&post=115781"},{"taxonomy":"product_cat","embeddable":true,"href":"https:\/\/www.hediyepazar.com\/index.php?rest_route=%2Fwp%2Fv2%2Fproduct_cat&post=115781"},{"taxonomy":"product_tag","embeddable":true,"href":"https:\/\/www.hediyepazar.com\/index.php?rest_route=%2Fwp%2Fv2%2Fproduct_tag&post=115781"}],"curies":[{"name":"wp","href":"https:\/\/api.w.org\/{rel}","templated":true}]}}