{"id":115785,"date":"2026-05-05T15:32:14","date_gmt":"2026-05-05T18:32:14","guid":{"rendered":"https:\/\/www.hediyepazar.com\/?product=tasinabilir-sarjli-basincli-yikama-tabancasi-kopuk-aparatli"},"modified":"2026-05-05T15:32:14","modified_gmt":"2026-05-05T18:32:14","slug":"tasinabilir-sarjli-basincli-yikama-tabancasi-kopuk-aparatli","status":"publish","type":"product","link":"https:\/\/www.hediyepazar.com\/?product=tasinabilir-sarjli-basincli-yikama-tabancasi-kopuk-aparatli","title":{"rendered":"Ta\u015f\u0131nabilir \u015earjl\u0131 Bas\u0131n\u00e7l\u0131 Y\u0131kama Tabancas\u0131 K\u00f6p\u00fck Aparatl\u0131"},"content":{"rendered":"<p>Ak\u00fcl\u00fc bas\u0131n\u00e7l\u0131 y\u0131kama tabancas\u0131 g\u00fc\u00e7l\u00fc saf bak\u0131r motoru ile uzun \u00f6m\u00fcrl\u00fc performans sa\u011flar. Araba, motosiklet, bisiklet, balkon, pencere ve bah\u00e7e sulama i\u00e7in idealdir. K\u00f6p\u00fck \u015fi\u015fesi ve farkl\u0131 p\u00fcsk\u00fcrtme ba\u015fl\u0131klar\u0131 sayesinde \u00e7ok y\u00f6nl\u00fc kullan\u0131m sunar.<\/p>\n","protected":false},"excerpt":{"rendered":"<p>Ak\u00fcl\u00fc bas\u0131n\u00e7l\u0131 y\u0131kama tabancas\u0131 g\u00fc\u00e7l\u00fc saf bak\u0131r motoru ile uzun \u00f6m\u00fcrl\u00fc performans sa\u011flar. Araba, motosiklet, bisiklet, balkon, pencere ve bah\u00e7e sulama i\u00e7in idealdir. K\u00f6p\u00fck \u015fi\u015fesi ve farkl\u0131 p\u00fcsk\u00fcrtme ba\u015fl\u0131klar\u0131 sayesinde \u00e7ok y\u00f6nl\u00fc kullan\u0131m sunar.<\/p>\n","protected":false},"featured_media":115784,"comment_status":"open","ping_status":"closed","template":"","meta":{"_kad_post_transparent":"","_kad_post_title":"","_kad_post_layout":"","_kad_post_sidebar_id":"","_kad_post_content_style":"","_kad_post_vertical_padding":"","_kad_post_feature":"","_kad_post_feature_position":"","_kad_post_header":false,"_kad_post_footer":false,"_kad_post_classname":""},"product_brand":[],"product_cat":[14971],"product_tag":[],"class_list":{"0":"post-115785","1":"product","2":"type-product","3":"status-publish","4":"has-post-thumbnail","6":"product_cat-yuksek-basincli-yikama-makinesi-yuksek-basincli-yikama-makinesi","8":"first","9":"instock","10":"purchasable","11":"product-type-simple","12":"entry","13":"content-bg","14":"loop-entry"},"_links":{"self":[{"href":"https:\/\/www.hediyepazar.com\/index.php?rest_route=\/wp\/v2\/product\/115785","targetHints":{"allow":["GET"]}}],"collection":[{"href":"https:\/\/www.hediyepazar.com\/index.php?rest_route=\/wp\/v2\/product"}],"about":[{"href":"https:\/\/www.hediyepazar.com\/index.php?rest_route=\/wp\/v2\/types\/product"}],"replies":[{"embeddable":true,"href":"https:\/\/www.hediyepazar.com\/index.php?rest_route=%2Fwp%2Fv2%2Fcomments&post=115785"}],"wp:featuredmedia":[{"embeddable":true,"href":"https:\/\/www.hediyepazar.com\/index.php?rest_route=\/wp\/v2\/media\/115784"}],"wp:attachment":[{"href":"https:\/\/www.hediyepazar.com\/index.php?rest_route=%2Fwp%2Fv2%2Fmedia&parent=115785"}],"wp:term":[{"taxonomy":"product_brand","embeddable":true,"href":"https:\/\/www.hediyepazar.com\/index.php?rest_route=%2Fwp%2Fv2%2Fproduct_brand&post=115785"},{"taxonomy":"product_cat","embeddable":true,"href":"https:\/\/www.hediyepazar.com\/index.php?rest_route=%2Fwp%2Fv2%2Fproduct_cat&post=115785"},{"taxonomy":"product_tag","embeddable":true,"href":"https:\/\/www.hediyepazar.com\/index.php?rest_route=%2Fwp%2Fv2%2Fproduct_tag&post=115785"}],"curies":[{"name":"wp","href":"https:\/\/api.w.org\/{rel}","templated":true}]}}