{"id":115879,"date":"2026-05-05T15:50:58","date_gmt":"2026-05-05T18:50:58","guid":{"rendered":"https:\/\/www.hediyepazar.com\/?product=kablosuz-bluetooth-gaming-kulaklik-suya-dayanikli"},"modified":"2026-05-05T15:50:58","modified_gmt":"2026-05-05T18:50:58","slug":"kablosuz-bluetooth-gaming-kulaklik-suya-dayanikli","status":"publish","type":"product","link":"https:\/\/www.hediyepazar.com\/?product=kablosuz-bluetooth-gaming-kulaklik-suya-dayanikli","title":{"rendered":"Kablosuz Bluetooth Gaming Kulakl\u0131k Suya Dayan\u0131kl\u0131"},"content":{"rendered":"<p>Kablosuz gaming kulakl\u0131k, IPX4 suya ve toza dayan\u0131kl\u0131l\u0131\u011f\u0131 ile her ortamda g\u00fcvenle kullan\u0131labilir. Bluetooth 5.0 teknolojisi sayesinde h\u0131zl\u0131 ba\u011flant\u0131 sa\u011flar ve d\u00fc\u015f\u00fck gecikme s\u00fcresi ile oyunlarda avantaj sunar. Mikrofonlu yap\u0131s\u0131 ile telefon g\u00f6r\u00fc\u015fmelerini net \u015fekilde ger\u00e7ekle\u015ftirmenizi sa\u011flar. G\u00fcr\u00fclt\u00fc engelleme \u00f6zelli\u011fi sayesinde arka plan seslerini minimuma indirir. Uzun pil \u00f6mr\u00fc ile kesintisiz oyun ve m\u00fczik keyfi ya\u015fat\u0131r. Ergonomik tasar\u0131m\u0131 sayesinde kulaklara rahat oturur. Manyetik kulakl\u0131k u\u00e7lar\u0131 d\u00fc\u015fmeyi engeller. G\u00fc\u00e7l\u00fc baslar ve net tizlerle kaliteli bir ses deneyimi sunar.<\/p>\n","protected":false},"excerpt":{"rendered":"<p>Kablosuz gaming kulakl\u0131k, IPX4 suya ve toza dayan\u0131kl\u0131l\u0131\u011f\u0131 ile her ortamda g\u00fcvenle kullan\u0131labilir. Bluetooth 5.0 teknolojisi sayesinde h\u0131zl\u0131 ba\u011flant\u0131 sa\u011flar ve d\u00fc\u015f\u00fck gecikme s\u00fcresi ile oyunlarda avantaj sunar. Mikrofonlu yap\u0131s\u0131 ile telefon g\u00f6r\u00fc\u015fmelerini net \u015fekilde ger\u00e7ekle\u015ftirmenizi sa\u011flar. G\u00fcr\u00fclt\u00fc engelleme \u00f6zelli\u011fi sayesinde arka plan seslerini minimuma indirir. Uzun pil \u00f6mr\u00fc ile kesintisiz oyun ve m\u00fczik keyfi&#8230;<\/p>\n","protected":false},"featured_media":115878,"comment_status":"open","ping_status":"closed","template":"","meta":{"_kad_post_transparent":"","_kad_post_title":"","_kad_post_layout":"","_kad_post_sidebar_id":"","_kad_post_content_style":"","_kad_post_vertical_padding":"","_kad_post_feature":"","_kad_post_feature_position":"","_kad_post_header":false,"_kad_post_footer":false,"_kad_post_classname":""},"product_brand":[],"product_cat":[14957],"product_tag":[],"class_list":{"0":"post-115879","1":"product","2":"type-product","3":"status-publish","4":"has-post-thumbnail","6":"product_cat-kablosuz-kulaklik-kablosuz-kulaklik","8":"first","9":"instock","10":"purchasable","11":"product-type-simple","12":"entry","13":"content-bg","14":"loop-entry"},"_links":{"self":[{"href":"https:\/\/www.hediyepazar.com\/index.php?rest_route=\/wp\/v2\/product\/115879","targetHints":{"allow":["GET"]}}],"collection":[{"href":"https:\/\/www.hediyepazar.com\/index.php?rest_route=\/wp\/v2\/product"}],"about":[{"href":"https:\/\/www.hediyepazar.com\/index.php?rest_route=\/wp\/v2\/types\/product"}],"replies":[{"embeddable":true,"href":"https:\/\/www.hediyepazar.com\/index.php?rest_route=%2Fwp%2Fv2%2Fcomments&post=115879"}],"wp:featuredmedia":[{"embeddable":true,"href":"https:\/\/www.hediyepazar.com\/index.php?rest_route=\/wp\/v2\/media\/115878"}],"wp:attachment":[{"href":"https:\/\/www.hediyepazar.com\/index.php?rest_route=%2Fwp%2Fv2%2Fmedia&parent=115879"}],"wp:term":[{"taxonomy":"product_brand","embeddable":true,"href":"https:\/\/www.hediyepazar.com\/index.php?rest_route=%2Fwp%2Fv2%2Fproduct_brand&post=115879"},{"taxonomy":"product_cat","embeddable":true,"href":"https:\/\/www.hediyepazar.com\/index.php?rest_route=%2Fwp%2Fv2%2Fproduct_cat&post=115879"},{"taxonomy":"product_tag","embeddable":true,"href":"https:\/\/www.hediyepazar.com\/index.php?rest_route=%2Fwp%2Fv2%2Fproduct_tag&post=115879"}],"curies":[{"name":"wp","href":"https:\/\/api.w.org\/{rel}","templated":true}]}}