{"id":115881,"date":"2026-05-05T15:51:03","date_gmt":"2026-05-05T18:51:03","guid":{"rendered":"https:\/\/www.hediyepazar.com\/?product=bluetooth-5-0-kablosuz-gaming-kulaklik-ergonomik-tasarim"},"modified":"2026-05-05T15:51:03","modified_gmt":"2026-05-05T18:51:03","slug":"bluetooth-5-0-kablosuz-gaming-kulaklik-ergonomik-tasarim","status":"publish","type":"product","link":"https:\/\/www.hediyepazar.com\/?product=bluetooth-5-0-kablosuz-gaming-kulaklik-ergonomik-tasarim","title":{"rendered":"Bluetooth 5.0 Kablosuz Gaming Kulakl\u0131k Ergonomik Tasar\u0131m"},"content":{"rendered":"<p>Bluetooth 5.0 kablosuz gaming kulakl\u0131k, kullan\u0131c\u0131lar\u0131na y\u00fcksek performans sunar. Geli\u015fmi\u015f ba\u011flant\u0131 teknolojisi sayesinde kesintisiz ses aktar\u0131m\u0131 sa\u011flar. IPX4 suya ve toza dayan\u0131kl\u0131 yap\u0131s\u0131 ile spor ve a\u00e7\u0131k hava aktiviteleri i\u00e7in uygundur. G\u00fcr\u00fclt\u00fc azaltma teknolojisi sayesinde aramalarda net ses kalitesi sunar. Ergonomik tasar\u0131m\u0131 kulaklarda rahat kullan\u0131m sa\u011flar. Uzun pil \u00f6mr\u00fc ile saatlerce kesintisiz kullan\u0131m imkan\u0131 verir. Manyetik kulakl\u0131k u\u00e7lar\u0131 ta\u015f\u0131ma kolayl\u0131\u011f\u0131 sa\u011flar. Bas ve tiz dengesi ile ortalaman\u0131n \u00fczerinde bir ses deneyimi ya\u015fat\u0131r. Hem oyun severler hem de m\u00fczik tutkunlar\u0131 i\u00e7in idealdir.<\/p>\n","protected":false},"excerpt":{"rendered":"<p>Bluetooth 5.0 kablosuz gaming kulakl\u0131k, kullan\u0131c\u0131lar\u0131na y\u00fcksek performans sunar. Geli\u015fmi\u015f ba\u011flant\u0131 teknolojisi sayesinde kesintisiz ses aktar\u0131m\u0131 sa\u011flar. IPX4 suya ve toza dayan\u0131kl\u0131 yap\u0131s\u0131 ile spor ve a\u00e7\u0131k hava aktiviteleri i\u00e7in uygundur. G\u00fcr\u00fclt\u00fc azaltma teknolojisi sayesinde aramalarda net ses kalitesi sunar. Ergonomik tasar\u0131m\u0131 kulaklarda rahat kullan\u0131m sa\u011flar. Uzun pil \u00f6mr\u00fc ile saatlerce kesintisiz kullan\u0131m imkan\u0131 verir&#8230;.<\/p>\n","protected":false},"featured_media":115880,"comment_status":"open","ping_status":"closed","template":"","meta":{"_kad_post_transparent":"","_kad_post_title":"","_kad_post_layout":"","_kad_post_sidebar_id":"","_kad_post_content_style":"","_kad_post_vertical_padding":"","_kad_post_feature":"","_kad_post_feature_position":"","_kad_post_header":false,"_kad_post_footer":false,"_kad_post_classname":""},"product_brand":[],"product_cat":[14957],"product_tag":[],"class_list":{"0":"post-115881","1":"product","2":"type-product","3":"status-publish","4":"has-post-thumbnail","6":"product_cat-kablosuz-kulaklik-kablosuz-kulaklik","8":"first","9":"instock","10":"purchasable","11":"product-type-simple","12":"entry","13":"content-bg","14":"loop-entry"},"_links":{"self":[{"href":"https:\/\/www.hediyepazar.com\/index.php?rest_route=\/wp\/v2\/product\/115881","targetHints":{"allow":["GET"]}}],"collection":[{"href":"https:\/\/www.hediyepazar.com\/index.php?rest_route=\/wp\/v2\/product"}],"about":[{"href":"https:\/\/www.hediyepazar.com\/index.php?rest_route=\/wp\/v2\/types\/product"}],"replies":[{"embeddable":true,"href":"https:\/\/www.hediyepazar.com\/index.php?rest_route=%2Fwp%2Fv2%2Fcomments&post=115881"}],"wp:featuredmedia":[{"embeddable":true,"href":"https:\/\/www.hediyepazar.com\/index.php?rest_route=\/wp\/v2\/media\/115880"}],"wp:attachment":[{"href":"https:\/\/www.hediyepazar.com\/index.php?rest_route=%2Fwp%2Fv2%2Fmedia&parent=115881"}],"wp:term":[{"taxonomy":"product_brand","embeddable":true,"href":"https:\/\/www.hediyepazar.com\/index.php?rest_route=%2Fwp%2Fv2%2Fproduct_brand&post=115881"},{"taxonomy":"product_cat","embeddable":true,"href":"https:\/\/www.hediyepazar.com\/index.php?rest_route=%2Fwp%2Fv2%2Fproduct_cat&post=115881"},{"taxonomy":"product_tag","embeddable":true,"href":"https:\/\/www.hediyepazar.com\/index.php?rest_route=%2Fwp%2Fv2%2Fproduct_tag&post=115881"}],"curies":[{"name":"wp","href":"https:\/\/api.w.org\/{rel}","templated":true}]}}