{"id":115901,"date":"2026-05-05T15:52:58","date_gmt":"2026-05-05T18:52:58","guid":{"rendered":"https:\/\/www.hediyepazar.com\/?product=matkap-ucu-temizlik-aparati-3lu-firca-seti"},"modified":"2026-05-05T15:52:58","modified_gmt":"2026-05-05T18:52:58","slug":"matkap-ucu-temizlik-aparati-3lu-firca-seti","status":"publish","type":"product","link":"https:\/\/www.hediyepazar.com\/?product=matkap-ucu-temizlik-aparati-3lu-firca-seti","title":{"rendered":"Matkap Ucu Temizlik Aparat\u0131 3\u2019l\u00fc F\u0131r\u00e7a Seti"},"content":{"rendered":"<p>Matkap ucu temizlik aparat\u0131 seti, farkl\u0131 boyutlardaki f\u0131r\u00e7alar\u0131yla evde ve end\u00fcstriyel temizlikte pratik \u00e7\u00f6z\u00fcmler sunar. Geni\u015f y\u00fczeyler, dar k\u00f6\u015feler ve ula\u015f\u0131lmas\u0131 zor alanlar i\u00e7in ayr\u0131 f\u0131r\u00e7a ba\u015fl\u0131klar\u0131 bulunur. Matkab\u0131n\u0131za takarak g\u00fc\u00e7l\u00fc ve h\u0131zl\u0131 bir temizlik yapabilirsiniz. Banyo karolar\u0131, fayans derzleri, lavabo, k\u00fcvet, mutfak zeminleri ve ara\u00e7 jantlar\u0131 i\u00e7in uygundur. Naylon k\u0131llar yumu\u015fak ama dayan\u0131kl\u0131d\u0131r, y\u00fczeylere zarar vermez. Dayan\u0131kl\u0131 polipropilen liflerle uzun s\u00fcreli kullan\u0131m sa\u011flar.&nbsp;<\/p>\n","protected":false},"excerpt":{"rendered":"<p>Matkap ucu temizlik aparat\u0131 seti, farkl\u0131 boyutlardaki f\u0131r\u00e7alar\u0131yla evde ve end\u00fcstriyel temizlikte pratik \u00e7\u00f6z\u00fcmler sunar. Geni\u015f y\u00fczeyler, dar k\u00f6\u015feler ve ula\u015f\u0131lmas\u0131 zor alanlar i\u00e7in ayr\u0131 f\u0131r\u00e7a ba\u015fl\u0131klar\u0131 bulunur. Matkab\u0131n\u0131za takarak g\u00fc\u00e7l\u00fc ve h\u0131zl\u0131 bir temizlik yapabilirsiniz. Banyo karolar\u0131, fayans derzleri, lavabo, k\u00fcvet, mutfak zeminleri ve ara\u00e7 jantlar\u0131 i\u00e7in uygundur. Naylon k\u0131llar yumu\u015fak ama dayan\u0131kl\u0131d\u0131r, y\u00fczeylere&#8230;<\/p>\n","protected":false},"featured_media":115900,"comment_status":"open","ping_status":"closed","template":"","meta":{"_kad_post_transparent":"","_kad_post_title":"","_kad_post_layout":"","_kad_post_sidebar_id":"","_kad_post_content_style":"","_kad_post_vertical_padding":"","_kad_post_feature":"","_kad_post_feature_position":"","_kad_post_header":false,"_kad_post_footer":false,"_kad_post_classname":""},"product_brand":[],"product_cat":[15053],"product_tag":[],"class_list":{"0":"post-115901","1":"product","2":"type-product","3":"status-publish","4":"has-post-thumbnail","6":"product_cat-oto-bakim-seti-oto-bakim-seti-2","8":"first","9":"instock","10":"purchasable","11":"product-type-simple","12":"entry","13":"content-bg","14":"loop-entry"},"_links":{"self":[{"href":"https:\/\/www.hediyepazar.com\/index.php?rest_route=\/wp\/v2\/product\/115901","targetHints":{"allow":["GET"]}}],"collection":[{"href":"https:\/\/www.hediyepazar.com\/index.php?rest_route=\/wp\/v2\/product"}],"about":[{"href":"https:\/\/www.hediyepazar.com\/index.php?rest_route=\/wp\/v2\/types\/product"}],"replies":[{"embeddable":true,"href":"https:\/\/www.hediyepazar.com\/index.php?rest_route=%2Fwp%2Fv2%2Fcomments&post=115901"}],"wp:featuredmedia":[{"embeddable":true,"href":"https:\/\/www.hediyepazar.com\/index.php?rest_route=\/wp\/v2\/media\/115900"}],"wp:attachment":[{"href":"https:\/\/www.hediyepazar.com\/index.php?rest_route=%2Fwp%2Fv2%2Fmedia&parent=115901"}],"wp:term":[{"taxonomy":"product_brand","embeddable":true,"href":"https:\/\/www.hediyepazar.com\/index.php?rest_route=%2Fwp%2Fv2%2Fproduct_brand&post=115901"},{"taxonomy":"product_cat","embeddable":true,"href":"https:\/\/www.hediyepazar.com\/index.php?rest_route=%2Fwp%2Fv2%2Fproduct_cat&post=115901"},{"taxonomy":"product_tag","embeddable":true,"href":"https:\/\/www.hediyepazar.com\/index.php?rest_route=%2Fwp%2Fv2%2Fproduct_tag&post=115901"}],"curies":[{"name":"wp","href":"https:\/\/api.w.org\/{rel}","templated":true}]}}