{"id":115919,"date":"2026-05-05T15:55:15","date_gmt":"2026-05-05T18:55:15","guid":{"rendered":"https:\/\/www.hediyepazar.com\/?product=titresim-sensorlu-alarm-disk-kilidi-motosiklet-scooter-bisiklet"},"modified":"2026-05-05T15:55:15","modified_gmt":"2026-05-05T18:55:15","slug":"titresim-sensorlu-alarm-disk-kilidi-motosiklet-scooter-bisiklet","status":"publish","type":"product","link":"https:\/\/www.hediyepazar.com\/?product=titresim-sensorlu-alarm-disk-kilidi-motosiklet-scooter-bisiklet","title":{"rendered":"Titre\u015fim Sens\u00f6rl\u00fc Alarm Disk Kilidi Motosiklet Scooter Bisiklet"},"content":{"rendered":"<p>Titre\u015fim sens\u00f6rl\u00fc alarm disk kilidi, g\u00fcvenlikte maksimum koruma sunar. Motosiklet, scooter ve bisiklet gibi ara\u00e7lar\u0131n disk frenine kolayca monte edilir. 7 mm \u00e7elik kilit pimi ile g\u00fc\u00e7l\u00fc kilitleme sa\u011flar. \u015eok ve titre\u015fim alg\u0131land\u0131\u011f\u0131nda otomatik olarak y\u00fcksek sesli alarm devreye girer. 110 dB seviyesindeki bu ses, h\u0131rs\u0131zl\u0131k giri\u015fimlerini an\u0131nda \u00f6nlemeye yard\u0131mc\u0131 olur. Dayan\u0131kl\u0131 metal g\u00f6vdesi uzun \u00f6m\u00fcrl\u00fc kullan\u0131m sa\u011flarken, su ge\u00e7irmez \u00f6zelli\u011fi sayesinde her t\u00fcrl\u00fc hava ko\u015fulunda kullan\u0131labilir. Paslanmaz yap\u0131s\u0131 \u00fcr\u00fcn\u00fc uzun y\u0131llar sa\u011flam tutar. Kullan\u0131m\u0131 olduk\u00e7a basittir; sadece kilit silindirine basarak kilitleyin ve g\u00fcvenli\u011fi sa\u011flay\u0131n. Kompakt boyutu sayesinde ta\u015f\u0131nabilir ve yan\u0131n\u0131zda kolayca bulundurabilirsiniz. Paket i\u00e7erisinde disk kilidi ve 2 anahtar bulunur.<\/p>\n","protected":false},"excerpt":{"rendered":"<p>Titre\u015fim sens\u00f6rl\u00fc alarm disk kilidi, g\u00fcvenlikte maksimum koruma sunar. Motosiklet, scooter ve bisiklet gibi ara\u00e7lar\u0131n disk frenine kolayca monte edilir. 7 mm \u00e7elik kilit pimi ile g\u00fc\u00e7l\u00fc kilitleme sa\u011flar. \u015eok ve titre\u015fim alg\u0131land\u0131\u011f\u0131nda otomatik olarak y\u00fcksek sesli alarm devreye girer. 110 dB seviyesindeki bu ses, h\u0131rs\u0131zl\u0131k giri\u015fimlerini an\u0131nda \u00f6nlemeye yard\u0131mc\u0131 olur. Dayan\u0131kl\u0131 metal g\u00f6vdesi uzun&#8230;<\/p>\n","protected":false},"featured_media":115918,"comment_status":"open","ping_status":"closed","template":"","meta":{"_kad_post_transparent":"","_kad_post_title":"","_kad_post_layout":"","_kad_post_sidebar_id":"","_kad_post_content_style":"","_kad_post_vertical_padding":"","_kad_post_feature":"","_kad_post_feature_position":"","_kad_post_header":false,"_kad_post_footer":false,"_kad_post_classname":""},"product_brand":[],"product_cat":[14985],"product_tag":[],"class_list":{"0":"post-115919","1":"product","2":"type-product","3":"status-publish","4":"has-post-thumbnail","6":"product_cat-akilli-guvenlik-urunu-akilli-guvenlik-urunu","8":"first","9":"instock","10":"purchasable","11":"product-type-simple","12":"entry","13":"content-bg","14":"loop-entry"},"_links":{"self":[{"href":"https:\/\/www.hediyepazar.com\/index.php?rest_route=\/wp\/v2\/product\/115919","targetHints":{"allow":["GET"]}}],"collection":[{"href":"https:\/\/www.hediyepazar.com\/index.php?rest_route=\/wp\/v2\/product"}],"about":[{"href":"https:\/\/www.hediyepazar.com\/index.php?rest_route=\/wp\/v2\/types\/product"}],"replies":[{"embeddable":true,"href":"https:\/\/www.hediyepazar.com\/index.php?rest_route=%2Fwp%2Fv2%2Fcomments&post=115919"}],"wp:featuredmedia":[{"embeddable":true,"href":"https:\/\/www.hediyepazar.com\/index.php?rest_route=\/wp\/v2\/media\/115918"}],"wp:attachment":[{"href":"https:\/\/www.hediyepazar.com\/index.php?rest_route=%2Fwp%2Fv2%2Fmedia&parent=115919"}],"wp:term":[{"taxonomy":"product_brand","embeddable":true,"href":"https:\/\/www.hediyepazar.com\/index.php?rest_route=%2Fwp%2Fv2%2Fproduct_brand&post=115919"},{"taxonomy":"product_cat","embeddable":true,"href":"https:\/\/www.hediyepazar.com\/index.php?rest_route=%2Fwp%2Fv2%2Fproduct_cat&post=115919"},{"taxonomy":"product_tag","embeddable":true,"href":"https:\/\/www.hediyepazar.com\/index.php?rest_route=%2Fwp%2Fv2%2Fproduct_tag&post=115919"}],"curies":[{"name":"wp","href":"https:\/\/api.w.org\/{rel}","templated":true}]}}