{"id":115927,"date":"2026-05-05T15:56:12","date_gmt":"2026-05-05T18:56:12","guid":{"rendered":"https:\/\/www.hediyepazar.com\/?product=motosiklet-scooter-bisiklet-tekerlek-disk-kilidi-alarmli-guvenlik"},"modified":"2026-05-05T15:56:12","modified_gmt":"2026-05-05T18:56:12","slug":"motosiklet-scooter-bisiklet-tekerlek-disk-kilidi-alarmli-guvenlik","status":"publish","type":"product","link":"https:\/\/www.hediyepazar.com\/?product=motosiklet-scooter-bisiklet-tekerlek-disk-kilidi-alarmli-guvenlik","title":{"rendered":"Motosiklet Scooter Bisiklet Tekerlek Disk Kilidi Alarml\u0131 G\u00fcvenlik"},"content":{"rendered":"<p>Motosiklet, scooter ve bisikletler i\u00e7in \u00f6zel olarak tasarlanan disk kilidi, g\u00fc\u00e7l\u00fc alarm sistemiyle arac\u0131n\u0131z\u0131 h\u0131rs\u0131zl\u0131\u011fa kar\u015f\u0131 en g\u00fcvenilir \u015fekilde korur. Dayan\u0131kl\u0131 metal g\u00f6vdesi sayesinde uzun \u00f6m\u00fcrl\u00fc kullan\u0131m sunarken, 7 mm kilit pimi y\u00fcksek g\u00fcvenlik sa\u011flar. Kilidi kapatmak son derece kolayd\u0131r; sadece silindire basarak kilitleme i\u015flemi tamamlan\u0131r. \u015eok sens\u00f6r\u00fc sayesinde ara\u00e7 \u00fczerinde herhangi bir oynama ya da titre\u015fim alg\u0131land\u0131\u011f\u0131nda 110 dB g\u00fcc\u00fcnde y\u00fcksek sesli alarm devreye girerek cayd\u0131r\u0131c\u0131 etki yarat\u0131r. Ya\u011fmur, nem ve d\u0131\u015f etkenlere kar\u015f\u0131 su ge\u00e7irmez yap\u0131s\u0131 ile her ko\u015fulda g\u00fcvenle kullan\u0131labilir. Paket i\u00e7erisinde fren kilidi ve 2 adet anahtar bulunur. Ekonomik, pratik ve g\u00fcvenli yap\u0131s\u0131yla motosiklet s\u00fcr\u00fcc\u00fclerinin vazge\u00e7ilmez g\u00fcvenlik ekipman\u0131d\u0131r. Hafif tasar\u0131m\u0131yla ta\u015f\u0131mas\u0131 kolayd\u0131r. Scooter ve bisiklet kullan\u0131c\u0131lar\u0131 i\u00e7in de uygundur. Arac\u0131n\u0131z\u0131 park etti\u011finizde i\u00e7iniz rahat eder.<\/p>\n","protected":false},"excerpt":{"rendered":"<p>Motosiklet, scooter ve bisikletler i\u00e7in \u00f6zel olarak tasarlanan disk kilidi, g\u00fc\u00e7l\u00fc alarm sistemiyle arac\u0131n\u0131z\u0131 h\u0131rs\u0131zl\u0131\u011fa kar\u015f\u0131 en g\u00fcvenilir \u015fekilde korur. Dayan\u0131kl\u0131 metal g\u00f6vdesi sayesinde uzun \u00f6m\u00fcrl\u00fc kullan\u0131m sunarken, 7 mm kilit pimi y\u00fcksek g\u00fcvenlik sa\u011flar. Kilidi kapatmak son derece kolayd\u0131r; sadece silindire basarak kilitleme i\u015flemi tamamlan\u0131r. \u015eok sens\u00f6r\u00fc sayesinde ara\u00e7 \u00fczerinde herhangi bir oynama ya&#8230;<\/p>\n","protected":false},"featured_media":115926,"comment_status":"open","ping_status":"closed","template":"","meta":{"_kad_post_transparent":"","_kad_post_title":"","_kad_post_layout":"","_kad_post_sidebar_id":"","_kad_post_content_style":"","_kad_post_vertical_padding":"","_kad_post_feature":"","_kad_post_feature_position":"","_kad_post_header":false,"_kad_post_footer":false,"_kad_post_classname":""},"product_brand":[],"product_cat":[14985],"product_tag":[],"class_list":{"0":"post-115927","1":"product","2":"type-product","3":"status-publish","4":"has-post-thumbnail","6":"product_cat-akilli-guvenlik-urunu-akilli-guvenlik-urunu","8":"first","9":"instock","10":"purchasable","11":"product-type-simple","12":"entry","13":"content-bg","14":"loop-entry"},"_links":{"self":[{"href":"https:\/\/www.hediyepazar.com\/index.php?rest_route=\/wp\/v2\/product\/115927","targetHints":{"allow":["GET"]}}],"collection":[{"href":"https:\/\/www.hediyepazar.com\/index.php?rest_route=\/wp\/v2\/product"}],"about":[{"href":"https:\/\/www.hediyepazar.com\/index.php?rest_route=\/wp\/v2\/types\/product"}],"replies":[{"embeddable":true,"href":"https:\/\/www.hediyepazar.com\/index.php?rest_route=%2Fwp%2Fv2%2Fcomments&post=115927"}],"wp:featuredmedia":[{"embeddable":true,"href":"https:\/\/www.hediyepazar.com\/index.php?rest_route=\/wp\/v2\/media\/115926"}],"wp:attachment":[{"href":"https:\/\/www.hediyepazar.com\/index.php?rest_route=%2Fwp%2Fv2%2Fmedia&parent=115927"}],"wp:term":[{"taxonomy":"product_brand","embeddable":true,"href":"https:\/\/www.hediyepazar.com\/index.php?rest_route=%2Fwp%2Fv2%2Fproduct_brand&post=115927"},{"taxonomy":"product_cat","embeddable":true,"href":"https:\/\/www.hediyepazar.com\/index.php?rest_route=%2Fwp%2Fv2%2Fproduct_cat&post=115927"},{"taxonomy":"product_tag","embeddable":true,"href":"https:\/\/www.hediyepazar.com\/index.php?rest_route=%2Fwp%2Fv2%2Fproduct_tag&post=115927"}],"curies":[{"name":"wp","href":"https:\/\/api.w.org\/{rel}","templated":true}]}}