{"id":115933,"date":"2026-05-05T15:57:59","date_gmt":"2026-05-05T18:57:59","guid":{"rendered":"https:\/\/www.hediyepazar.com\/?product=sessiz-ve-guvenli-sivrisinek-kovucu-lamba"},"modified":"2026-05-05T15:57:59","modified_gmt":"2026-05-05T18:57:59","slug":"sessiz-ve-guvenli-sivrisinek-kovucu-lamba","status":"publish","type":"product","link":"https:\/\/www.hediyepazar.com\/?product=sessiz-ve-guvenli-sivrisinek-kovucu-lamba","title":{"rendered":"Sessiz ve G\u00fcvenli Sivrisinek Kovucu Lamba"},"content":{"rendered":"<p>Yaz gecelerinin en b\u00fcy\u00fck sorunlar\u0131ndan biri olan sivrisinekler, art\u0131k keyfinizi b\u00f6lmeyecek! Sessiz \u00e7al\u0131\u015fma teknolojisine sahip bu sivrisinek \u00f6ld\u00fcr\u00fcc\u00fc lamba, mor LED \u0131\u015f\u0131klar\u0131yla b\u00f6cekleri kendine \u00e7eker ve elektrik \u015febekesiyle etkisiz hale getirir. \u00c7ocuklar ve evcil hayvanlar i\u00e7in g\u00fcvenli yap\u0131s\u0131yla g\u00f6n\u00fcl rahatl\u0131\u011f\u0131yla kullan\u0131labilir. \u015earjl\u0131 2000 mAh bataryas\u0131 sayesinde uzun s\u00fcre kesintisiz \u00e7al\u0131\u015f\u0131r. Kamp, piknik, balkon veya yatak odas\u0131nda rahatl\u0131kla kullan\u0131labilir. Kimyasal i\u00e7ermeyen tasar\u0131m\u0131yla \u00e7evre dostu bir \u00e7\u00f6z\u00fcm sunar.<\/p>\n","protected":false},"excerpt":{"rendered":"<p>Yaz gecelerinin en b\u00fcy\u00fck sorunlar\u0131ndan biri olan sivrisinekler, art\u0131k keyfinizi b\u00f6lmeyecek! Sessiz \u00e7al\u0131\u015fma teknolojisine sahip bu sivrisinek \u00f6ld\u00fcr\u00fcc\u00fc lamba, mor LED \u0131\u015f\u0131klar\u0131yla b\u00f6cekleri kendine \u00e7eker ve elektrik \u015febekesiyle etkisiz hale getirir. \u00c7ocuklar ve evcil hayvanlar i\u00e7in g\u00fcvenli yap\u0131s\u0131yla g\u00f6n\u00fcl rahatl\u0131\u011f\u0131yla kullan\u0131labilir. \u015earjl\u0131 2000 mAh bataryas\u0131 sayesinde uzun s\u00fcre kesintisiz \u00e7al\u0131\u015f\u0131r. Kamp, piknik, balkon veya yatak&#8230;<\/p>\n","protected":false},"featured_media":115932,"comment_status":"open","ping_status":"closed","template":"","meta":{"_kad_post_transparent":"","_kad_post_title":"","_kad_post_layout":"","_kad_post_sidebar_id":"","_kad_post_content_style":"","_kad_post_vertical_padding":"","_kad_post_feature":"","_kad_post_feature_position":"","_kad_post_header":false,"_kad_post_footer":false,"_kad_post_classname":""},"product_brand":[],"product_cat":[15078],"product_tag":[],"class_list":{"0":"post-115933","1":"product","2":"type-product","3":"status-publish","4":"has-post-thumbnail","6":"product_cat-hasere-kovucular-hasere-kovucular","8":"first","9":"instock","10":"purchasable","11":"product-type-simple","12":"entry","13":"content-bg","14":"loop-entry"},"_links":{"self":[{"href":"https:\/\/www.hediyepazar.com\/index.php?rest_route=\/wp\/v2\/product\/115933","targetHints":{"allow":["GET"]}}],"collection":[{"href":"https:\/\/www.hediyepazar.com\/index.php?rest_route=\/wp\/v2\/product"}],"about":[{"href":"https:\/\/www.hediyepazar.com\/index.php?rest_route=\/wp\/v2\/types\/product"}],"replies":[{"embeddable":true,"href":"https:\/\/www.hediyepazar.com\/index.php?rest_route=%2Fwp%2Fv2%2Fcomments&post=115933"}],"wp:featuredmedia":[{"embeddable":true,"href":"https:\/\/www.hediyepazar.com\/index.php?rest_route=\/wp\/v2\/media\/115932"}],"wp:attachment":[{"href":"https:\/\/www.hediyepazar.com\/index.php?rest_route=%2Fwp%2Fv2%2Fmedia&parent=115933"}],"wp:term":[{"taxonomy":"product_brand","embeddable":true,"href":"https:\/\/www.hediyepazar.com\/index.php?rest_route=%2Fwp%2Fv2%2Fproduct_brand&post=115933"},{"taxonomy":"product_cat","embeddable":true,"href":"https:\/\/www.hediyepazar.com\/index.php?rest_route=%2Fwp%2Fv2%2Fproduct_cat&post=115933"},{"taxonomy":"product_tag","embeddable":true,"href":"https:\/\/www.hediyepazar.com\/index.php?rest_route=%2Fwp%2Fv2%2Fproduct_tag&post=115933"}],"curies":[{"name":"wp","href":"https:\/\/api.w.org\/{rel}","templated":true}]}}