{"id":115955,"date":"2026-05-05T16:00:42","date_gmt":"2026-05-05T19:00:42","guid":{"rendered":"https:\/\/www.hediyepazar.com\/?product=130ml-su-depolu-usb-guclu-kompakt-masaustu-nemlendirici-difuzor"},"modified":"2026-05-05T16:00:42","modified_gmt":"2026-05-05T19:00:42","slug":"130ml-su-depolu-usb-guclu-kompakt-masaustu-nemlendirici-difuzor","status":"publish","type":"product","link":"https:\/\/www.hediyepazar.com\/?product=130ml-su-depolu-usb-guclu-kompakt-masaustu-nemlendirici-difuzor","title":{"rendered":"130ml Su Depolu USB G\u00fc\u00e7l\u00fc Kompakt Masa\u00fcst\u00fc Nemlendirici Dif\u00fcz\u00f6r"},"content":{"rendered":"<p>130 ml su deposu kapasitesi ile bu masa\u00fcst\u00fc nemlendirici, k\u00fc\u00e7\u00fck boyutuna ra\u011fmen g\u00fc\u00e7l\u00fc bir performans sunar. Ultrasonik atomizasyon teknolojisi sayesinde suyu ince zerreciklere d\u00f6n\u00fc\u015ft\u00fcrerek havay\u0131 h\u0131zl\u0131 bir \u015fekilde nemlendirir. Bu \u00f6zellik, kuru hava kaynakl\u0131 cilt sorunlar\u0131n\u0131 ve bo\u011faz kurulu\u011funu \u00f6nlemeye yard\u0131mc\u0131 olur. USB \u00fczerinden \u00e7al\u0131\u015ft\u0131\u011f\u0131 i\u00e7in bilgisayar, adapt\u00f6r veya powerbank ile rahat\u00e7a kullan\u0131labilir. 7 renkli LED \u0131\u015f\u0131k modu sayesinde ortam\u0131n\u0131za dekoratif bir \u015f\u0131kl\u0131k ve huzurlu bir atmosfer kazand\u0131r\u0131r. Aromaterapi fonksiyonu ile u\u00e7ucu ya\u011f ekleyerek evinizde spa etkisi yaratabilirsiniz. Sessiz \u00e7al\u0131\u015fma \u00f6zelli\u011fi, uyurken veya \u00e7al\u0131\u015f\u0131rken rahat bir kullan\u0131m sa\u011flar. Su bitti\u011finde otomatik kapanma \u00f6zelli\u011fi g\u00fcvenli kullan\u0131m sunar. 150&#215;95 mm boyutu ile olduk\u00e7a kompakt ve ta\u015f\u0131nabilir olup ev, ofis, araba ve seyahatlerde rahat\u00e7a kullan\u0131labilir. Modern ah\u015fap desenli tasar\u0131m\u0131 sayesinde dekoratif bir obje olarak da \u00f6ne \u00e7\u0131kar. Sa\u011fl\u0131kl\u0131 bir ortam yarat\u0131rken ayn\u0131 zamanda estetik bir dokunu\u015f sa\u011flar. G\u00fcnl\u00fck ya\u015famda hem fonksiyonel hem de \u015f\u0131k bir \u00e7\u00f6z\u00fcm isteyenler i\u00e7in ideal bir se\u00e7imdir.<\/p>\n","protected":false},"excerpt":{"rendered":"<p>130 ml su deposu kapasitesi ile bu masa\u00fcst\u00fc nemlendirici, k\u00fc\u00e7\u00fck boyutuna ra\u011fmen g\u00fc\u00e7l\u00fc bir performans sunar. Ultrasonik atomizasyon teknolojisi sayesinde suyu ince zerreciklere d\u00f6n\u00fc\u015ft\u00fcrerek havay\u0131 h\u0131zl\u0131 bir \u015fekilde nemlendirir. Bu \u00f6zellik, kuru hava kaynakl\u0131 cilt sorunlar\u0131n\u0131 ve bo\u011faz kurulu\u011funu \u00f6nlemeye yard\u0131mc\u0131 olur. USB \u00fczerinden \u00e7al\u0131\u015ft\u0131\u011f\u0131 i\u00e7in bilgisayar, adapt\u00f6r veya powerbank ile rahat\u00e7a kullan\u0131labilir. 7 renkli&#8230;<\/p>\n","protected":false},"featured_media":115954,"comment_status":"open","ping_status":"closed","template":"","meta":{"_kad_post_transparent":"","_kad_post_title":"","_kad_post_layout":"","_kad_post_sidebar_id":"","_kad_post_content_style":"","_kad_post_vertical_padding":"","_kad_post_feature":"","_kad_post_feature_position":"","_kad_post_header":false,"_kad_post_footer":false,"_kad_post_classname":""},"product_brand":[],"product_cat":[14965],"product_tag":[],"class_list":{"0":"post-115955","1":"product","2":"type-product","3":"status-publish","4":"has-post-thumbnail","6":"product_cat-hava-nemlendirici-hava-nemlendirici","8":"first","9":"instock","10":"purchasable","11":"product-type-simple","12":"entry","13":"content-bg","14":"loop-entry"},"_links":{"self":[{"href":"https:\/\/www.hediyepazar.com\/index.php?rest_route=\/wp\/v2\/product\/115955","targetHints":{"allow":["GET"]}}],"collection":[{"href":"https:\/\/www.hediyepazar.com\/index.php?rest_route=\/wp\/v2\/product"}],"about":[{"href":"https:\/\/www.hediyepazar.com\/index.php?rest_route=\/wp\/v2\/types\/product"}],"replies":[{"embeddable":true,"href":"https:\/\/www.hediyepazar.com\/index.php?rest_route=%2Fwp%2Fv2%2Fcomments&post=115955"}],"wp:featuredmedia":[{"embeddable":true,"href":"https:\/\/www.hediyepazar.com\/index.php?rest_route=\/wp\/v2\/media\/115954"}],"wp:attachment":[{"href":"https:\/\/www.hediyepazar.com\/index.php?rest_route=%2Fwp%2Fv2%2Fmedia&parent=115955"}],"wp:term":[{"taxonomy":"product_brand","embeddable":true,"href":"https:\/\/www.hediyepazar.com\/index.php?rest_route=%2Fwp%2Fv2%2Fproduct_brand&post=115955"},{"taxonomy":"product_cat","embeddable":true,"href":"https:\/\/www.hediyepazar.com\/index.php?rest_route=%2Fwp%2Fv2%2Fproduct_cat&post=115955"},{"taxonomy":"product_tag","embeddable":true,"href":"https:\/\/www.hediyepazar.com\/index.php?rest_route=%2Fwp%2Fv2%2Fproduct_tag&post=115955"}],"curies":[{"name":"wp","href":"https:\/\/api.w.org\/{rel}","templated":true}]}}