{"id":115963,"date":"2026-05-05T16:02:11","date_gmt":"2026-05-05T19:02:11","guid":{"rendered":"https:\/\/www.hediyepazar.com\/?product=4-kademeli-hiz-ayarli-usb-sarjli-cift-tarafli-masaustu-vantilator"},"modified":"2026-05-05T16:02:11","modified_gmt":"2026-05-05T19:02:11","slug":"4-kademeli-hiz-ayarli-usb-sarjli-cift-tarafli-masaustu-vantilator","status":"publish","type":"product","link":"https:\/\/www.hediyepazar.com\/?product=4-kademeli-hiz-ayarli-usb-sarjli-cift-tarafli-masaustu-vantilator","title":{"rendered":"4 Kademeli H\u0131z Ayarl\u0131 USB \u015earjl\u0131 \u00c7ift Tarafl\u0131 Masa\u00fcst\u00fc Vantilat\u00f6r"},"content":{"rendered":"<p>Yaz aylar\u0131n\u0131n vazge\u00e7ilmez serinleticisi olan bu fan, \u00e7ift kafal\u0131 tasar\u0131m\u0131 ile odan\u0131zda ferah bir atmosfer yarat\u0131r. USB \u015farj edilebilir yap\u0131s\u0131 sayesinde kolayca \u015farj edilir, powerbank veya bilgisayar \u00fczerinden kullan\u0131labilir. %78 art\u0131r\u0131lm\u0131\u015f pil \u00f6mr\u00fc, uzun s\u00fcre kesintisiz serinlik sunar. \u00c7ift ba\u015fl\u0131k sayesinde hava ak\u0131\u015f\u0131 iki kat\u0131na \u00e7\u0131kar ve daha geni\u015f alanlara yay\u0131l\u0131r. 720\u00b0 d\u00f6nebilen sal\u0131n\u0131m sistemi, havay\u0131 s\u00fcrekli dola\u015ft\u0131rarak odan\u0131n her k\u00f6\u015fesine ula\u015ft\u0131r\u0131r. Sessiz motor teknolojisi, yaln\u0131zca 36 dB g\u00fcr\u00fclt\u00fc seviyesiyle \u00e7al\u0131\u015f\u0131r ve gece uyurken dahi rahats\u0131z etmez. Masa\u00fcst\u00fc kullan\u0131m i\u00e7in uygun oldu\u011fu gibi, alt k\u0131sm\u0131ndaki asma delikleri sayesinde duvara monte edilebilir. Kaymaz tabanl\u0131 yap\u0131s\u0131 g\u00fcvenli kullan\u0131m sa\u011flar. Gece lambas\u0131 fonksiyonu, lo\u015f bir \u0131\u015f\u0131k sa\u011flayarak geceleri huzurlu bir ortam yarat\u0131r. Estetik ve fonksiyonel tasar\u0131m\u0131yla hem ev hem ofis kullan\u0131mlar\u0131 i\u00e7in idealdir.<\/p>\n","protected":false},"excerpt":{"rendered":"<p>Yaz aylar\u0131n\u0131n vazge\u00e7ilmez serinleticisi olan bu fan, \u00e7ift kafal\u0131 tasar\u0131m\u0131 ile odan\u0131zda ferah bir atmosfer yarat\u0131r. USB \u015farj edilebilir yap\u0131s\u0131 sayesinde kolayca \u015farj edilir, powerbank veya bilgisayar \u00fczerinden kullan\u0131labilir. %78 art\u0131r\u0131lm\u0131\u015f pil \u00f6mr\u00fc, uzun s\u00fcre kesintisiz serinlik sunar. \u00c7ift ba\u015fl\u0131k sayesinde hava ak\u0131\u015f\u0131 iki kat\u0131na \u00e7\u0131kar ve daha geni\u015f alanlara yay\u0131l\u0131r. 720\u00b0 d\u00f6nebilen sal\u0131n\u0131m sistemi,&#8230;<\/p>\n","protected":false},"featured_media":115962,"comment_status":"open","ping_status":"closed","template":"","meta":{"_kad_post_transparent":"","_kad_post_title":"","_kad_post_layout":"","_kad_post_sidebar_id":"","_kad_post_content_style":"","_kad_post_vertical_padding":"","_kad_post_feature":"","_kad_post_feature_position":"","_kad_post_header":false,"_kad_post_footer":false,"_kad_post_classname":""},"product_brand":[],"product_cat":[15021],"product_tag":[],"class_list":{"0":"post-115963","1":"product","2":"type-product","3":"status-publish","4":"has-post-thumbnail","6":"product_cat-vantilator-vantilator","8":"first","9":"instock","10":"purchasable","11":"product-type-simple","12":"entry","13":"content-bg","14":"loop-entry"},"_links":{"self":[{"href":"https:\/\/www.hediyepazar.com\/index.php?rest_route=\/wp\/v2\/product\/115963","targetHints":{"allow":["GET"]}}],"collection":[{"href":"https:\/\/www.hediyepazar.com\/index.php?rest_route=\/wp\/v2\/product"}],"about":[{"href":"https:\/\/www.hediyepazar.com\/index.php?rest_route=\/wp\/v2\/types\/product"}],"replies":[{"embeddable":true,"href":"https:\/\/www.hediyepazar.com\/index.php?rest_route=%2Fwp%2Fv2%2Fcomments&post=115963"}],"wp:featuredmedia":[{"embeddable":true,"href":"https:\/\/www.hediyepazar.com\/index.php?rest_route=\/wp\/v2\/media\/115962"}],"wp:attachment":[{"href":"https:\/\/www.hediyepazar.com\/index.php?rest_route=%2Fwp%2Fv2%2Fmedia&parent=115963"}],"wp:term":[{"taxonomy":"product_brand","embeddable":true,"href":"https:\/\/www.hediyepazar.com\/index.php?rest_route=%2Fwp%2Fv2%2Fproduct_brand&post=115963"},{"taxonomy":"product_cat","embeddable":true,"href":"https:\/\/www.hediyepazar.com\/index.php?rest_route=%2Fwp%2Fv2%2Fproduct_cat&post=115963"},{"taxonomy":"product_tag","embeddable":true,"href":"https:\/\/www.hediyepazar.com\/index.php?rest_route=%2Fwp%2Fv2%2Fproduct_tag&post=115963"}],"curies":[{"name":"wp","href":"https:\/\/api.w.org\/{rel}","templated":true}]}}