{"id":116003,"date":"2026-05-05T16:09:11","date_gmt":"2026-05-05T19:09:11","guid":{"rendered":"https:\/\/www.hediyepazar.com\/?product=bluetooth-5-4-ceviri-kulakligi-led-ekranli"},"modified":"2026-05-05T16:09:11","modified_gmt":"2026-05-05T19:09:11","slug":"bluetooth-5-4-ceviri-kulakligi-led-ekranli","status":"publish","type":"product","link":"https:\/\/www.hediyepazar.com\/?product=bluetooth-5-4-ceviri-kulakligi-led-ekranli","title":{"rendered":"Bluetooth 5.4 \u00c7eviri Kulakl\u0131\u011f\u0131 LED Ekranl\u0131"},"content":{"rendered":"<p>Ergonomik tasar\u0131m\u0131 sayesinde g\u00fcn boyu konfor sunan \u00e7eviri kulakl\u0131k, uzun s\u00fcreli kullan\u0131mda rahats\u0131zl\u0131k vermeden kesintisiz dinleme imkan\u0131 sa\u011flar. 4 saate kadar kullan\u0131m s\u00fcresi ve h\u0131zl\u0131 \u015farj \u00f6zelli\u011fiyle her an yan\u0131n\u0131zdad\u0131r. Kristal netli\u011finde y\u00fcksek tan\u0131ml\u0131 ses kalitesi, hem m\u00fczik hem de ger\u00e7ek zamanl\u0131 \u00e7eviri deneyiminizi \u00fcst seviyeye ta\u015f\u0131r. Bluetooth 5.4 teknolojisiyle g\u00fc\u00e7l\u00fc ve stabil ba\u011flant\u0131 sunan bu kulakl\u0131k, ak\u0131ll\u0131 LED ekran\u0131yla pil seviyelerini takip etmeyi kolayla\u015ft\u0131r\u0131r. Hafif ve kompakt yap\u0131s\u0131 sayesinde seyahat, i\u015f toplant\u0131s\u0131 ve g\u00fcnl\u00fck kullan\u0131m i\u00e7in idealdir.<\/p>\n","protected":false},"excerpt":{"rendered":"<p>Ergonomik tasar\u0131m\u0131 sayesinde g\u00fcn boyu konfor sunan \u00e7eviri kulakl\u0131k, uzun s\u00fcreli kullan\u0131mda rahats\u0131zl\u0131k vermeden kesintisiz dinleme imkan\u0131 sa\u011flar. 4 saate kadar kullan\u0131m s\u00fcresi ve h\u0131zl\u0131 \u015farj \u00f6zelli\u011fiyle her an yan\u0131n\u0131zdad\u0131r. Kristal netli\u011finde y\u00fcksek tan\u0131ml\u0131 ses kalitesi, hem m\u00fczik hem de ger\u00e7ek zamanl\u0131 \u00e7eviri deneyiminizi \u00fcst seviyeye ta\u015f\u0131r. Bluetooth 5.4 teknolojisiyle g\u00fc\u00e7l\u00fc ve stabil ba\u011flant\u0131 sunan&#8230;<\/p>\n","protected":false},"featured_media":116002,"comment_status":"open","ping_status":"closed","template":"","meta":{"_kad_post_transparent":"","_kad_post_title":"","_kad_post_layout":"","_kad_post_sidebar_id":"","_kad_post_content_style":"","_kad_post_vertical_padding":"","_kad_post_feature":"","_kad_post_feature_position":"","_kad_post_header":false,"_kad_post_footer":false,"_kad_post_classname":""},"product_brand":[],"product_cat":[14957],"product_tag":[],"class_list":{"0":"post-116003","1":"product","2":"type-product","3":"status-publish","4":"has-post-thumbnail","6":"product_cat-kablosuz-kulaklik-kablosuz-kulaklik","8":"first","9":"instock","10":"purchasable","11":"product-type-simple","12":"entry","13":"content-bg","14":"loop-entry"},"_links":{"self":[{"href":"https:\/\/www.hediyepazar.com\/index.php?rest_route=\/wp\/v2\/product\/116003","targetHints":{"allow":["GET"]}}],"collection":[{"href":"https:\/\/www.hediyepazar.com\/index.php?rest_route=\/wp\/v2\/product"}],"about":[{"href":"https:\/\/www.hediyepazar.com\/index.php?rest_route=\/wp\/v2\/types\/product"}],"replies":[{"embeddable":true,"href":"https:\/\/www.hediyepazar.com\/index.php?rest_route=%2Fwp%2Fv2%2Fcomments&post=116003"}],"wp:featuredmedia":[{"embeddable":true,"href":"https:\/\/www.hediyepazar.com\/index.php?rest_route=\/wp\/v2\/media\/116002"}],"wp:attachment":[{"href":"https:\/\/www.hediyepazar.com\/index.php?rest_route=%2Fwp%2Fv2%2Fmedia&parent=116003"}],"wp:term":[{"taxonomy":"product_brand","embeddable":true,"href":"https:\/\/www.hediyepazar.com\/index.php?rest_route=%2Fwp%2Fv2%2Fproduct_brand&post=116003"},{"taxonomy":"product_cat","embeddable":true,"href":"https:\/\/www.hediyepazar.com\/index.php?rest_route=%2Fwp%2Fv2%2Fproduct_cat&post=116003"},{"taxonomy":"product_tag","embeddable":true,"href":"https:\/\/www.hediyepazar.com\/index.php?rest_route=%2Fwp%2Fv2%2Fproduct_tag&post=116003"}],"curies":[{"name":"wp","href":"https:\/\/api.w.org\/{rel}","templated":true}]}}