{"id":116035,"date":"2026-05-05T16:16:22","date_gmt":"2026-05-05T19:16:22","guid":{"rendered":"https:\/\/www.hediyepazar.com\/?product=portatif-kahve-kopurtucu-latte-cappuccino-milkshake-ve-puding-yapici"},"modified":"2026-05-05T16:16:22","modified_gmt":"2026-05-05T19:16:22","slug":"portatif-kahve-kopurtucu-latte-cappuccino-milkshake-ve-puding-yapici","status":"publish","type":"product","link":"https:\/\/www.hediyepazar.com\/?product=portatif-kahve-kopurtucu-latte-cappuccino-milkshake-ve-puding-yapici","title":{"rendered":"Portatif Kahve K\u00f6p\u00fcrt\u00fcc\u00fc \u2013 Latte Cappuccino Milkshake ve Puding Yap\u0131c\u0131"},"content":{"rendered":"<p>G\u00fcn\u00fcm\u00fczde kahve k\u00fclt\u00fcr\u00fc h\u0131zla geli\u015firken, evde barista kalitesinde i\u00e7ecekler haz\u0131rlamak hi\u00e7 bu kadar kolay olmam\u0131\u015ft\u0131! Mini Pilli Portatif Kar\u0131\u015ft\u0131r\u0131c\u0131, profesyonel kalitede s\u00fct k\u00f6p\u00fc\u011f\u00fc haz\u0131rlayarak latte, cappuccino ve frappe deneyiminizi bir \u00fcst seviyeye ta\u015f\u0131r.Sadece kahve de\u011fil; milkshake, s\u0131cak \u00e7ikolata, puding, yumurta ve sos haz\u0131rlamak i\u00e7in de idealdir. Kompakt boyutu sayesinde \u00e7ekmeceye, \u00e7antaya ya da valize kolayca s\u0131\u011far. Ergonomik yap\u0131s\u0131 uzun s\u00fcreli kullan\u0131mda bile rahatl\u0131k sa\u011flar.2 adet \u201cAA\u201d pil ile \u00e7al\u0131\u015ft\u0131\u011f\u0131ndan kablo karma\u015fas\u0131 olmadan \u00f6zg\u00fcrce kullanabilirsiniz. Paslanmaz \u00e7elik \u00e7\u0131rp\u0131c\u0131 ba\u015fl\u0131\u011f\u0131 sayesinde sa\u011fl\u0131kl\u0131, hijyenik ve dayan\u0131kl\u0131 bir kullan\u0131m sunar. Hem g\u00fcnl\u00fck mutfak ihtiya\u00e7lar\u0131n\u0131z hem de \u00f6zel tarifleriniz i\u00e7in kusursuz bir yard\u0131mc\u0131d\u0131r.<\/p>\n","protected":false},"excerpt":{"rendered":"<p>G\u00fcn\u00fcm\u00fczde kahve k\u00fclt\u00fcr\u00fc h\u0131zla geli\u015firken, evde barista kalitesinde i\u00e7ecekler haz\u0131rlamak hi\u00e7 bu kadar kolay olmam\u0131\u015ft\u0131! Mini Pilli Portatif Kar\u0131\u015ft\u0131r\u0131c\u0131, profesyonel kalitede s\u00fct k\u00f6p\u00fc\u011f\u00fc haz\u0131rlayarak latte, cappuccino ve frappe deneyiminizi bir \u00fcst seviyeye ta\u015f\u0131r.Sadece kahve de\u011fil; milkshake, s\u0131cak \u00e7ikolata, puding, yumurta ve sos haz\u0131rlamak i\u00e7in de idealdir. Kompakt boyutu sayesinde \u00e7ekmeceye, \u00e7antaya ya da valize kolayca&#8230;<\/p>\n","protected":false},"featured_media":116034,"comment_status":"open","ping_status":"closed","template":"","meta":{"_kad_post_transparent":"","_kad_post_title":"","_kad_post_layout":"","_kad_post_sidebar_id":"","_kad_post_content_style":"","_kad_post_vertical_padding":"","_kad_post_feature":"","_kad_post_feature_position":"","_kad_post_header":false,"_kad_post_footer":false,"_kad_post_classname":""},"product_brand":[],"product_cat":[15080],"product_tag":[],"class_list":{"0":"post-116035","1":"product","2":"type-product","3":"status-publish","4":"has-post-thumbnail","6":"product_cat-mikser-mikser","8":"first","9":"instock","10":"purchasable","11":"product-type-simple","12":"entry","13":"content-bg","14":"loop-entry"},"_links":{"self":[{"href":"https:\/\/www.hediyepazar.com\/index.php?rest_route=\/wp\/v2\/product\/116035","targetHints":{"allow":["GET"]}}],"collection":[{"href":"https:\/\/www.hediyepazar.com\/index.php?rest_route=\/wp\/v2\/product"}],"about":[{"href":"https:\/\/www.hediyepazar.com\/index.php?rest_route=\/wp\/v2\/types\/product"}],"replies":[{"embeddable":true,"href":"https:\/\/www.hediyepazar.com\/index.php?rest_route=%2Fwp%2Fv2%2Fcomments&post=116035"}],"wp:featuredmedia":[{"embeddable":true,"href":"https:\/\/www.hediyepazar.com\/index.php?rest_route=\/wp\/v2\/media\/116034"}],"wp:attachment":[{"href":"https:\/\/www.hediyepazar.com\/index.php?rest_route=%2Fwp%2Fv2%2Fmedia&parent=116035"}],"wp:term":[{"taxonomy":"product_brand","embeddable":true,"href":"https:\/\/www.hediyepazar.com\/index.php?rest_route=%2Fwp%2Fv2%2Fproduct_brand&post=116035"},{"taxonomy":"product_cat","embeddable":true,"href":"https:\/\/www.hediyepazar.com\/index.php?rest_route=%2Fwp%2Fv2%2Fproduct_cat&post=116035"},{"taxonomy":"product_tag","embeddable":true,"href":"https:\/\/www.hediyepazar.com\/index.php?rest_route=%2Fwp%2Fv2%2Fproduct_tag&post=116035"}],"curies":[{"name":"wp","href":"https:\/\/api.w.org\/{rel}","templated":true}]}}