{"id":116124,"date":"2026-05-05T16:30:41","date_gmt":"2026-05-05T19:30:41","guid":{"rendered":"https:\/\/www.hediyepazar.com\/?product=yuksek-hassasiyetli-dijital-tansiyon-olcer"},"modified":"2026-05-05T16:30:41","modified_gmt":"2026-05-05T19:30:41","slug":"yuksek-hassasiyetli-dijital-tansiyon-olcer","status":"publish","type":"product","link":"https:\/\/www.hediyepazar.com\/?product=yuksek-hassasiyetli-dijital-tansiyon-olcer","title":{"rendered":"Y\u00fcksek Hassasiyetli Dijital Tansiyon \u00d6l\u00e7er"},"content":{"rendered":"<p>Y\u00fcksek hassasiyetli elektronik tansiyon \u00f6l\u00e7er, profesyonel \u00f6l\u00e7\u00fcm sonu\u00e7lar\u0131n\u0131 evinize ta\u015f\u0131yan modern bir cihazd\u0131r. \u00b13mmHg hata pay\u0131 ile son derece g\u00fcvenilir \u00f6l\u00e7\u00fcmler sunar. IHB aritmi tespiti sayesinde kalp ritminizdeki d\u00fczensizlikleri alg\u0131layarak olas\u0131 riskler hakk\u0131nda sizi \u00f6nceden uyar\u0131r.LCD dijital ekran, \u00f6l\u00e7\u00fcm sonu\u00e7lar\u0131n\u0131 b\u00fcy\u00fck ve okunakl\u0131 bir \u015fekilde g\u00f6sterir. WHO kan bas\u0131nc\u0131 s\u0131n\u0131fland\u0131rma sistemi, sonu\u00e7lar\u0131n\u0131z\u0131 renkli g\u00f6stergelerle de\u011ferlendirerek \u00f6l\u00e7\u00fcmlerinizi daha kolay anlaman\u0131z\u0131 sa\u011flar. Nab\u0131z tarama ve osilometri y\u00f6ntemleri ile \u00f6l\u00e7\u00fcm yapabilen cihaz, do\u011frulu\u011funu iki kat art\u0131r\u0131r.2 kullan\u0131c\u0131 i\u00e7in ayr\u0131 ayr\u0131 99 \u00f6l\u00e7\u00fcm haf\u0131zas\u0131na sahiptir. Bu sayede aile bireyleri \u00f6l\u00e7\u00fcm verilerini d\u00fczenli olarak takip edebilir. Kompakt tasar\u0131m\u0131 ve 300 graml\u0131k hafifli\u011fi ile ta\u015f\u0131nabilir bir yap\u0131ya sahiptir. 4 adet AAA pil veya USB kablo ile kullan\u0131labilmesi, enerji ihtiyac\u0131n\u0131 kar\u015f\u0131lamada esneklik sa\u011flar. Paket i\u00e7eri\u011finde tansiyon \u00f6l\u00e7\u00fcm bandaj\u0131, kullan\u0131m k\u0131lavuzu ve monit\u00f6r bulunmaktad\u0131r. D\u00fczenli tansiyon takibi yapmak isteyen herkes i\u00e7in ideal bir \u00fcr\u00fcnd\u00fcr.<\/p>\n","protected":false},"excerpt":{"rendered":"<p>Y\u00fcksek hassasiyetli elektronik tansiyon \u00f6l\u00e7er, profesyonel \u00f6l\u00e7\u00fcm sonu\u00e7lar\u0131n\u0131 evinize ta\u015f\u0131yan modern bir cihazd\u0131r. \u00b13mmHg hata pay\u0131 ile son derece g\u00fcvenilir \u00f6l\u00e7\u00fcmler sunar. IHB aritmi tespiti sayesinde kalp ritminizdeki d\u00fczensizlikleri alg\u0131layarak olas\u0131 riskler hakk\u0131nda sizi \u00f6nceden uyar\u0131r.LCD dijital ekran, \u00f6l\u00e7\u00fcm sonu\u00e7lar\u0131n\u0131 b\u00fcy\u00fck ve okunakl\u0131 bir \u015fekilde g\u00f6sterir. WHO kan bas\u0131nc\u0131 s\u0131n\u0131fland\u0131rma sistemi, sonu\u00e7lar\u0131n\u0131z\u0131 renkli g\u00f6stergelerle de\u011ferlendirerek&#8230;<\/p>\n","protected":false},"featured_media":116123,"comment_status":"open","ping_status":"closed","template":"","meta":{"_kad_post_transparent":"","_kad_post_title":"","_kad_post_layout":"","_kad_post_sidebar_id":"","_kad_post_content_style":"","_kad_post_vertical_padding":"","_kad_post_feature":"","_kad_post_feature_position":"","_kad_post_header":false,"_kad_post_footer":false,"_kad_post_classname":""},"product_brand":[],"product_cat":[15084],"product_tag":[],"class_list":{"0":"post-116124","1":"product","2":"type-product","3":"status-publish","4":"has-post-thumbnail","6":"product_cat-tansiyon-aleti-tansiyon-aleti","8":"first","9":"instock","10":"purchasable","11":"product-type-simple","12":"entry","13":"content-bg","14":"loop-entry"},"_links":{"self":[{"href":"https:\/\/www.hediyepazar.com\/index.php?rest_route=\/wp\/v2\/product\/116124","targetHints":{"allow":["GET"]}}],"collection":[{"href":"https:\/\/www.hediyepazar.com\/index.php?rest_route=\/wp\/v2\/product"}],"about":[{"href":"https:\/\/www.hediyepazar.com\/index.php?rest_route=\/wp\/v2\/types\/product"}],"replies":[{"embeddable":true,"href":"https:\/\/www.hediyepazar.com\/index.php?rest_route=%2Fwp%2Fv2%2Fcomments&post=116124"}],"wp:featuredmedia":[{"embeddable":true,"href":"https:\/\/www.hediyepazar.com\/index.php?rest_route=\/wp\/v2\/media\/116123"}],"wp:attachment":[{"href":"https:\/\/www.hediyepazar.com\/index.php?rest_route=%2Fwp%2Fv2%2Fmedia&parent=116124"}],"wp:term":[{"taxonomy":"product_brand","embeddable":true,"href":"https:\/\/www.hediyepazar.com\/index.php?rest_route=%2Fwp%2Fv2%2Fproduct_brand&post=116124"},{"taxonomy":"product_cat","embeddable":true,"href":"https:\/\/www.hediyepazar.com\/index.php?rest_route=%2Fwp%2Fv2%2Fproduct_cat&post=116124"},{"taxonomy":"product_tag","embeddable":true,"href":"https:\/\/www.hediyepazar.com\/index.php?rest_route=%2Fwp%2Fv2%2Fproduct_tag&post=116124"}],"curies":[{"name":"wp","href":"https:\/\/api.w.org\/{rel}","templated":true}]}}