{"id":116140,"date":"2026-05-05T16:31:25","date_gmt":"2026-05-05T19:31:25","guid":{"rendered":"https:\/\/www.hediyepazar.com\/?product=katlanabilir-4k-kamera-drone-uzaktan-kumandali-profesyonel-drone"},"modified":"2026-05-05T16:31:25","modified_gmt":"2026-05-05T19:31:25","slug":"katlanabilir-4k-kamera-drone-uzaktan-kumandali-profesyonel-drone","status":"publish","type":"product","link":"https:\/\/www.hediyepazar.com\/?product=katlanabilir-4k-kamera-drone-uzaktan-kumandali-profesyonel-drone","title":{"rendered":"Katlanabilir 4K Kamera Drone Uzaktan Kumandal\u0131 Profesyonel Drone"},"content":{"rendered":"<p>Katlanabilir tasar\u0131m\u0131 sayesinde kolayca ta\u015f\u0131nabilen bu 4K kamera \u00f6zellikli drone, hem amat\u00f6r kullan\u0131c\u0131lar hem de profesyonel \u00e7ekim yapmak isteyenler i\u00e7in m\u00fckemmel bir se\u00e7imdir. Kompakt boyutu, seyahatlerde yan\u0131n\u0131zda ta\u015f\u0131may\u0131 son derece pratik hale getirir. Katlanabilir kollar\u0131, drone\u2019un minimum alan kaplamas\u0131n\u0131 sa\u011flar ve cihaz\u0131 \u00e7antan\u0131za koyarak her yerde kullanabilmenize imkan tan\u0131r.Y\u00fckseklik sabitleme modu, sabit bir u\u00e7u\u015f deneyimi sunar ve titre\u015fimi minimuma indirerek \u00e7ekimlerinizi daha net hale getirir. \u00d6zellikle foto\u011fraf ve video \u00e7ekimlerinde bu \u00f6zellik, daha profesyonel sonu\u00e7lar alman\u0131za yard\u0131mc\u0131 olur. 2.4GHz g\u00fc\u00e7l\u00fc ba\u011flant\u0131 teknolojisi sayesinde parazit engellenir ve 100 metreye kadar kontrol mesafesi elde edebilirsiniz.Uygulama \u00fczerinden ba\u011flanabilen Wi-Fi fonksiyonu ile ger\u00e7ek zamanl\u0131 g\u00f6r\u00fcnt\u00fc aktar\u0131m\u0131 m\u00fcmk\u00fcnd\u00fcr. Telefonunuza indirdi\u011finiz uygulama ile drone\u2019un kameras\u0131n\u0131 anl\u0131k takip edebilir, diledi\u011finiz yerde foto\u011fraf ve video \u00e7ekebilirsiniz. Ba\u015fs\u0131z mod \u00f6zelli\u011fi ise y\u00f6n kar\u0131\u015f\u0131kl\u0131\u011f\u0131n\u0131 ortadan kald\u0131r\u0131r ve yeni ba\u015flayanlar i\u00e7in kolay kullan\u0131m sa\u011flar. Tek tu\u015fla eve d\u00f6n\u00fc\u015f fonksiyonu da cihaz\u0131n\u0131z\u0131 kaybetme riskini ortadan kald\u0131r\u0131r.360\u00b0 takla hareketleri, y\u00f6r\u00fcnge u\u00e7u\u015fu ve otomatik rota belirleme \u00f6zellikleri sayesinde u\u00e7u\u015f deneyiminiz \u00e7ok daha keyifli hale gelir. 1800mAh g\u00fc\u00e7l\u00fc bataryas\u0131 ile 12-15 dakika kesintisiz u\u00e7u\u015f yapabilir, 100 dakikal\u0131k k\u0131sa \u015farj s\u00fcresi ile tekrar kullan\u0131ma haz\u0131r hale getirebilirsiniz.Bu drone, ta\u015f\u0131nabilir yap\u0131s\u0131, y\u00fcksek \u00e7\u00f6z\u00fcn\u00fcrl\u00fckl\u00fc kameras\u0131, g\u00fcvenli u\u00e7u\u015f modlar\u0131 ve kolay kullan\u0131m\u0131 ile hem hobi ama\u00e7l\u0131 kullan\u0131c\u0131lar hem de i\u00e7erik \u00fcreticileri i\u00e7in vazge\u00e7ilmez bir teknoloji \u00fcr\u00fcn\u00fcd\u00fcr.<\/p>\n","protected":false},"excerpt":{"rendered":"<p>Katlanabilir tasar\u0131m\u0131 sayesinde kolayca ta\u015f\u0131nabilen bu 4K kamera \u00f6zellikli drone, hem amat\u00f6r kullan\u0131c\u0131lar hem de profesyonel \u00e7ekim yapmak isteyenler i\u00e7in m\u00fckemmel bir se\u00e7imdir. Kompakt boyutu, seyahatlerde yan\u0131n\u0131zda ta\u015f\u0131may\u0131 son derece pratik hale getirir. Katlanabilir kollar\u0131, drone\u2019un minimum alan kaplamas\u0131n\u0131 sa\u011flar ve cihaz\u0131 \u00e7antan\u0131za koyarak her yerde kullanabilmenize imkan tan\u0131r.Y\u00fckseklik sabitleme modu, sabit bir u\u00e7u\u015f deneyimi&#8230;<\/p>\n","protected":false},"featured_media":116139,"comment_status":"open","ping_status":"closed","template":"","meta":{"_kad_post_transparent":"","_kad_post_title":"","_kad_post_layout":"","_kad_post_sidebar_id":"","_kad_post_content_style":"","_kad_post_vertical_padding":"","_kad_post_feature":"","_kad_post_feature_position":"","_kad_post_header":false,"_kad_post_footer":false,"_kad_post_classname":""},"product_brand":[],"product_cat":[15086],"product_tag":[],"class_list":{"0":"post-116140","1":"product","2":"type-product","3":"status-publish","4":"has-post-thumbnail","6":"product_cat-drone-drone","8":"first","9":"instock","10":"purchasable","11":"product-type-simple","12":"entry","13":"content-bg","14":"loop-entry"},"_links":{"self":[{"href":"https:\/\/www.hediyepazar.com\/index.php?rest_route=\/wp\/v2\/product\/116140","targetHints":{"allow":["GET"]}}],"collection":[{"href":"https:\/\/www.hediyepazar.com\/index.php?rest_route=\/wp\/v2\/product"}],"about":[{"href":"https:\/\/www.hediyepazar.com\/index.php?rest_route=\/wp\/v2\/types\/product"}],"replies":[{"embeddable":true,"href":"https:\/\/www.hediyepazar.com\/index.php?rest_route=%2Fwp%2Fv2%2Fcomments&post=116140"}],"wp:featuredmedia":[{"embeddable":true,"href":"https:\/\/www.hediyepazar.com\/index.php?rest_route=\/wp\/v2\/media\/116139"}],"wp:attachment":[{"href":"https:\/\/www.hediyepazar.com\/index.php?rest_route=%2Fwp%2Fv2%2Fmedia&parent=116140"}],"wp:term":[{"taxonomy":"product_brand","embeddable":true,"href":"https:\/\/www.hediyepazar.com\/index.php?rest_route=%2Fwp%2Fv2%2Fproduct_brand&post=116140"},{"taxonomy":"product_cat","embeddable":true,"href":"https:\/\/www.hediyepazar.com\/index.php?rest_route=%2Fwp%2Fv2%2Fproduct_cat&post=116140"},{"taxonomy":"product_tag","embeddable":true,"href":"https:\/\/www.hediyepazar.com\/index.php?rest_route=%2Fwp%2Fv2%2Fproduct_tag&post=116140"}],"curies":[{"name":"wp","href":"https:\/\/api.w.org\/{rel}","templated":true}]}}