{"id":116176,"date":"2026-05-05T16:36:11","date_gmt":"2026-05-05T19:36:11","guid":{"rendered":"https:\/\/www.hediyepazar.com\/?product=lcd-ekranli-sarjli-tiras-makinesi-erkek-sac-sakal-kesme"},"modified":"2026-05-05T16:36:11","modified_gmt":"2026-05-05T19:36:11","slug":"lcd-ekranli-sarjli-tiras-makinesi-erkek-sac-sakal-kesme","status":"publish","type":"product","link":"https:\/\/www.hediyepazar.com\/?product=lcd-ekranli-sarjli-tiras-makinesi-erkek-sac-sakal-kesme","title":{"rendered":"LCD Ekranl\u0131 \u015earjl\u0131 T\u0131ra\u015f Makinesi Erkek Sa\u00e7 Sakal Kesme"},"content":{"rendered":"<p>Bu profesyonel t\u0131ra\u015f makinesi, erkeklerin g\u00fcnl\u00fck bak\u0131m rutinini kolayla\u015ft\u0131rmak i\u00e7in geli\u015ftirilmi\u015ftir. Islak ve kuru kullan\u0131m \u00f6zelli\u011fi ile du\u015fta veya normal ortamda rahatl\u0131kla kullan\u0131labilir. Suya dayan\u0131kl\u0131 g\u00f6vdesi sayesinde hijyenik bir kullan\u0131m sunar. K\u00f6p\u00fck, jel ya da su ile t\u0131ra\u015f olurken cildi tahri\u015f etmez, yumu\u015fak ve p\u00fcr\u00fczs\u00fcz bir sonu\u00e7 sa\u011flar. Kuru kullan\u0131mda ise g\u00fc\u00e7l\u00fc \u015farjl\u0131 bataryas\u0131yla kesintisiz performans sergiler. LCD ekran, \u015farj durumunu ve kullan\u0131m seviyesini kolayca g\u00f6rmenizi sa\u011flar. 0.1 mm hassas kesim b\u0131\u00e7aklar\u0131 sayesinde ense, sa\u00e7 ve sakal kesiminde net sonu\u00e7lar elde edilir. Turbo motor g\u00fcc\u00fcyle kal\u0131n sa\u00e7 tiplerinde bile etkili bir performans sunar. \u015e\u0131k ve ergonomik tasar\u0131m\u0131 elinizde rahat kavrama sa\u011flar. Uzun \u00f6m\u00fcrl\u00fc metal g\u00f6vdesiyle dayan\u0131kl\u0131 ve profesyonel bir se\u00e7imdir.<\/p>\n","protected":false},"excerpt":{"rendered":"<p>Bu profesyonel t\u0131ra\u015f makinesi, erkeklerin g\u00fcnl\u00fck bak\u0131m rutinini kolayla\u015ft\u0131rmak i\u00e7in geli\u015ftirilmi\u015ftir. Islak ve kuru kullan\u0131m \u00f6zelli\u011fi ile du\u015fta veya normal ortamda rahatl\u0131kla kullan\u0131labilir. Suya dayan\u0131kl\u0131 g\u00f6vdesi sayesinde hijyenik bir kullan\u0131m sunar. K\u00f6p\u00fck, jel ya da su ile t\u0131ra\u015f olurken cildi tahri\u015f etmez, yumu\u015fak ve p\u00fcr\u00fczs\u00fcz bir sonu\u00e7 sa\u011flar. Kuru kullan\u0131mda ise g\u00fc\u00e7l\u00fc \u015farjl\u0131 bataryas\u0131yla kesintisiz&#8230;<\/p>\n","protected":false},"featured_media":116175,"comment_status":"open","ping_status":"closed","template":"","meta":{"_kad_post_transparent":"","_kad_post_title":"","_kad_post_layout":"","_kad_post_sidebar_id":"","_kad_post_content_style":"","_kad_post_vertical_padding":"","_kad_post_feature":"","_kad_post_feature_position":"","_kad_post_header":false,"_kad_post_footer":false,"_kad_post_classname":""},"product_brand":[],"product_cat":[14925],"product_tag":[],"class_list":{"0":"post-116176","1":"product","2":"type-product","3":"status-publish","4":"has-post-thumbnail","6":"product_cat-tiras-makinesi-tiras-makinesi","8":"first","9":"instock","10":"purchasable","11":"product-type-simple","12":"entry","13":"content-bg","14":"loop-entry"},"_links":{"self":[{"href":"https:\/\/www.hediyepazar.com\/index.php?rest_route=\/wp\/v2\/product\/116176","targetHints":{"allow":["GET"]}}],"collection":[{"href":"https:\/\/www.hediyepazar.com\/index.php?rest_route=\/wp\/v2\/product"}],"about":[{"href":"https:\/\/www.hediyepazar.com\/index.php?rest_route=\/wp\/v2\/types\/product"}],"replies":[{"embeddable":true,"href":"https:\/\/www.hediyepazar.com\/index.php?rest_route=%2Fwp%2Fv2%2Fcomments&post=116176"}],"wp:featuredmedia":[{"embeddable":true,"href":"https:\/\/www.hediyepazar.com\/index.php?rest_route=\/wp\/v2\/media\/116175"}],"wp:attachment":[{"href":"https:\/\/www.hediyepazar.com\/index.php?rest_route=%2Fwp%2Fv2%2Fmedia&parent=116176"}],"wp:term":[{"taxonomy":"product_brand","embeddable":true,"href":"https:\/\/www.hediyepazar.com\/index.php?rest_route=%2Fwp%2Fv2%2Fproduct_brand&post=116176"},{"taxonomy":"product_cat","embeddable":true,"href":"https:\/\/www.hediyepazar.com\/index.php?rest_route=%2Fwp%2Fv2%2Fproduct_cat&post=116176"},{"taxonomy":"product_tag","embeddable":true,"href":"https:\/\/www.hediyepazar.com\/index.php?rest_route=%2Fwp%2Fv2%2Fproduct_tag&post=116176"}],"curies":[{"name":"wp","href":"https:\/\/api.w.org\/{rel}","templated":true}]}}