{"id":116250,"date":"2026-05-05T16:44:00","date_gmt":"2026-05-05T19:44:00","guid":{"rendered":"https:\/\/www.hediyepazar.com\/?product=arac-ici-bluetooth-aux-muzik-ve-telefon-gorusmesi-adaptoru"},"modified":"2026-05-05T16:44:00","modified_gmt":"2026-05-05T19:44:00","slug":"arac-ici-bluetooth-aux-muzik-ve-telefon-gorusmesi-adaptoru","status":"publish","type":"product","link":"https:\/\/www.hediyepazar.com\/?product=arac-ici-bluetooth-aux-muzik-ve-telefon-gorusmesi-adaptoru","title":{"rendered":"Ara\u00e7 \u0130\u00e7i Bluetooth AUX M\u00fczik ve Telefon G\u00f6r\u00fc\u015fmesi Adapt\u00f6r\u00fc"},"content":{"rendered":"<p>Bluetooth AUX Ara\u00e7 Kiti, arac\u0131n\u0131zda kablosuz m\u00fczik dinleme ve eller serbest telefon g\u00f6r\u00fc\u015fmeleri yapma imkan\u0131 sunar. Aux giri\u015fine sahip t\u00fcm ara\u00e7 ses sistemleriyle uyumlu olan bu cihaz, telefonunuzdaki m\u00fczikleri y\u00fcksek ses kalitesiyle arac\u0131n\u0131za aktar\u0131r. Bluetooth v3.0+EDR teknolojisi sayesinde 10 metreye kadar kesintisiz ba\u011flant\u0131 sa\u011flar. Dahili mikrofonu ile telefon g\u00f6r\u00fc\u015fmelerinizi net ve anla\u015f\u0131l\u0131r bir \u015fekilde yapabilirsiniz. On-Off d\u00fc\u011fmesi ile kolayca a\u00e7\u0131l\u0131p kapat\u0131l\u0131r, LED g\u00f6stergeleri sayesinde ba\u011flant\u0131 durumu rahatl\u0131kla takip edilir. 8 saate kadar kesintisiz kullan\u0131m s\u00fcresi sunan \u015farj edilebilir bataryas\u0131, USB kablo ile kolayca doldurulabilir. K\u00fc\u00e7\u00fck boyutu sayesinde arac\u0131n\u0131zda yer kaplamaz ve her an yan\u0131n\u0131zda ta\u015f\u0131yabilirsiniz.<\/p>\n","protected":false},"excerpt":{"rendered":"<p>Bluetooth AUX Ara\u00e7 Kiti, arac\u0131n\u0131zda kablosuz m\u00fczik dinleme ve eller serbest telefon g\u00f6r\u00fc\u015fmeleri yapma imkan\u0131 sunar. Aux giri\u015fine sahip t\u00fcm ara\u00e7 ses sistemleriyle uyumlu olan bu cihaz, telefonunuzdaki m\u00fczikleri y\u00fcksek ses kalitesiyle arac\u0131n\u0131za aktar\u0131r. Bluetooth v3.0+EDR teknolojisi sayesinde 10 metreye kadar kesintisiz ba\u011flant\u0131 sa\u011flar. Dahili mikrofonu ile telefon g\u00f6r\u00fc\u015fmelerinizi net ve anla\u015f\u0131l\u0131r bir \u015fekilde yapabilirsiniz&#8230;.<\/p>\n","protected":false},"featured_media":116249,"comment_status":"open","ping_status":"closed","template":"","meta":{"_kad_post_transparent":"","_kad_post_title":"","_kad_post_layout":"","_kad_post_sidebar_id":"","_kad_post_content_style":"","_kad_post_vertical_padding":"","_kad_post_feature":"","_kad_post_feature_position":"","_kad_post_header":false,"_kad_post_footer":false,"_kad_post_classname":""},"product_brand":[],"product_cat":[15020],"product_tag":[],"class_list":{"0":"post-116250","1":"product","2":"type-product","3":"status-publish","4":"has-post-thumbnail","6":"product_cat-bluetooth-arac-kiti-bluetooth-arac-kiti","8":"first","9":"instock","10":"purchasable","11":"product-type-simple","12":"entry","13":"content-bg","14":"loop-entry"},"_links":{"self":[{"href":"https:\/\/www.hediyepazar.com\/index.php?rest_route=\/wp\/v2\/product\/116250","targetHints":{"allow":["GET"]}}],"collection":[{"href":"https:\/\/www.hediyepazar.com\/index.php?rest_route=\/wp\/v2\/product"}],"about":[{"href":"https:\/\/www.hediyepazar.com\/index.php?rest_route=\/wp\/v2\/types\/product"}],"replies":[{"embeddable":true,"href":"https:\/\/www.hediyepazar.com\/index.php?rest_route=%2Fwp%2Fv2%2Fcomments&post=116250"}],"wp:featuredmedia":[{"embeddable":true,"href":"https:\/\/www.hediyepazar.com\/index.php?rest_route=\/wp\/v2\/media\/116249"}],"wp:attachment":[{"href":"https:\/\/www.hediyepazar.com\/index.php?rest_route=%2Fwp%2Fv2%2Fmedia&parent=116250"}],"wp:term":[{"taxonomy":"product_brand","embeddable":true,"href":"https:\/\/www.hediyepazar.com\/index.php?rest_route=%2Fwp%2Fv2%2Fproduct_brand&post=116250"},{"taxonomy":"product_cat","embeddable":true,"href":"https:\/\/www.hediyepazar.com\/index.php?rest_route=%2Fwp%2Fv2%2Fproduct_cat&post=116250"},{"taxonomy":"product_tag","embeddable":true,"href":"https:\/\/www.hediyepazar.com\/index.php?rest_route=%2Fwp%2Fv2%2Fproduct_tag&post=116250"}],"curies":[{"name":"wp","href":"https:\/\/api.w.org\/{rel}","templated":true}]}}