{"id":116254,"date":"2026-05-05T16:44:17","date_gmt":"2026-05-05T19:44:17","guid":{"rendered":"https:\/\/www.hediyepazar.com\/?product=hdmi-ve-usb-girisli-uzun-omurlu-ampullu-projeksiyon"},"modified":"2026-05-05T16:44:17","modified_gmt":"2026-05-05T19:44:17","slug":"hdmi-ve-usb-girisli-uzun-omurlu-ampullu-projeksiyon","status":"publish","type":"product","link":"https:\/\/www.hediyepazar.com\/?product=hdmi-ve-usb-girisli-uzun-omurlu-ampullu-projeksiyon","title":{"rendered":"HDMI ve USB Giri\u015fli Uzun \u00d6m\u00fcrl\u00fc Ampull\u00fc Projeksiyon"},"content":{"rendered":"<p>Bu cihaz, 130 in\u00e7 geni\u015f ekran deste\u011fi ile sinema keyfini ev ortam\u0131na ta\u015f\u0131r. Full HD \u00e7\u00f6z\u00fcn\u00fcrl\u00fck ve 4K uyumluluk sayesinde filmler, diziler ve sunumlar net ve ayr\u0131nt\u0131l\u0131 \u015fekilde g\u00f6r\u00fcnt\u00fclenir. 160 ANSI l\u00fcmen parlakl\u0131k, farkl\u0131 \u0131\u015f\u0131k ko\u015fullar\u0131nda net g\u00f6r\u00fcnt\u00fc sa\u011flar. HDMI ve USB giri\u015fleri ile oyun konsolu, bilgisayar veya medya oynat\u0131c\u0131 ba\u011flanabilir. Kablosuz ba\u011flant\u0131 \u00f6zelli\u011fi, mobil cihazlardan kolay i\u00e7erik aktar\u0131m\u0131 yapma imk\u00e2n\u0131 verir. 5000 saat ampul \u00f6mr\u00fc ile uzun s\u00fcreli kullan\u0131m sa\u011flar.<\/p>\n","protected":false},"excerpt":{"rendered":"<p>Bu cihaz, 130 in\u00e7 geni\u015f ekran deste\u011fi ile sinema keyfini ev ortam\u0131na ta\u015f\u0131r. Full HD \u00e7\u00f6z\u00fcn\u00fcrl\u00fck ve 4K uyumluluk sayesinde filmler, diziler ve sunumlar net ve ayr\u0131nt\u0131l\u0131 \u015fekilde g\u00f6r\u00fcnt\u00fclenir. 160 ANSI l\u00fcmen parlakl\u0131k, farkl\u0131 \u0131\u015f\u0131k ko\u015fullar\u0131nda net g\u00f6r\u00fcnt\u00fc sa\u011flar. HDMI ve USB giri\u015fleri ile oyun konsolu, bilgisayar veya medya oynat\u0131c\u0131 ba\u011flanabilir. Kablosuz ba\u011flant\u0131 \u00f6zelli\u011fi, mobil&#8230;<\/p>\n","protected":false},"featured_media":116253,"comment_status":"open","ping_status":"closed","template":"","meta":{"_kad_post_transparent":"","_kad_post_title":"","_kad_post_layout":"","_kad_post_sidebar_id":"","_kad_post_content_style":"","_kad_post_vertical_padding":"","_kad_post_feature":"","_kad_post_feature_position":"","_kad_post_header":false,"_kad_post_footer":false,"_kad_post_classname":""},"product_brand":[],"product_cat":[14905],"product_tag":[],"class_list":{"0":"post-116254","1":"product","2":"type-product","3":"status-publish","4":"has-post-thumbnail","6":"product_cat-projeksiyon-projeksiyon","8":"first","9":"instock","10":"purchasable","11":"product-type-simple","12":"entry","13":"content-bg","14":"loop-entry"},"_links":{"self":[{"href":"https:\/\/www.hediyepazar.com\/index.php?rest_route=\/wp\/v2\/product\/116254","targetHints":{"allow":["GET"]}}],"collection":[{"href":"https:\/\/www.hediyepazar.com\/index.php?rest_route=\/wp\/v2\/product"}],"about":[{"href":"https:\/\/www.hediyepazar.com\/index.php?rest_route=\/wp\/v2\/types\/product"}],"replies":[{"embeddable":true,"href":"https:\/\/www.hediyepazar.com\/index.php?rest_route=%2Fwp%2Fv2%2Fcomments&post=116254"}],"wp:featuredmedia":[{"embeddable":true,"href":"https:\/\/www.hediyepazar.com\/index.php?rest_route=\/wp\/v2\/media\/116253"}],"wp:attachment":[{"href":"https:\/\/www.hediyepazar.com\/index.php?rest_route=%2Fwp%2Fv2%2Fmedia&parent=116254"}],"wp:term":[{"taxonomy":"product_brand","embeddable":true,"href":"https:\/\/www.hediyepazar.com\/index.php?rest_route=%2Fwp%2Fv2%2Fproduct_brand&post=116254"},{"taxonomy":"product_cat","embeddable":true,"href":"https:\/\/www.hediyepazar.com\/index.php?rest_route=%2Fwp%2Fv2%2Fproduct_cat&post=116254"},{"taxonomy":"product_tag","embeddable":true,"href":"https:\/\/www.hediyepazar.com\/index.php?rest_route=%2Fwp%2Fv2%2Fproduct_tag&post=116254"}],"curies":[{"name":"wp","href":"https:\/\/api.w.org\/{rel}","templated":true}]}}