{"id":116310,"date":"2026-05-05T16:51:13","date_gmt":"2026-05-05T19:51:13","guid":{"rendered":"https:\/\/www.hediyepazar.com\/?product=solar-enerjiyle-calisan-ip65-su-gecirmez-20-led-duvar-lambasi"},"modified":"2026-05-05T16:51:13","modified_gmt":"2026-05-05T19:51:13","slug":"solar-enerjiyle-calisan-ip65-su-gecirmez-20-led-duvar-lambasi","status":"publish","type":"product","link":"https:\/\/www.hediyepazar.com\/?product=solar-enerjiyle-calisan-ip65-su-gecirmez-20-led-duvar-lambasi","title":{"rendered":"Solar Enerjiyle \u00c7al\u0131\u015fan IP65 Su Ge\u00e7irmez 20 LED Duvar Lambas\u0131"},"content":{"rendered":"<p>20 LED\u2019li solar lamba, \u00f6zellikle bah\u00e7eler ve d\u0131\u015f mekan g\u00fcvenlik ayd\u0131nlatmalar\u0131 i\u00e7in tasarlanm\u0131\u015ft\u0131r. Y\u00fcksek parlakl\u0131k sunan SMD LED\u2019ler, gece boyunca net g\u00f6r\u00fc\u015f sa\u011flar. PIR hareket sens\u00f6r\u00fc, 3 metreye kadar hareketleri alg\u0131lar ve \u0131\u015f\u0131\u011f\u0131 otomatik olarak devreye sokar. Bu \u00f6zellik, hem g\u00fcvenlik hem de enerji tasarrufu a\u00e7\u0131s\u0131ndan idealdir. IP65 su ge\u00e7irmezlik standard\u0131 sayesinde ya\u011fmur, kar ve toza kar\u015f\u0131 koruma sunar. -5\u00b0C ile 60\u00b0C aras\u0131nda \u00e7al\u0131\u015fabilen bu \u00fcr\u00fcn, d\u00f6rt mevsim boyunca kesintisiz performans g\u00f6sterir. G\u00fcnd\u00fczleri g\u00fcne\u015f enerjisini depolayan solar panel, geceleri otomatik olarak devreye girer. Kablo gerektirmeyen tasar\u0131m\u0131 sayesinde montaj\u0131 kolayd\u0131r. Bah\u00e7e yollar\u0131, otoparklar, verandalar ve kap\u0131 giri\u015fleri gibi bir\u00e7ok alanda kullan\u0131labilir.<\/p>\n","protected":false},"excerpt":{"rendered":"<p>20 LED\u2019li solar lamba, \u00f6zellikle bah\u00e7eler ve d\u0131\u015f mekan g\u00fcvenlik ayd\u0131nlatmalar\u0131 i\u00e7in tasarlanm\u0131\u015ft\u0131r. Y\u00fcksek parlakl\u0131k sunan SMD LED\u2019ler, gece boyunca net g\u00f6r\u00fc\u015f sa\u011flar. PIR hareket sens\u00f6r\u00fc, 3 metreye kadar hareketleri alg\u0131lar ve \u0131\u015f\u0131\u011f\u0131 otomatik olarak devreye sokar. Bu \u00f6zellik, hem g\u00fcvenlik hem de enerji tasarrufu a\u00e7\u0131s\u0131ndan idealdir. IP65 su ge\u00e7irmezlik standard\u0131 sayesinde ya\u011fmur, kar ve&#8230;<\/p>\n","protected":false},"featured_media":116309,"comment_status":"open","ping_status":"closed","template":"","meta":{"_kad_post_transparent":"","_kad_post_title":"","_kad_post_layout":"","_kad_post_sidebar_id":"","_kad_post_content_style":"","_kad_post_vertical_padding":"","_kad_post_feature":"","_kad_post_feature_position":"","_kad_post_header":false,"_kad_post_footer":false,"_kad_post_classname":""},"product_brand":[],"product_cat":[14946],"product_tag":[],"class_list":{"0":"post-116310","1":"product","2":"type-product","3":"status-publish","4":"has-post-thumbnail","6":"product_cat-bahce-aydinlatmasi-bahce-aydinlatmasi","8":"first","9":"instock","10":"purchasable","11":"product-type-simple","12":"entry","13":"content-bg","14":"loop-entry"},"_links":{"self":[{"href":"https:\/\/www.hediyepazar.com\/index.php?rest_route=\/wp\/v2\/product\/116310","targetHints":{"allow":["GET"]}}],"collection":[{"href":"https:\/\/www.hediyepazar.com\/index.php?rest_route=\/wp\/v2\/product"}],"about":[{"href":"https:\/\/www.hediyepazar.com\/index.php?rest_route=\/wp\/v2\/types\/product"}],"replies":[{"embeddable":true,"href":"https:\/\/www.hediyepazar.com\/index.php?rest_route=%2Fwp%2Fv2%2Fcomments&post=116310"}],"wp:featuredmedia":[{"embeddable":true,"href":"https:\/\/www.hediyepazar.com\/index.php?rest_route=\/wp\/v2\/media\/116309"}],"wp:attachment":[{"href":"https:\/\/www.hediyepazar.com\/index.php?rest_route=%2Fwp%2Fv2%2Fmedia&parent=116310"}],"wp:term":[{"taxonomy":"product_brand","embeddable":true,"href":"https:\/\/www.hediyepazar.com\/index.php?rest_route=%2Fwp%2Fv2%2Fproduct_brand&post=116310"},{"taxonomy":"product_cat","embeddable":true,"href":"https:\/\/www.hediyepazar.com\/index.php?rest_route=%2Fwp%2Fv2%2Fproduct_cat&post=116310"},{"taxonomy":"product_tag","embeddable":true,"href":"https:\/\/www.hediyepazar.com\/index.php?rest_route=%2Fwp%2Fv2%2Fproduct_tag&post=116310"}],"curies":[{"name":"wp","href":"https:\/\/api.w.org\/{rel}","templated":true}]}}