{"id":116382,"date":"2026-05-05T17:03:28","date_gmt":"2026-05-05T20:03:28","guid":{"rendered":"https:\/\/www.hediyepazar.com\/?product=kuafor-kalitesinde-ev-tipi-sac-kurutma-ve-sekillendirme"},"modified":"2026-05-05T17:03:28","modified_gmt":"2026-05-05T20:03:28","slug":"kuafor-kalitesinde-ev-tipi-sac-kurutma-ve-sekillendirme","status":"publish","type":"product","link":"https:\/\/www.hediyepazar.com\/?product=kuafor-kalitesinde-ev-tipi-sac-kurutma-ve-sekillendirme","title":{"rendered":"Kuaf\u00f6r Kalitesinde Ev Tipi Sa\u00e7 Kurutma ve \u015eekillendirme"},"content":{"rendered":"<p>1200W Kurutmal\u0131 Sa\u00e7 \u015eekillendirici F\u00f6nl\u00fc F\u0131r\u00e7a, g\u00fcnl\u00fck bak\u0131mda kar\u015f\u0131la\u015f\u0131lan elektriklenme sorununu ortadan kald\u0131r\u0131r. Negatif iyon teknolojisi ile sa\u00e7lar\u0131n\u0131z daha p\u00fcr\u00fczs\u00fcz, parlak ve yumu\u015fak olur. Oval f\u0131r\u00e7a yap\u0131s\u0131, sa\u00e7\u0131n\u0131za do\u011fal hacim kazand\u0131r\u0131rken \u015fekli uzun s\u00fcre korur.\u00dc\u00e7 \u0131s\u0131 kademesi, sa\u00e7 tipinize uygun bak\u0131m sa\u011flar. So\u011fuk hava modu ise \u015feklin kal\u0131c\u0131l\u0131\u011f\u0131n\u0131 art\u0131r\u0131r. 360\u00b0 d\u00f6nebilen kablosu, kullan\u0131m s\u0131ras\u0131nda tam hareket \u00f6zg\u00fcrl\u00fc\u011f\u00fc sunar. Hafif yap\u0131s\u0131, uzun s\u00fcreli kullan\u0131mlarda bile konfor sa\u011flar.\u00dcr\u00fcn \u00d6zellikleri: \t1200W g\u00fc\u00e7 \tNegatif iyon teknolojisi \t3 \u0131s\u0131 modu + so\u011fuk hava \tOval f\u0131r\u00e7a tasar\u0131m\u0131Sa\u00e7\u0131n\u0131z\u0131 kuruturken ayn\u0131 anda \u015fekillendirmek i\u00e7in m\u00fckemmel bir tercihtir.<\/p>\n","protected":false},"excerpt":{"rendered":"<p>1200W Kurutmal\u0131 Sa\u00e7 \u015eekillendirici F\u00f6nl\u00fc F\u0131r\u00e7a, g\u00fcnl\u00fck bak\u0131mda kar\u015f\u0131la\u015f\u0131lan elektriklenme sorununu ortadan kald\u0131r\u0131r. Negatif iyon teknolojisi ile sa\u00e7lar\u0131n\u0131z daha p\u00fcr\u00fczs\u00fcz, parlak ve yumu\u015fak olur. Oval f\u0131r\u00e7a yap\u0131s\u0131, sa\u00e7\u0131n\u0131za do\u011fal hacim kazand\u0131r\u0131rken \u015fekli uzun s\u00fcre korur.\u00dc\u00e7 \u0131s\u0131 kademesi, sa\u00e7 tipinize uygun bak\u0131m sa\u011flar. So\u011fuk hava modu ise \u015feklin kal\u0131c\u0131l\u0131\u011f\u0131n\u0131 art\u0131r\u0131r. 360\u00b0 d\u00f6nebilen kablosu, kullan\u0131m s\u0131ras\u0131nda tam&#8230;<\/p>\n","protected":false},"featured_media":116381,"comment_status":"open","ping_status":"closed","template":"","meta":{"_kad_post_transparent":"","_kad_post_title":"","_kad_post_layout":"","_kad_post_sidebar_id":"","_kad_post_content_style":"","_kad_post_vertical_padding":"","_kad_post_feature":"","_kad_post_feature_position":"","_kad_post_header":false,"_kad_post_footer":false,"_kad_post_classname":""},"product_brand":[],"product_cat":[14907],"product_tag":[],"class_list":{"0":"post-116382","1":"product","2":"type-product","3":"status-publish","4":"has-post-thumbnail","6":"product_cat-sac-masasi-sac-masasi","8":"first","9":"instock","10":"purchasable","11":"product-type-simple","12":"entry","13":"content-bg","14":"loop-entry"},"_links":{"self":[{"href":"https:\/\/www.hediyepazar.com\/index.php?rest_route=\/wp\/v2\/product\/116382","targetHints":{"allow":["GET"]}}],"collection":[{"href":"https:\/\/www.hediyepazar.com\/index.php?rest_route=\/wp\/v2\/product"}],"about":[{"href":"https:\/\/www.hediyepazar.com\/index.php?rest_route=\/wp\/v2\/types\/product"}],"replies":[{"embeddable":true,"href":"https:\/\/www.hediyepazar.com\/index.php?rest_route=%2Fwp%2Fv2%2Fcomments&post=116382"}],"wp:featuredmedia":[{"embeddable":true,"href":"https:\/\/www.hediyepazar.com\/index.php?rest_route=\/wp\/v2\/media\/116381"}],"wp:attachment":[{"href":"https:\/\/www.hediyepazar.com\/index.php?rest_route=%2Fwp%2Fv2%2Fmedia&parent=116382"}],"wp:term":[{"taxonomy":"product_brand","embeddable":true,"href":"https:\/\/www.hediyepazar.com\/index.php?rest_route=%2Fwp%2Fv2%2Fproduct_brand&post=116382"},{"taxonomy":"product_cat","embeddable":true,"href":"https:\/\/www.hediyepazar.com\/index.php?rest_route=%2Fwp%2Fv2%2Fproduct_cat&post=116382"},{"taxonomy":"product_tag","embeddable":true,"href":"https:\/\/www.hediyepazar.com\/index.php?rest_route=%2Fwp%2Fv2%2Fproduct_tag&post=116382"}],"curies":[{"name":"wp","href":"https:\/\/api.w.org\/{rel}","templated":true}]}}