{"id":116386,"date":"2026-05-05T17:03:41","date_gmt":"2026-05-05T20:03:41","guid":{"rendered":"https:\/\/www.hediyepazar.com\/?product=oval-tasarimli-profesyonel-fonlu-sac-sekillendirici"},"modified":"2026-05-05T17:03:41","modified_gmt":"2026-05-05T20:03:41","slug":"oval-tasarimli-profesyonel-fonlu-sac-sekillendirici","status":"publish","type":"product","link":"https:\/\/www.hediyepazar.com\/?product=oval-tasarimli-profesyonel-fonlu-sac-sekillendirici","title":{"rendered":"Oval Tasar\u0131ml\u0131 Profesyonel F\u00f6nl\u00fc Sa\u00e7 \u015eekillendirici"},"content":{"rendered":"<p>G\u00fcnl\u00fck sa\u00e7 bak\u0131m\u0131n\u0131z\u0131 daha pratik hale getirmek i\u00e7in tasarlanan 1200W Kurutmal\u0131 Sa\u00e7 \u015eekillendirici, g\u00fc\u00e7l\u00fc motoru ve \u00f6zel f\u0131r\u00e7a yap\u0131s\u0131yla sa\u00e7\u0131n\u0131za zarar vermeden \u015fekillendirir. Negatif iyon teknolojisi, elektriklenmeyi \u00f6nlerken sa\u00e7 tellerini besleyerek yumu\u015fakl\u0131k kazand\u0131r\u0131r.Oval tasar\u0131m\u0131, k\u00f6klere yak\u0131n \u00e7al\u0131\u015fmaya imk\u00e2n tan\u0131r ve bu sayede ekstra hacim sa\u011flar. Yuvarlak kenarlar, sa\u00e7 u\u00e7lar\u0131n\u0131 do\u011fal bir \u015fekilde \u015fekillendirir. Farkl\u0131 \u0131s\u0131 kademeleri, t\u00fcm sa\u00e7 tiplerine uygun kullan\u0131m sunar. Ergonomik tutma sap\u0131 ve hafif tasar\u0131m\u0131yla uzun s\u00fcreli kullan\u0131mda bile rahatl\u0131k sa\u011flar.\u00dcr\u00fcn \u00d6zellikleri: \t1200W g\u00fc\u00e7 \t3 \u0131s\u0131 modu + so\u011fuk hava \tNegatif iyon teknolojisi \t360\u00b0 d\u00f6nebilen kabloSa\u00e7lar\u0131n\u0131za her g\u00fcn kuaf\u00f6r dokunu\u015fu yapmak i\u00e7in idealdir.<\/p>\n","protected":false},"excerpt":{"rendered":"<p>G\u00fcnl\u00fck sa\u00e7 bak\u0131m\u0131n\u0131z\u0131 daha pratik hale getirmek i\u00e7in tasarlanan 1200W Kurutmal\u0131 Sa\u00e7 \u015eekillendirici, g\u00fc\u00e7l\u00fc motoru ve \u00f6zel f\u0131r\u00e7a yap\u0131s\u0131yla sa\u00e7\u0131n\u0131za zarar vermeden \u015fekillendirir. Negatif iyon teknolojisi, elektriklenmeyi \u00f6nlerken sa\u00e7 tellerini besleyerek yumu\u015fakl\u0131k kazand\u0131r\u0131r.Oval tasar\u0131m\u0131, k\u00f6klere yak\u0131n \u00e7al\u0131\u015fmaya imk\u00e2n tan\u0131r ve bu sayede ekstra hacim sa\u011flar. Yuvarlak kenarlar, sa\u00e7 u\u00e7lar\u0131n\u0131 do\u011fal bir \u015fekilde \u015fekillendirir. Farkl\u0131 \u0131s\u0131&#8230;<\/p>\n","protected":false},"featured_media":116385,"comment_status":"open","ping_status":"closed","template":"","meta":{"_kad_post_transparent":"","_kad_post_title":"","_kad_post_layout":"","_kad_post_sidebar_id":"","_kad_post_content_style":"","_kad_post_vertical_padding":"","_kad_post_feature":"","_kad_post_feature_position":"","_kad_post_header":false,"_kad_post_footer":false,"_kad_post_classname":""},"product_brand":[],"product_cat":[14907],"product_tag":[],"class_list":{"0":"post-116386","1":"product","2":"type-product","3":"status-publish","4":"has-post-thumbnail","6":"product_cat-sac-masasi-sac-masasi","8":"first","9":"instock","10":"purchasable","11":"product-type-simple","12":"entry","13":"content-bg","14":"loop-entry"},"_links":{"self":[{"href":"https:\/\/www.hediyepazar.com\/index.php?rest_route=\/wp\/v2\/product\/116386","targetHints":{"allow":["GET"]}}],"collection":[{"href":"https:\/\/www.hediyepazar.com\/index.php?rest_route=\/wp\/v2\/product"}],"about":[{"href":"https:\/\/www.hediyepazar.com\/index.php?rest_route=\/wp\/v2\/types\/product"}],"replies":[{"embeddable":true,"href":"https:\/\/www.hediyepazar.com\/index.php?rest_route=%2Fwp%2Fv2%2Fcomments&post=116386"}],"wp:featuredmedia":[{"embeddable":true,"href":"https:\/\/www.hediyepazar.com\/index.php?rest_route=\/wp\/v2\/media\/116385"}],"wp:attachment":[{"href":"https:\/\/www.hediyepazar.com\/index.php?rest_route=%2Fwp%2Fv2%2Fmedia&parent=116386"}],"wp:term":[{"taxonomy":"product_brand","embeddable":true,"href":"https:\/\/www.hediyepazar.com\/index.php?rest_route=%2Fwp%2Fv2%2Fproduct_brand&post=116386"},{"taxonomy":"product_cat","embeddable":true,"href":"https:\/\/www.hediyepazar.com\/index.php?rest_route=%2Fwp%2Fv2%2Fproduct_cat&post=116386"},{"taxonomy":"product_tag","embeddable":true,"href":"https:\/\/www.hediyepazar.com\/index.php?rest_route=%2Fwp%2Fv2%2Fproduct_tag&post=116386"}],"curies":[{"name":"wp","href":"https:\/\/api.w.org\/{rel}","templated":true}]}}