{"id":116400,"date":"2026-05-05T17:06:14","date_gmt":"2026-05-05T20:06:14","guid":{"rendered":"https:\/\/www.hediyepazar.com\/?product=suya-dayanikli-led-el-park-uyari-cihazi-uzaktan-kumandali-2025"},"modified":"2026-05-05T17:06:14","modified_gmt":"2026-05-05T20:06:14","slug":"suya-dayanikli-led-el-park-uyari-cihazi-uzaktan-kumandali-2025","status":"publish","type":"product","link":"https:\/\/www.hediyepazar.com\/?product=suya-dayanikli-led-el-park-uyari-cihazi-uzaktan-kumandali-2025","title":{"rendered":"Suya Dayan\u0131kl\u0131 LED El Park Uyar\u0131 Cihaz\u0131 Uzaktan Kumandal\u0131 2025"},"content":{"rendered":"<p>Suya dayan\u0131kl\u0131 malzemelerden \u00fcretilmi\u015f olan bu cihaz, ya\u011fmur ve k\u0131\u015f ko\u015fullar\u0131nda sorunsuz \u00e7al\u0131\u015f\u0131r. D\u0131\u015f mekan kullan\u0131m\u0131na uygun tasar\u0131m\u0131 sayesinde uzun s\u00fcreli performans sunar. Sa\u011flam g\u00f6vdesi, darbelere ve d\u0131\u015f etkenlere kar\u015f\u0131 dayan\u0131kl\u0131d\u0131r.<\/p>\n","protected":false},"excerpt":{"rendered":"<p>Suya dayan\u0131kl\u0131 malzemelerden \u00fcretilmi\u015f olan bu cihaz, ya\u011fmur ve k\u0131\u015f ko\u015fullar\u0131nda sorunsuz \u00e7al\u0131\u015f\u0131r. D\u0131\u015f mekan kullan\u0131m\u0131na uygun tasar\u0131m\u0131 sayesinde uzun s\u00fcreli performans sunar. Sa\u011flam g\u00f6vdesi, darbelere ve d\u0131\u015f etkenlere kar\u015f\u0131 dayan\u0131kl\u0131d\u0131r.<\/p>\n","protected":false},"featured_media":116399,"comment_status":"open","ping_status":"closed","template":"","meta":{"_kad_post_transparent":"","_kad_post_title":"","_kad_post_layout":"","_kad_post_sidebar_id":"","_kad_post_content_style":"","_kad_post_vertical_padding":"","_kad_post_feature":"","_kad_post_feature_position":"","_kad_post_header":false,"_kad_post_footer":false,"_kad_post_classname":""},"product_brand":[],"product_cat":[14933],"product_tag":[],"class_list":{"0":"post-116400","1":"product","2":"type-product","3":"status-publish","4":"has-post-thumbnail","6":"product_cat-led-isik-led-isik","8":"first","9":"instock","10":"purchasable","11":"product-type-simple","12":"entry","13":"content-bg","14":"loop-entry"},"_links":{"self":[{"href":"https:\/\/www.hediyepazar.com\/index.php?rest_route=\/wp\/v2\/product\/116400","targetHints":{"allow":["GET"]}}],"collection":[{"href":"https:\/\/www.hediyepazar.com\/index.php?rest_route=\/wp\/v2\/product"}],"about":[{"href":"https:\/\/www.hediyepazar.com\/index.php?rest_route=\/wp\/v2\/types\/product"}],"replies":[{"embeddable":true,"href":"https:\/\/www.hediyepazar.com\/index.php?rest_route=%2Fwp%2Fv2%2Fcomments&post=116400"}],"wp:featuredmedia":[{"embeddable":true,"href":"https:\/\/www.hediyepazar.com\/index.php?rest_route=\/wp\/v2\/media\/116399"}],"wp:attachment":[{"href":"https:\/\/www.hediyepazar.com\/index.php?rest_route=%2Fwp%2Fv2%2Fmedia&parent=116400"}],"wp:term":[{"taxonomy":"product_brand","embeddable":true,"href":"https:\/\/www.hediyepazar.com\/index.php?rest_route=%2Fwp%2Fv2%2Fproduct_brand&post=116400"},{"taxonomy":"product_cat","embeddable":true,"href":"https:\/\/www.hediyepazar.com\/index.php?rest_route=%2Fwp%2Fv2%2Fproduct_cat&post=116400"},{"taxonomy":"product_tag","embeddable":true,"href":"https:\/\/www.hediyepazar.com\/index.php?rest_route=%2Fwp%2Fv2%2Fproduct_tag&post=116400"}],"curies":[{"name":"wp","href":"https:\/\/api.w.org\/{rel}","templated":true}]}}