{"id":116460,"date":"2026-05-05T17:15:32","date_gmt":"2026-05-05T20:15:32","guid":{"rendered":"https:\/\/www.hediyepazar.com\/?product=ev-ve-dis-mekan-kullanimina-uygun-rgb-isikli-hoparlor"},"modified":"2026-05-05T17:15:32","modified_gmt":"2026-05-05T20:15:32","slug":"ev-ve-dis-mekan-kullanimina-uygun-rgb-isikli-hoparlor","status":"publish","type":"product","link":"https:\/\/www.hediyepazar.com\/?product=ev-ve-dis-mekan-kullanimina-uygun-rgb-isikli-hoparlor","title":{"rendered":"Ev ve D\u0131\u015f Mekan Kullan\u0131m\u0131na Uygun RGB I\u015f\u0131kl\u0131 Hoparl\u00f6r"},"content":{"rendered":"<p>Bu ta\u015f\u0131nabilir hoparl\u00f6r, g\u00fc\u00e7l\u00fc ses kalitesi ve estetik RGB \u0131\u015f\u0131klar\u0131yla hem kula\u011fa hem g\u00f6ze hitap eder. 4 in\u00e7lik \u00e7ift hoparl\u00f6r sistemi, y\u00fcksek ses ve etkileyici bas performans\u0131 sa\u011flar. Bluetooth ba\u011flant\u0131s\u0131 sayesinde kablosuz m\u00fczik keyfi sunarken, USB, SD kart ve AUX giri\u015fleri ile farkl\u0131 kaynaklardan m\u00fczik \u00e7alabilirsiniz. \u00dcr\u00fcnle birlikte gelen mikrofon, karaoke etkinlikleri i\u00e7in idealdir. FM radyo fonksiyonu, favori istasyonlar\u0131n\u0131z\u0131 diledi\u011finiz yerde dinlemenize olanak tan\u0131r. RGB \u0131\u015f\u0131k sistemi, m\u00fczi\u011fin ritmine g\u00f6re yan\u0131p s\u00f6nerek parti atmosferini g\u00fc\u00e7lendirir. \u015earjl\u0131 bataryas\u0131, uzun s\u00fcreli kullan\u0131m imkan\u0131 tan\u0131r ve ta\u015f\u0131nabilir yap\u0131s\u0131 ile her ortamda kolayca kullan\u0131labilir. Dayan\u0131kl\u0131 malzemelerden \u00fcretilmi\u015f g\u00f6vdesi, uzun \u00f6m\u00fcrl\u00fc performans sunar. \u0130ster evde ister a\u00e7\u0131k havada, bu hoparl\u00f6r ile m\u00fczik keyfinizi diledi\u011finiz yere ta\u015f\u0131yabilirsiniz.<\/p>\n","protected":false},"excerpt":{"rendered":"<p>Bu ta\u015f\u0131nabilir hoparl\u00f6r, g\u00fc\u00e7l\u00fc ses kalitesi ve estetik RGB \u0131\u015f\u0131klar\u0131yla hem kula\u011fa hem g\u00f6ze hitap eder. 4 in\u00e7lik \u00e7ift hoparl\u00f6r sistemi, y\u00fcksek ses ve etkileyici bas performans\u0131 sa\u011flar. Bluetooth ba\u011flant\u0131s\u0131 sayesinde kablosuz m\u00fczik keyfi sunarken, USB, SD kart ve AUX giri\u015fleri ile farkl\u0131 kaynaklardan m\u00fczik \u00e7alabilirsiniz. \u00dcr\u00fcnle birlikte gelen mikrofon, karaoke etkinlikleri i\u00e7in idealdir. FM&#8230;<\/p>\n","protected":false},"featured_media":116459,"comment_status":"open","ping_status":"closed","template":"","meta":{"_kad_post_transparent":"","_kad_post_title":"","_kad_post_layout":"","_kad_post_sidebar_id":"","_kad_post_content_style":"","_kad_post_vertical_padding":"","_kad_post_feature":"","_kad_post_feature_position":"","_kad_post_header":false,"_kad_post_footer":false,"_kad_post_classname":""},"product_brand":[],"product_cat":[14911],"product_tag":[],"class_list":{"0":"post-116460","1":"product","2":"type-product","3":"status-publish","4":"has-post-thumbnail","6":"product_cat-kablosuz-hoparlor-kablosuz-hoparlor","8":"first","9":"instock","10":"purchasable","11":"product-type-simple","12":"entry","13":"content-bg","14":"loop-entry"},"_links":{"self":[{"href":"https:\/\/www.hediyepazar.com\/index.php?rest_route=\/wp\/v2\/product\/116460","targetHints":{"allow":["GET"]}}],"collection":[{"href":"https:\/\/www.hediyepazar.com\/index.php?rest_route=\/wp\/v2\/product"}],"about":[{"href":"https:\/\/www.hediyepazar.com\/index.php?rest_route=\/wp\/v2\/types\/product"}],"replies":[{"embeddable":true,"href":"https:\/\/www.hediyepazar.com\/index.php?rest_route=%2Fwp%2Fv2%2Fcomments&post=116460"}],"wp:featuredmedia":[{"embeddable":true,"href":"https:\/\/www.hediyepazar.com\/index.php?rest_route=\/wp\/v2\/media\/116459"}],"wp:attachment":[{"href":"https:\/\/www.hediyepazar.com\/index.php?rest_route=%2Fwp%2Fv2%2Fmedia&parent=116460"}],"wp:term":[{"taxonomy":"product_brand","embeddable":true,"href":"https:\/\/www.hediyepazar.com\/index.php?rest_route=%2Fwp%2Fv2%2Fproduct_brand&post=116460"},{"taxonomy":"product_cat","embeddable":true,"href":"https:\/\/www.hediyepazar.com\/index.php?rest_route=%2Fwp%2Fv2%2Fproduct_cat&post=116460"},{"taxonomy":"product_tag","embeddable":true,"href":"https:\/\/www.hediyepazar.com\/index.php?rest_route=%2Fwp%2Fv2%2Fproduct_tag&post=116460"}],"curies":[{"name":"wp","href":"https:\/\/api.w.org\/{rel}","templated":true}]}}