{"id":116498,"date":"2026-05-05T17:22:25","date_gmt":"2026-05-05T20:22:25","guid":{"rendered":"https:\/\/www.hediyepazar.com\/?product=ev-tipi-profesyonel-epilasyon-cihazi-pembe"},"modified":"2026-05-05T17:22:25","modified_gmt":"2026-05-05T20:22:25","slug":"ev-tipi-profesyonel-epilasyon-cihazi-pembe","status":"publish","type":"product","link":"https:\/\/www.hediyepazar.com\/?product=ev-tipi-profesyonel-epilasyon-cihazi-pembe","title":{"rendered":"Ev Tipi Profesyonel Epilasyon Cihaz\u0131 \u2013 Pembe"},"content":{"rendered":"<p>Bu pratik t\u00fcy temizleme cihaz\u0131, evde profesyonel sonu\u00e7lar elde etmek i\u00e7in tasarlanm\u0131\u015ft\u0131r. 3 ba\u015fl\u0131k se\u00e7ene\u011fi ile farkl\u0131 b\u00f6lgelerde en iyi performans\u0131 sunar. Ac\u0131s\u0131z, tahri\u015fsiz ve g\u00fcvenli epilasyon imkan\u0131 sa\u011flar. Cilt y\u00fczeyindeki \u00f6l\u00fc h\u00fccreleri temizleyerek daha parlak bir cilt ortaya \u00e7\u0131kar\u0131r. Pille \u00e7al\u0131\u015fmas\u0131 sayesinde ta\u015f\u0131nabilir ve kablosuz kullan\u0131m avantaj\u0131 sunar. Hafif yap\u0131s\u0131 ile elde rahat tutulur. D\u00fczenli kullan\u0131mda cilt dokusunu iyile\u015ftirir ve t\u00fcylerin \u00e7\u0131kma s\u00fcresini uzat\u0131r.<\/p>\n","protected":false},"excerpt":{"rendered":"<p>Bu pratik t\u00fcy temizleme cihaz\u0131, evde profesyonel sonu\u00e7lar elde etmek i\u00e7in tasarlanm\u0131\u015ft\u0131r. 3 ba\u015fl\u0131k se\u00e7ene\u011fi ile farkl\u0131 b\u00f6lgelerde en iyi performans\u0131 sunar. Ac\u0131s\u0131z, tahri\u015fsiz ve g\u00fcvenli epilasyon imkan\u0131 sa\u011flar. Cilt y\u00fczeyindeki \u00f6l\u00fc h\u00fccreleri temizleyerek daha parlak bir cilt ortaya \u00e7\u0131kar\u0131r. Pille \u00e7al\u0131\u015fmas\u0131 sayesinde ta\u015f\u0131nabilir ve kablosuz kullan\u0131m avantaj\u0131 sunar. Hafif yap\u0131s\u0131 ile elde rahat tutulur&#8230;.<\/p>\n","protected":false},"featured_media":116497,"comment_status":"open","ping_status":"closed","template":"","meta":{"_kad_post_transparent":"","_kad_post_title":"","_kad_post_layout":"","_kad_post_sidebar_id":"","_kad_post_content_style":"","_kad_post_vertical_padding":"","_kad_post_feature":"","_kad_post_feature_position":"","_kad_post_header":false,"_kad_post_footer":false,"_kad_post_classname":""},"product_brand":[],"product_cat":[14919],"product_tag":[],"class_list":{"0":"post-116498","1":"product","2":"type-product","3":"status-publish","4":"has-post-thumbnail","6":"product_cat-epilator-epilator","8":"first","9":"instock","10":"purchasable","11":"product-type-simple","12":"entry","13":"content-bg","14":"loop-entry"},"_links":{"self":[{"href":"https:\/\/www.hediyepazar.com\/index.php?rest_route=\/wp\/v2\/product\/116498","targetHints":{"allow":["GET"]}}],"collection":[{"href":"https:\/\/www.hediyepazar.com\/index.php?rest_route=\/wp\/v2\/product"}],"about":[{"href":"https:\/\/www.hediyepazar.com\/index.php?rest_route=\/wp\/v2\/types\/product"}],"replies":[{"embeddable":true,"href":"https:\/\/www.hediyepazar.com\/index.php?rest_route=%2Fwp%2Fv2%2Fcomments&post=116498"}],"wp:featuredmedia":[{"embeddable":true,"href":"https:\/\/www.hediyepazar.com\/index.php?rest_route=\/wp\/v2\/media\/116497"}],"wp:attachment":[{"href":"https:\/\/www.hediyepazar.com\/index.php?rest_route=%2Fwp%2Fv2%2Fmedia&parent=116498"}],"wp:term":[{"taxonomy":"product_brand","embeddable":true,"href":"https:\/\/www.hediyepazar.com\/index.php?rest_route=%2Fwp%2Fv2%2Fproduct_brand&post=116498"},{"taxonomy":"product_cat","embeddable":true,"href":"https:\/\/www.hediyepazar.com\/index.php?rest_route=%2Fwp%2Fv2%2Fproduct_cat&post=116498"},{"taxonomy":"product_tag","embeddable":true,"href":"https:\/\/www.hediyepazar.com\/index.php?rest_route=%2Fwp%2Fv2%2Fproduct_tag&post=116498"}],"curies":[{"name":"wp","href":"https:\/\/api.w.org\/{rel}","templated":true}]}}