{"id":116510,"date":"2026-05-05T17:24:26","date_gmt":"2026-05-05T20:24:26","guid":{"rendered":"https:\/\/www.hediyepazar.com\/?product=evde-kolay-epilasyon-icin-tasinabilir-tuy-alma-cihazi"},"modified":"2026-05-05T17:24:26","modified_gmt":"2026-05-05T20:24:26","slug":"evde-kolay-epilasyon-icin-tasinabilir-tuy-alma-cihazi","status":"publish","type":"product","link":"https:\/\/www.hediyepazar.com\/?product=evde-kolay-epilasyon-icin-tasinabilir-tuy-alma-cihazi","title":{"rendered":"Evde Kolay Epilasyon \u0130\u00e7in Ta\u015f\u0131nabilir T\u00fcy Alma Cihaz\u0131"},"content":{"rendered":"<p>Bu ta\u015f\u0131nabilir t\u00fcy temizleme cihaz\u0131, zamandan tasarruf sa\u011flayarak g\u00fczellik rutininizi kolayla\u015ft\u0131r\u0131r. \u00dc\u00e7 farkl\u0131 ba\u015fl\u0131\u011f\u0131 sayesinde y\u00fcz, bacak, kol, bikini ve koltuk alt\u0131 gibi t\u00fcm b\u00f6lgelerde kullan\u0131labilir. Hassas ciltlerde bile g\u00fcvenle kullan\u0131labilecek \u015fekilde tasarlanm\u0131\u015ft\u0131r. Cilde temas eden ba\u015fl\u0131klar, \u00e7izik ve kesik riskini en aza indiren \u00f6zel bir koruma sistemine sahiptir. T\u00fcyleri k\u00f6k\u00fcnden alarak uzun s\u00fcre p\u00fcr\u00fczs\u00fczl\u00fck sa\u011flar. Kuru ve \u00f6l\u00fc cildi temizleyerek cildin parlakl\u0131\u011f\u0131n\u0131 art\u0131r\u0131r. Hafif tasar\u0131m\u0131 sayesinde elde rahat tutulur ve uzun s\u00fcreli kullan\u0131mlarda bile yormaz. Pille \u00e7al\u0131\u015fmas\u0131 sayesinde her yerde kullan\u0131labilir.<\/p>\n","protected":false},"excerpt":{"rendered":"<p>Bu ta\u015f\u0131nabilir t\u00fcy temizleme cihaz\u0131, zamandan tasarruf sa\u011flayarak g\u00fczellik rutininizi kolayla\u015ft\u0131r\u0131r. \u00dc\u00e7 farkl\u0131 ba\u015fl\u0131\u011f\u0131 sayesinde y\u00fcz, bacak, kol, bikini ve koltuk alt\u0131 gibi t\u00fcm b\u00f6lgelerde kullan\u0131labilir. Hassas ciltlerde bile g\u00fcvenle kullan\u0131labilecek \u015fekilde tasarlanm\u0131\u015ft\u0131r. Cilde temas eden ba\u015fl\u0131klar, \u00e7izik ve kesik riskini en aza indiren \u00f6zel bir koruma sistemine sahiptir. T\u00fcyleri k\u00f6k\u00fcnden alarak uzun s\u00fcre p\u00fcr\u00fczs\u00fczl\u00fck&#8230;<\/p>\n","protected":false},"featured_media":116509,"comment_status":"open","ping_status":"closed","template":"","meta":{"_kad_post_transparent":"","_kad_post_title":"","_kad_post_layout":"","_kad_post_sidebar_id":"","_kad_post_content_style":"","_kad_post_vertical_padding":"","_kad_post_feature":"","_kad_post_feature_position":"","_kad_post_header":false,"_kad_post_footer":false,"_kad_post_classname":""},"product_brand":[],"product_cat":[14919],"product_tag":[],"class_list":{"0":"post-116510","1":"product","2":"type-product","3":"status-publish","4":"has-post-thumbnail","6":"product_cat-epilator-epilator","8":"first","9":"instock","10":"purchasable","11":"product-type-simple","12":"entry","13":"content-bg","14":"loop-entry"},"_links":{"self":[{"href":"https:\/\/www.hediyepazar.com\/index.php?rest_route=\/wp\/v2\/product\/116510","targetHints":{"allow":["GET"]}}],"collection":[{"href":"https:\/\/www.hediyepazar.com\/index.php?rest_route=\/wp\/v2\/product"}],"about":[{"href":"https:\/\/www.hediyepazar.com\/index.php?rest_route=\/wp\/v2\/types\/product"}],"replies":[{"embeddable":true,"href":"https:\/\/www.hediyepazar.com\/index.php?rest_route=%2Fwp%2Fv2%2Fcomments&post=116510"}],"wp:featuredmedia":[{"embeddable":true,"href":"https:\/\/www.hediyepazar.com\/index.php?rest_route=\/wp\/v2\/media\/116509"}],"wp:attachment":[{"href":"https:\/\/www.hediyepazar.com\/index.php?rest_route=%2Fwp%2Fv2%2Fmedia&parent=116510"}],"wp:term":[{"taxonomy":"product_brand","embeddable":true,"href":"https:\/\/www.hediyepazar.com\/index.php?rest_route=%2Fwp%2Fv2%2Fproduct_brand&post=116510"},{"taxonomy":"product_cat","embeddable":true,"href":"https:\/\/www.hediyepazar.com\/index.php?rest_route=%2Fwp%2Fv2%2Fproduct_cat&post=116510"},{"taxonomy":"product_tag","embeddable":true,"href":"https:\/\/www.hediyepazar.com\/index.php?rest_route=%2Fwp%2Fv2%2Fproduct_tag&post=116510"}],"curies":[{"name":"wp","href":"https:\/\/api.w.org\/{rel}","templated":true}]}}