{"id":116560,"date":"2026-05-05T17:30:38","date_gmt":"2026-05-05T20:30:38","guid":{"rendered":"https:\/\/www.hediyepazar.com\/?product=5-parca-sac-sekillendirme-seti-duzlestirme-dalga-ve-bukle-yapma"},"modified":"2026-05-05T17:30:38","modified_gmt":"2026-05-05T20:30:38","slug":"5-parca-sac-sekillendirme-seti-duzlestirme-dalga-ve-bukle-yapma","status":"publish","type":"product","link":"https:\/\/www.hediyepazar.com\/?product=5-parca-sac-sekillendirme-seti-duzlestirme-dalga-ve-bukle-yapma","title":{"rendered":"5 Par\u00e7a Sa\u00e7 \u015eekillendirme Seti D\u00fczle\u015ftirme Dalga ve Bukle Yapma"},"content":{"rendered":"<p>Yo\u011fun hayat temposunda sa\u00e7 \u015fekillendirmeye uzun saatler ay\u0131ramayanlar i\u00e7in m\u00fckemmel bir \u00e7\u00f6z\u00fcmd\u00fcr. H\u0131zl\u0131 \u0131s\u0131nma ve g\u00fc\u00e7l\u00fc hava ak\u0131m\u0131 ile sa\u00e7\u0131n\u0131z\u0131 k\u0131sa s\u00fcrede kuruturken istedi\u011finiz stili olu\u015fturur. Tek cihazla kuaf\u00f6r kalitesinde sonu\u00e7 elde edebilir, zamandan tasarruf edebilirsiniz. Hafif yap\u0131s\u0131 ve ergonomik tasar\u0131m\u0131 sayesinde kolayca kontrol edilebilir.<\/p>\n","protected":false},"excerpt":{"rendered":"<p>Yo\u011fun hayat temposunda sa\u00e7 \u015fekillendirmeye uzun saatler ay\u0131ramayanlar i\u00e7in m\u00fckemmel bir \u00e7\u00f6z\u00fcmd\u00fcr. H\u0131zl\u0131 \u0131s\u0131nma ve g\u00fc\u00e7l\u00fc hava ak\u0131m\u0131 ile sa\u00e7\u0131n\u0131z\u0131 k\u0131sa s\u00fcrede kuruturken istedi\u011finiz stili olu\u015fturur. Tek cihazla kuaf\u00f6r kalitesinde sonu\u00e7 elde edebilir, zamandan tasarruf edebilirsiniz. Hafif yap\u0131s\u0131 ve ergonomik tasar\u0131m\u0131 sayesinde kolayca kontrol edilebilir.<\/p>\n","protected":false},"featured_media":116559,"comment_status":"open","ping_status":"closed","template":"","meta":{"_kad_post_transparent":"","_kad_post_title":"","_kad_post_layout":"","_kad_post_sidebar_id":"","_kad_post_content_style":"","_kad_post_vertical_padding":"","_kad_post_feature":"","_kad_post_feature_position":"","_kad_post_header":false,"_kad_post_footer":false,"_kad_post_classname":""},"product_brand":[],"product_cat":[14907],"product_tag":[],"class_list":{"0":"post-116560","1":"product","2":"type-product","3":"status-publish","4":"has-post-thumbnail","6":"product_cat-sac-masasi-sac-masasi","8":"first","9":"instock","10":"purchasable","11":"product-type-simple","12":"entry","13":"content-bg","14":"loop-entry"},"_links":{"self":[{"href":"https:\/\/www.hediyepazar.com\/index.php?rest_route=\/wp\/v2\/product\/116560","targetHints":{"allow":["GET"]}}],"collection":[{"href":"https:\/\/www.hediyepazar.com\/index.php?rest_route=\/wp\/v2\/product"}],"about":[{"href":"https:\/\/www.hediyepazar.com\/index.php?rest_route=\/wp\/v2\/types\/product"}],"replies":[{"embeddable":true,"href":"https:\/\/www.hediyepazar.com\/index.php?rest_route=%2Fwp%2Fv2%2Fcomments&post=116560"}],"wp:featuredmedia":[{"embeddable":true,"href":"https:\/\/www.hediyepazar.com\/index.php?rest_route=\/wp\/v2\/media\/116559"}],"wp:attachment":[{"href":"https:\/\/www.hediyepazar.com\/index.php?rest_route=%2Fwp%2Fv2%2Fmedia&parent=116560"}],"wp:term":[{"taxonomy":"product_brand","embeddable":true,"href":"https:\/\/www.hediyepazar.com\/index.php?rest_route=%2Fwp%2Fv2%2Fproduct_brand&post=116560"},{"taxonomy":"product_cat","embeddable":true,"href":"https:\/\/www.hediyepazar.com\/index.php?rest_route=%2Fwp%2Fv2%2Fproduct_cat&post=116560"},{"taxonomy":"product_tag","embeddable":true,"href":"https:\/\/www.hediyepazar.com\/index.php?rest_route=%2Fwp%2Fv2%2Fproduct_tag&post=116560"}],"curies":[{"name":"wp","href":"https:\/\/api.w.org\/{rel}","templated":true}]}}