{"id":116572,"date":"2026-05-05T17:31:18","date_gmt":"2026-05-05T20:31:18","guid":{"rendered":"https:\/\/www.hediyepazar.com\/?product=cocuklar-icin-guvenli-3d-yazici-kalem"},"modified":"2026-05-05T17:31:18","modified_gmt":"2026-05-05T20:31:18","slug":"cocuklar-icin-guvenli-3d-yazici-kalem","status":"publish","type":"product","link":"https:\/\/www.hediyepazar.com\/?product=cocuklar-icin-guvenli-3d-yazici-kalem","title":{"rendered":"\u00c7ocuklar \u0130\u00e7in G\u00fcvenli 3D Yaz\u0131c\u0131 Kalem"},"content":{"rendered":"<p>3D Yaz\u0131c\u0131 Kalem, g\u00fcvenli malzemelerden \u00fcretilmi\u015f filamentlerle \u00e7al\u0131\u015f\u0131r. Sa\u011fl\u0131k a\u00e7\u0131s\u0131ndan risk ta\u015f\u0131mayan bu malzemeler, \u00e7ocuklar\u0131n g\u00fcvenle kullanmas\u0131na olanak tan\u0131r. Ergonomik ve hafif yap\u0131s\u0131 sayesinde k\u00fc\u00e7\u00fck ellerde rahat\u00e7a tutulabilir. Okul projeleri, sanat \u00e7al\u0131\u015fmalar\u0131 ve yarat\u0131c\u0131l\u0131\u011f\u0131 te\u015fvik eden oyunlar i\u00e7in ideal bir se\u00e7imdir.<\/p>\n","protected":false},"excerpt":{"rendered":"<p>3D Yaz\u0131c\u0131 Kalem, g\u00fcvenli malzemelerden \u00fcretilmi\u015f filamentlerle \u00e7al\u0131\u015f\u0131r. Sa\u011fl\u0131k a\u00e7\u0131s\u0131ndan risk ta\u015f\u0131mayan bu malzemeler, \u00e7ocuklar\u0131n g\u00fcvenle kullanmas\u0131na olanak tan\u0131r. Ergonomik ve hafif yap\u0131s\u0131 sayesinde k\u00fc\u00e7\u00fck ellerde rahat\u00e7a tutulabilir. Okul projeleri, sanat \u00e7al\u0131\u015fmalar\u0131 ve yarat\u0131c\u0131l\u0131\u011f\u0131 te\u015fvik eden oyunlar i\u00e7in ideal bir se\u00e7imdir.<\/p>\n","protected":false},"featured_media":116571,"comment_status":"open","ping_status":"closed","template":"","meta":{"_kad_post_transparent":"","_kad_post_title":"","_kad_post_layout":"","_kad_post_sidebar_id":"","_kad_post_content_style":"","_kad_post_vertical_padding":"","_kad_post_feature":"","_kad_post_feature_position":"","_kad_post_header":false,"_kad_post_footer":false,"_kad_post_classname":""},"product_brand":[],"product_cat":[15090],"product_tag":[],"class_list":{"0":"post-116572","1":"product","2":"type-product","3":"status-publish","4":"has-post-thumbnail","6":"product_cat-cocuk-oyuncak-cocuk-oyuncak","8":"first","9":"instock","10":"purchasable","11":"product-type-simple","12":"entry","13":"content-bg","14":"loop-entry"},"_links":{"self":[{"href":"https:\/\/www.hediyepazar.com\/index.php?rest_route=\/wp\/v2\/product\/116572","targetHints":{"allow":["GET"]}}],"collection":[{"href":"https:\/\/www.hediyepazar.com\/index.php?rest_route=\/wp\/v2\/product"}],"about":[{"href":"https:\/\/www.hediyepazar.com\/index.php?rest_route=\/wp\/v2\/types\/product"}],"replies":[{"embeddable":true,"href":"https:\/\/www.hediyepazar.com\/index.php?rest_route=%2Fwp%2Fv2%2Fcomments&post=116572"}],"wp:featuredmedia":[{"embeddable":true,"href":"https:\/\/www.hediyepazar.com\/index.php?rest_route=\/wp\/v2\/media\/116571"}],"wp:attachment":[{"href":"https:\/\/www.hediyepazar.com\/index.php?rest_route=%2Fwp%2Fv2%2Fmedia&parent=116572"}],"wp:term":[{"taxonomy":"product_brand","embeddable":true,"href":"https:\/\/www.hediyepazar.com\/index.php?rest_route=%2Fwp%2Fv2%2Fproduct_brand&post=116572"},{"taxonomy":"product_cat","embeddable":true,"href":"https:\/\/www.hediyepazar.com\/index.php?rest_route=%2Fwp%2Fv2%2Fproduct_cat&post=116572"},{"taxonomy":"product_tag","embeddable":true,"href":"https:\/\/www.hediyepazar.com\/index.php?rest_route=%2Fwp%2Fv2%2Fproduct_tag&post=116572"}],"curies":[{"name":"wp","href":"https:\/\/api.w.org\/{rel}","templated":true}]}}