{"id":116586,"date":"2026-05-05T17:33:57","date_gmt":"2026-05-05T20:33:57","guid":{"rendered":"https:\/\/www.hediyepazar.com\/?product=profesyonel-oyuncu-kablosuz-gamepad-coklu-cihaz-destegi"},"modified":"2026-05-05T17:33:57","modified_gmt":"2026-05-05T20:33:57","slug":"profesyonel-oyuncu-kablosuz-gamepad-coklu-cihaz-destegi","status":"publish","type":"product","link":"https:\/\/www.hediyepazar.com\/?product=profesyonel-oyuncu-kablosuz-gamepad-coklu-cihaz-destegi","title":{"rendered":"Profesyonel Oyuncu Kablosuz Gamepad \u00c7oklu Cihaz Deste\u011fi"},"content":{"rendered":"<p>Profesyonel oyuncular i\u00e7in tasarlanan bu kablosuz gamepad, hassasiyet ve dayan\u0131kl\u0131l\u0131\u011f\u0131 bir araya getirir. \u00c7oklu cihaz deste\u011fi sayesinde PC, Android telefon, tablet ve TV Box ile uyumlu \u00e7al\u0131\u015f\u0131r.Bluetooth ba\u011flant\u0131s\u0131, gecikmesiz ve kararl\u0131 bir ileti\u015fim sa\u011flar. Ergonomik yap\u0131s\u0131, el yorgunlu\u011funu azalt\u0131r. Titre\u015fimli geri bildirim, oyundaki aksiyonu ger\u00e7ek zamanl\u0131 hissettirir.<\/p>\n","protected":false},"excerpt":{"rendered":"<p>Profesyonel oyuncular i\u00e7in tasarlanan bu kablosuz gamepad, hassasiyet ve dayan\u0131kl\u0131l\u0131\u011f\u0131 bir araya getirir. \u00c7oklu cihaz deste\u011fi sayesinde PC, Android telefon, tablet ve TV Box ile uyumlu \u00e7al\u0131\u015f\u0131r.Bluetooth ba\u011flant\u0131s\u0131, gecikmesiz ve kararl\u0131 bir ileti\u015fim sa\u011flar. Ergonomik yap\u0131s\u0131, el yorgunlu\u011funu azalt\u0131r. Titre\u015fimli geri bildirim, oyundaki aksiyonu ger\u00e7ek zamanl\u0131 hissettirir.<\/p>\n","protected":false},"featured_media":116585,"comment_status":"open","ping_status":"closed","template":"","meta":{"_kad_post_transparent":"","_kad_post_title":"","_kad_post_layout":"","_kad_post_sidebar_id":"","_kad_post_content_style":"","_kad_post_vertical_padding":"","_kad_post_feature":"","_kad_post_feature_position":"","_kad_post_header":false,"_kad_post_footer":false,"_kad_post_classname":""},"product_brand":[],"product_cat":[14961],"product_tag":[],"class_list":{"0":"post-116586","1":"product","2":"type-product","3":"status-publish","4":"has-post-thumbnail","6":"product_cat-oyun-konsolu-oyun-konsolu","8":"first","9":"instock","10":"purchasable","11":"product-type-simple","12":"entry","13":"content-bg","14":"loop-entry"},"_links":{"self":[{"href":"https:\/\/www.hediyepazar.com\/index.php?rest_route=\/wp\/v2\/product\/116586","targetHints":{"allow":["GET"]}}],"collection":[{"href":"https:\/\/www.hediyepazar.com\/index.php?rest_route=\/wp\/v2\/product"}],"about":[{"href":"https:\/\/www.hediyepazar.com\/index.php?rest_route=\/wp\/v2\/types\/product"}],"replies":[{"embeddable":true,"href":"https:\/\/www.hediyepazar.com\/index.php?rest_route=%2Fwp%2Fv2%2Fcomments&post=116586"}],"wp:featuredmedia":[{"embeddable":true,"href":"https:\/\/www.hediyepazar.com\/index.php?rest_route=\/wp\/v2\/media\/116585"}],"wp:attachment":[{"href":"https:\/\/www.hediyepazar.com\/index.php?rest_route=%2Fwp%2Fv2%2Fmedia&parent=116586"}],"wp:term":[{"taxonomy":"product_brand","embeddable":true,"href":"https:\/\/www.hediyepazar.com\/index.php?rest_route=%2Fwp%2Fv2%2Fproduct_brand&post=116586"},{"taxonomy":"product_cat","embeddable":true,"href":"https:\/\/www.hediyepazar.com\/index.php?rest_route=%2Fwp%2Fv2%2Fproduct_cat&post=116586"},{"taxonomy":"product_tag","embeddable":true,"href":"https:\/\/www.hediyepazar.com\/index.php?rest_route=%2Fwp%2Fv2%2Fproduct_tag&post=116586"}],"curies":[{"name":"wp","href":"https:\/\/api.w.org\/{rel}","templated":true}]}}