{"id":116598,"date":"2026-05-05T17:34:30","date_gmt":"2026-05-05T20:34:30","guid":{"rendered":"https:\/\/www.hediyepazar.com\/?product=bluetooth-baglantili-yuksek-cozunurluklu-galaksi-projektor"},"modified":"2026-05-05T17:34:30","modified_gmt":"2026-05-05T20:34:30","slug":"bluetooth-baglantili-yuksek-cozunurluklu-galaksi-projektor","status":"publish","type":"product","link":"https:\/\/www.hediyepazar.com\/?product=bluetooth-baglantili-yuksek-cozunurluklu-galaksi-projektor","title":{"rendered":"Bluetooth Ba\u011flant\u0131l\u0131 Y\u00fcksek \u00c7\u00f6z\u00fcn\u00fcrl\u00fckl\u00fc Galaksi Projekt\u00f6r"},"content":{"rendered":"<p>1200mAh bataryas\u0131 sayesinde priz ba\u011f\u0131ml\u0131l\u0131\u011f\u0131 olmadan diledi\u011finiz yerde kullanabilirsiniz. Piknik, kamp, ev partisi veya \u00e7ocuk odas\u0131nda rahat\u00e7a \u00e7al\u0131\u015f\u0131r.Bluetooth ba\u011flant\u0131s\u0131 ile telefonunuzdan m\u00fczik \u00e7alabilir, y\u0131ld\u0131zl\u0131 g\u00f6ky\u00fcz\u00fc e\u015fli\u011finde keyifli anlar ya\u015fayabilirsiniz.<\/p>\n","protected":false},"excerpt":{"rendered":"<p>1200mAh bataryas\u0131 sayesinde priz ba\u011f\u0131ml\u0131l\u0131\u011f\u0131 olmadan diledi\u011finiz yerde kullanabilirsiniz. Piknik, kamp, ev partisi veya \u00e7ocuk odas\u0131nda rahat\u00e7a \u00e7al\u0131\u015f\u0131r.Bluetooth ba\u011flant\u0131s\u0131 ile telefonunuzdan m\u00fczik \u00e7alabilir, y\u0131ld\u0131zl\u0131 g\u00f6ky\u00fcz\u00fc e\u015fli\u011finde keyifli anlar ya\u015fayabilirsiniz.<\/p>\n","protected":false},"featured_media":116597,"comment_status":"open","ping_status":"closed","template":"","meta":{"_kad_post_transparent":"","_kad_post_title":"","_kad_post_layout":"","_kad_post_sidebar_id":"","_kad_post_content_style":"","_kad_post_vertical_padding":"","_kad_post_feature":"","_kad_post_feature_position":"","_kad_post_header":false,"_kad_post_footer":false,"_kad_post_classname":""},"product_brand":[],"product_cat":[14967],"product_tag":[],"class_list":{"0":"post-116598","1":"product","2":"type-product","3":"status-publish","4":"has-post-thumbnail","6":"product_cat-gece-lambasi-gece-lambasi","8":"first","9":"instock","10":"purchasable","11":"product-type-simple","12":"entry","13":"content-bg","14":"loop-entry"},"_links":{"self":[{"href":"https:\/\/www.hediyepazar.com\/index.php?rest_route=\/wp\/v2\/product\/116598","targetHints":{"allow":["GET"]}}],"collection":[{"href":"https:\/\/www.hediyepazar.com\/index.php?rest_route=\/wp\/v2\/product"}],"about":[{"href":"https:\/\/www.hediyepazar.com\/index.php?rest_route=\/wp\/v2\/types\/product"}],"replies":[{"embeddable":true,"href":"https:\/\/www.hediyepazar.com\/index.php?rest_route=%2Fwp%2Fv2%2Fcomments&post=116598"}],"wp:featuredmedia":[{"embeddable":true,"href":"https:\/\/www.hediyepazar.com\/index.php?rest_route=\/wp\/v2\/media\/116597"}],"wp:attachment":[{"href":"https:\/\/www.hediyepazar.com\/index.php?rest_route=%2Fwp%2Fv2%2Fmedia&parent=116598"}],"wp:term":[{"taxonomy":"product_brand","embeddable":true,"href":"https:\/\/www.hediyepazar.com\/index.php?rest_route=%2Fwp%2Fv2%2Fproduct_brand&post=116598"},{"taxonomy":"product_cat","embeddable":true,"href":"https:\/\/www.hediyepazar.com\/index.php?rest_route=%2Fwp%2Fv2%2Fproduct_cat&post=116598"},{"taxonomy":"product_tag","embeddable":true,"href":"https:\/\/www.hediyepazar.com\/index.php?rest_route=%2Fwp%2Fv2%2Fproduct_tag&post=116598"}],"curies":[{"name":"wp","href":"https:\/\/api.w.org\/{rel}","templated":true}]}}