{"id":116640,"date":"2026-05-05T17:38:58","date_gmt":"2026-05-05T20:38:58","guid":{"rendered":"https:\/\/www.hediyepazar.com\/?product=sarjli-4-saat-oyun-sureli-tv-baglantili-retro-oyun-konsolu"},"modified":"2026-05-05T17:38:58","modified_gmt":"2026-05-05T20:38:58","slug":"sarjli-4-saat-oyun-sureli-tv-baglantili-retro-oyun-konsolu","status":"publish","type":"product","link":"https:\/\/www.hediyepazar.com\/?product=sarjli-4-saat-oyun-sureli-tv-baglantili-retro-oyun-konsolu","title":{"rendered":"\u015earjl\u0131 4 Saat Oyun S\u00fcreli TV Ba\u011flant\u0131l\u0131 Retro Oyun Konsolu"},"content":{"rendered":"<p>Bu ta\u015f\u0131nabilir retro oyun konsolu, ge\u00e7mi\u015fin efsanevi oyunlar\u0131n\u0131 modern teknolojiyle bulu\u015fturuyor. \u0130\u00e7inde y\u00fckl\u00fc 1000\u2019den fazla klasik oyun ile geliyor. Ayr\u0131ca kullan\u0131c\u0131lar, uygun formatta indirdikleri oyunlar\u0131 kolayca y\u00fckleyerek kendi koleksiyonlar\u0131n\u0131 olu\u015fturabilirler.Televizyon ba\u011flant\u0131 \u00f6zelli\u011fi sayesinde, yaln\u0131zca elinizde de\u011fil, salonunuzun b\u00fcy\u00fck ekran\u0131nda da oyun oynayabilirsiniz. HDMI \u00e7\u0131k\u0131\u015f\u0131, y\u00fcksek \u00e7\u00f6z\u00fcn\u00fcrl\u00fckl\u00fc g\u00f6r\u00fcnt\u00fclerle oyun keyfinizi katlar.Dahili 800mAh lityum pil, tek \u015farjla yakla\u015f\u0131k 4 saat kesintisiz oyun sunar. Sadece 1,5 saatte USB kablo ile \u015farj edilebilir, b\u00f6ylece bekleme s\u00fcreniz minimuma iner.Hafif ve kompakt tasar\u0131m\u0131, renkli ekran\u0131 ve ergonomik yap\u0131s\u0131 sayesinde hem seyahatte hem de evde rahatl\u0131kla kullanabilirsiniz. \u00c7antan\u0131za at\u0131n, gitti\u011finiz her yerde oyun keyfiniz sizinle olsun.\u00dcstelik bu cihaz, sadece oyun oynamakla kalmaz; video izleme, m\u00fczik dinleme, e-kitap okuma ve bilgisayar ba\u011flant\u0131s\u0131 gibi ek fonksiyonlar da sunar. E\u011flence ve g\u00fcnl\u00fck kullan\u0131m bir arada!Paket i\u00e7eri\u011fi: 1 adet el konsolu, 1 adet USB \u015farj kablosu, 1 adet HDMI kablo, 1 adet kullan\u0131m k\u0131lavuzu.<\/p>\n","protected":false},"excerpt":{"rendered":"<p>Bu ta\u015f\u0131nabilir retro oyun konsolu, ge\u00e7mi\u015fin efsanevi oyunlar\u0131n\u0131 modern teknolojiyle bulu\u015fturuyor. \u0130\u00e7inde y\u00fckl\u00fc 1000\u2019den fazla klasik oyun ile geliyor. Ayr\u0131ca kullan\u0131c\u0131lar, uygun formatta indirdikleri oyunlar\u0131 kolayca y\u00fckleyerek kendi koleksiyonlar\u0131n\u0131 olu\u015fturabilirler.Televizyon ba\u011flant\u0131 \u00f6zelli\u011fi sayesinde, yaln\u0131zca elinizde de\u011fil, salonunuzun b\u00fcy\u00fck ekran\u0131nda da oyun oynayabilirsiniz. HDMI \u00e7\u0131k\u0131\u015f\u0131, y\u00fcksek \u00e7\u00f6z\u00fcn\u00fcrl\u00fckl\u00fc g\u00f6r\u00fcnt\u00fclerle oyun keyfinizi katlar.Dahili 800mAh lityum pil, tek \u015farjla&#8230;<\/p>\n","protected":false},"featured_media":116639,"comment_status":"open","ping_status":"closed","template":"","meta":{"_kad_post_transparent":"","_kad_post_title":"","_kad_post_layout":"","_kad_post_sidebar_id":"","_kad_post_content_style":"","_kad_post_vertical_padding":"","_kad_post_feature":"","_kad_post_feature_position":"","_kad_post_header":false,"_kad_post_footer":false,"_kad_post_classname":""},"product_brand":[],"product_cat":[14961],"product_tag":[],"class_list":{"0":"post-116640","1":"product","2":"type-product","3":"status-publish","4":"has-post-thumbnail","6":"product_cat-oyun-konsolu-oyun-konsolu","8":"first","9":"instock","10":"purchasable","11":"product-type-simple","12":"entry","13":"content-bg","14":"loop-entry"},"_links":{"self":[{"href":"https:\/\/www.hediyepazar.com\/index.php?rest_route=\/wp\/v2\/product\/116640","targetHints":{"allow":["GET"]}}],"collection":[{"href":"https:\/\/www.hediyepazar.com\/index.php?rest_route=\/wp\/v2\/product"}],"about":[{"href":"https:\/\/www.hediyepazar.com\/index.php?rest_route=\/wp\/v2\/types\/product"}],"replies":[{"embeddable":true,"href":"https:\/\/www.hediyepazar.com\/index.php?rest_route=%2Fwp%2Fv2%2Fcomments&post=116640"}],"wp:featuredmedia":[{"embeddable":true,"href":"https:\/\/www.hediyepazar.com\/index.php?rest_route=\/wp\/v2\/media\/116639"}],"wp:attachment":[{"href":"https:\/\/www.hediyepazar.com\/index.php?rest_route=%2Fwp%2Fv2%2Fmedia&parent=116640"}],"wp:term":[{"taxonomy":"product_brand","embeddable":true,"href":"https:\/\/www.hediyepazar.com\/index.php?rest_route=%2Fwp%2Fv2%2Fproduct_brand&post=116640"},{"taxonomy":"product_cat","embeddable":true,"href":"https:\/\/www.hediyepazar.com\/index.php?rest_route=%2Fwp%2Fv2%2Fproduct_cat&post=116640"},{"taxonomy":"product_tag","embeddable":true,"href":"https:\/\/www.hediyepazar.com\/index.php?rest_route=%2Fwp%2Fv2%2Fproduct_tag&post=116640"}],"curies":[{"name":"wp","href":"https:\/\/api.w.org\/{rel}","templated":true}]}}