{"id":116690,"date":"2026-05-05T17:44:19","date_gmt":"2026-05-05T20:44:19","guid":{"rendered":"https:\/\/www.hediyepazar.com\/?product=termal-koruma-sistemli-cok-fonksiyonlu-sac-sekillendirme-cihazi"},"modified":"2026-05-05T17:44:19","modified_gmt":"2026-05-05T20:44:19","slug":"termal-koruma-sistemli-cok-fonksiyonlu-sac-sekillendirme-cihazi","status":"publish","type":"product","link":"https:\/\/www.hediyepazar.com\/?product=termal-koruma-sistemli-cok-fonksiyonlu-sac-sekillendirme-cihazi","title":{"rendered":"Termal Koruma Sistemli \u00c7ok Fonksiyonlu Sa\u00e7 \u015eekillendirme Cihaz\u0131"},"content":{"rendered":"<p>Profesyonel \u015fekillendirme g\u00fcc\u00fcn\u00fc kompakt bir cihazda sunan bu 3\u2019\u00fc 1 arada sa\u00e7 \u015fekillendirme seti, \u00e7ok ama\u00e7l\u0131 kullan\u0131m sunar. Kurutma, d\u00fczle\u015ftirme ve f\u0131r\u00e7alama fonksiyonlar\u0131 sayesinde ek aletlere gerek kalmadan sa\u00e7 \u015fekillendirme rutininizi tamamlayabilirsiniz. Ayarlanabilir s\u0131cakl\u0131k kademeleri ile her sa\u00e7 tipine uygun kullan\u0131m sunar. 140\u00b0F \u2013 400\u00b0F aras\u0131 s\u0131cakl\u0131k aral\u0131\u011f\u0131 sayesinde ister g\u00fcnl\u00fck d\u00fczle\u015ftirme ister \u00f6zel g\u00fcnlerde hacim kazand\u0131rma i\u015flemi yap\u0131labilir. Ergonomik tasar\u0131m\u0131, hafifli\u011fi ve 360\u00b0 d\u00f6nebilen kablosu ile kullan\u0131m kolayl\u0131\u011f\u0131 sunar. A\u015f\u0131r\u0131 \u0131s\u0131nma \u00f6nleyici sistemi, cihaz\u0131n uzun \u00f6m\u00fcrl\u00fc olmas\u0131n\u0131 sa\u011flarken sizin g\u00fcvenli\u011finizi de garanti alt\u0131na al\u0131r. \u015e\u0131k d\u0131\u015f y\u00fczeyi ve g\u00fc\u00e7l\u00fc performans\u0131yla hem ev hem de profesyonel kullan\u0131m i\u00e7in idealdir.<\/p>\n","protected":false},"excerpt":{"rendered":"<p>Profesyonel \u015fekillendirme g\u00fcc\u00fcn\u00fc kompakt bir cihazda sunan bu 3\u2019\u00fc 1 arada sa\u00e7 \u015fekillendirme seti, \u00e7ok ama\u00e7l\u0131 kullan\u0131m sunar. Kurutma, d\u00fczle\u015ftirme ve f\u0131r\u00e7alama fonksiyonlar\u0131 sayesinde ek aletlere gerek kalmadan sa\u00e7 \u015fekillendirme rutininizi tamamlayabilirsiniz. Ayarlanabilir s\u0131cakl\u0131k kademeleri ile her sa\u00e7 tipine uygun kullan\u0131m sunar. 140\u00b0F \u2013 400\u00b0F aras\u0131 s\u0131cakl\u0131k aral\u0131\u011f\u0131 sayesinde ister g\u00fcnl\u00fck d\u00fczle\u015ftirme ister \u00f6zel g\u00fcnlerde&#8230;<\/p>\n","protected":false},"featured_media":116689,"comment_status":"open","ping_status":"closed","template":"","meta":{"_kad_post_transparent":"","_kad_post_title":"","_kad_post_layout":"","_kad_post_sidebar_id":"","_kad_post_content_style":"","_kad_post_vertical_padding":"","_kad_post_feature":"","_kad_post_feature_position":"","_kad_post_header":false,"_kad_post_footer":false,"_kad_post_classname":""},"product_brand":[],"product_cat":[14907],"product_tag":[],"class_list":{"0":"post-116690","1":"product","2":"type-product","3":"status-publish","4":"has-post-thumbnail","6":"product_cat-sac-masasi-sac-masasi","8":"first","9":"instock","10":"purchasable","11":"product-type-simple","12":"entry","13":"content-bg","14":"loop-entry"},"_links":{"self":[{"href":"https:\/\/www.hediyepazar.com\/index.php?rest_route=\/wp\/v2\/product\/116690","targetHints":{"allow":["GET"]}}],"collection":[{"href":"https:\/\/www.hediyepazar.com\/index.php?rest_route=\/wp\/v2\/product"}],"about":[{"href":"https:\/\/www.hediyepazar.com\/index.php?rest_route=\/wp\/v2\/types\/product"}],"replies":[{"embeddable":true,"href":"https:\/\/www.hediyepazar.com\/index.php?rest_route=%2Fwp%2Fv2%2Fcomments&post=116690"}],"wp:featuredmedia":[{"embeddable":true,"href":"https:\/\/www.hediyepazar.com\/index.php?rest_route=\/wp\/v2\/media\/116689"}],"wp:attachment":[{"href":"https:\/\/www.hediyepazar.com\/index.php?rest_route=%2Fwp%2Fv2%2Fmedia&parent=116690"}],"wp:term":[{"taxonomy":"product_brand","embeddable":true,"href":"https:\/\/www.hediyepazar.com\/index.php?rest_route=%2Fwp%2Fv2%2Fproduct_brand&post=116690"},{"taxonomy":"product_cat","embeddable":true,"href":"https:\/\/www.hediyepazar.com\/index.php?rest_route=%2Fwp%2Fv2%2Fproduct_cat&post=116690"},{"taxonomy":"product_tag","embeddable":true,"href":"https:\/\/www.hediyepazar.com\/index.php?rest_route=%2Fwp%2Fv2%2Fproduct_tag&post=116690"}],"curies":[{"name":"wp","href":"https:\/\/api.w.org\/{rel}","templated":true}]}}