{"id":116700,"date":"2026-05-05T17:45:58","date_gmt":"2026-05-05T20:45:58","guid":{"rendered":"https:\/\/www.hediyepazar.com\/?product=3u-1-arada-sac-sekillendirme-seti-kurutma-duzlestirme-tarama"},"modified":"2026-05-05T17:45:58","modified_gmt":"2026-05-05T20:45:58","slug":"3u-1-arada-sac-sekillendirme-seti-kurutma-duzlestirme-tarama","status":"publish","type":"product","link":"https:\/\/www.hediyepazar.com\/?product=3u-1-arada-sac-sekillendirme-seti-kurutma-duzlestirme-tarama","title":{"rendered":"3\u2019\u00fc 1 Arada Sa\u00e7 \u015eekillendirme Seti \u2013 Kurutma D\u00fczle\u015ftirme Tarama"},"content":{"rendered":"<p>3\u2019\u00fc 1 arada profesyonel sa\u00e7 \u015fekillendirme seti; sa\u00e7 kurutma makinesi, d\u00fczle\u015ftirici ve f\u0131r\u00e7a i\u015flevlerini bir arada sunarak, tek cihazla kapsaml\u0131 bak\u0131m imkan\u0131 sa\u011flar. Bu \u00e7ok y\u00f6nl\u00fc cihaz sayesinde sa\u00e7lar\u0131n\u0131z\u0131 kurutabilir, d\u00fczle\u015ftirebilir ve tarayarak \u015fekillendirebilirsiniz. Ayarlanabilir 3 farkl\u0131 s\u0131cakl\u0131k kademesi (140\u00b0F &#8211; 400\u00b0F), her sa\u00e7 tipine \u00f6zel \u0131s\u0131 seviyesi sunar. \u0130nce telli sa\u00e7lardan kal\u0131n ve k\u0131v\u0131rc\u0131k sa\u00e7lara kadar geni\u015f bir kullan\u0131c\u0131 kitlesine hitap eder. Kompakt ve hafif tasar\u0131m\u0131 sayesinde \u00e7antan\u0131za at\u0131p seyahate \u00e7\u0131kabilir, \u00f6zel g\u00fcnlerde k\u0131sa s\u00fcrede haz\u0131rlanabilirsiniz. 360 derece d\u00f6nebilen g\u00fc\u00e7 kablosu, hareket k\u0131s\u0131tlamas\u0131 olmadan rahat kullan\u0131m sunar. Yerle\u015fik termal koruma sistemi ve a\u015f\u0131r\u0131 \u0131s\u0131nma \u00f6nleyici \u00f6zellikleri sayesinde cihaz\u0131n\u0131z\u0131n g\u00fcvenli\u011fi garanti alt\u0131ndad\u0131r. G\u00fcnl\u00fck kullan\u0131m i\u00e7in ideal olan bu set, sa\u00e7 \u015fekillendirme rutininizi h\u0131zland\u0131r\u0131rken, profesyonel sonu\u00e7lar elde etmenizi sa\u011flar.<\/p>\n","protected":false},"excerpt":{"rendered":"<p>3\u2019\u00fc 1 arada profesyonel sa\u00e7 \u015fekillendirme seti; sa\u00e7 kurutma makinesi, d\u00fczle\u015ftirici ve f\u0131r\u00e7a i\u015flevlerini bir arada sunarak, tek cihazla kapsaml\u0131 bak\u0131m imkan\u0131 sa\u011flar. Bu \u00e7ok y\u00f6nl\u00fc cihaz sayesinde sa\u00e7lar\u0131n\u0131z\u0131 kurutabilir, d\u00fczle\u015ftirebilir ve tarayarak \u015fekillendirebilirsiniz. Ayarlanabilir 3 farkl\u0131 s\u0131cakl\u0131k kademesi (140\u00b0F &#8211; 400\u00b0F), her sa\u00e7 tipine \u00f6zel \u0131s\u0131 seviyesi sunar. \u0130nce telli sa\u00e7lardan kal\u0131n ve k\u0131v\u0131rc\u0131k&#8230;<\/p>\n","protected":false},"featured_media":116699,"comment_status":"open","ping_status":"closed","template":"","meta":{"_kad_post_transparent":"","_kad_post_title":"","_kad_post_layout":"","_kad_post_sidebar_id":"","_kad_post_content_style":"","_kad_post_vertical_padding":"","_kad_post_feature":"","_kad_post_feature_position":"","_kad_post_header":false,"_kad_post_footer":false,"_kad_post_classname":""},"product_brand":[],"product_cat":[14907],"product_tag":[],"class_list":{"0":"post-116700","1":"product","2":"type-product","3":"status-publish","4":"has-post-thumbnail","6":"product_cat-sac-masasi-sac-masasi","8":"first","9":"instock","10":"purchasable","11":"product-type-simple","12":"entry","13":"content-bg","14":"loop-entry"},"_links":{"self":[{"href":"https:\/\/www.hediyepazar.com\/index.php?rest_route=\/wp\/v2\/product\/116700","targetHints":{"allow":["GET"]}}],"collection":[{"href":"https:\/\/www.hediyepazar.com\/index.php?rest_route=\/wp\/v2\/product"}],"about":[{"href":"https:\/\/www.hediyepazar.com\/index.php?rest_route=\/wp\/v2\/types\/product"}],"replies":[{"embeddable":true,"href":"https:\/\/www.hediyepazar.com\/index.php?rest_route=%2Fwp%2Fv2%2Fcomments&post=116700"}],"wp:featuredmedia":[{"embeddable":true,"href":"https:\/\/www.hediyepazar.com\/index.php?rest_route=\/wp\/v2\/media\/116699"}],"wp:attachment":[{"href":"https:\/\/www.hediyepazar.com\/index.php?rest_route=%2Fwp%2Fv2%2Fmedia&parent=116700"}],"wp:term":[{"taxonomy":"product_brand","embeddable":true,"href":"https:\/\/www.hediyepazar.com\/index.php?rest_route=%2Fwp%2Fv2%2Fproduct_brand&post=116700"},{"taxonomy":"product_cat","embeddable":true,"href":"https:\/\/www.hediyepazar.com\/index.php?rest_route=%2Fwp%2Fv2%2Fproduct_cat&post=116700"},{"taxonomy":"product_tag","embeddable":true,"href":"https:\/\/www.hediyepazar.com\/index.php?rest_route=%2Fwp%2Fv2%2Fproduct_tag&post=116700"}],"curies":[{"name":"wp","href":"https:\/\/api.w.org\/{rel}","templated":true}]}}