{"id":116712,"date":"2026-05-05T17:48:03","date_gmt":"2026-05-05T20:48:03","guid":{"rendered":"https:\/\/www.hediyepazar.com\/?product=usb-girisli-tasinabilir-mini-nemlendirici-300ml-su-hazneli"},"modified":"2026-05-05T17:48:03","modified_gmt":"2026-05-05T20:48:03","slug":"usb-girisli-tasinabilir-mini-nemlendirici-300ml-su-hazneli","status":"publish","type":"product","link":"https:\/\/www.hediyepazar.com\/?product=usb-girisli-tasinabilir-mini-nemlendirici-300ml-su-hazneli","title":{"rendered":"USB Giri\u015fli Ta\u015f\u0131nabilir Mini Nemlendirici 300ml Su Hazneli"},"content":{"rendered":"<p>Ta\u015f\u0131nabilir mini nemlendirici, g\u00fcnl\u00fck kullan\u0131m i\u00e7in uygun, kompakt yap\u0131ya sahip bir cihazd\u0131r. 119x78x78 mm \u00f6l\u00e7\u00fclerinde olan \u00fcr\u00fcn, masa\u00fcst\u00fc ve seyahat gibi farkl\u0131 alanlarda rahatl\u0131kla kullan\u0131labilir. USB ba\u011flant\u0131s\u0131 sayesinde bilgisayar, powerbank ya da adapt\u00f6r ile kolayca \u00e7al\u0131\u015ft\u0131r\u0131labilir. DC5.0V\/1.0A g\u00fc\u00e7 giri\u015fine sahiptir ve 250-350 mA aral\u0131\u011f\u0131nda \u00e7al\u0131\u015farak saatte 30-45 mL nem \u00fcretimi sa\u011flar. Maksimum 300 ml su kapasitesine sahip olup 4-6 saat kesintisiz kullan\u0131m imk\u00e2n\u0131 sunar. Ar\u0131t\u0131lm\u0131\u015f su ile kullan\u0131lmas\u0131 \u00f6nerilir. Musluk suyu veya \u00e7\u00f6z\u00fcnmeyen ya\u011flar cihaz\u0131n performans\u0131n\u0131 d\u00fc\u015f\u00fcrebilir ve garanti kapsam\u0131 d\u0131\u015f\u0131nda b\u0131rakabilir. Ya\u011f kullan\u0131lacaksa, sadece su veya alkol bazl\u0131 ve 3-5 damlay\u0131 ge\u00e7meyen \u00fcr\u00fcnler tercih edilmelidir. Fonksiyon tu\u015fu arac\u0131l\u0131\u011f\u0131yla s\u00fcrekli ve aral\u0131kl\u0131 buhar modlar\u0131 aras\u0131nda ge\u00e7i\u015f yap\u0131labilir. Ayr\u0131ca 3 saniye bas\u0131l\u0131 tutuldu\u011funda \u0131\u015f\u0131k modu aktif hale gelir; beyaz, RGB ge\u00e7i\u015fli ve kapal\u0131 \u0131\u015f\u0131k se\u00e7enekleri mevcuttur. Cihaz, su seviyesi belirli bir e\u015fi\u011fin alt\u0131na d\u00fc\u015ft\u00fc\u011f\u00fcnde otomatik olarak kapan\u0131r. ABS plastik ve silikon malzemelerle \u00fcretilmi\u015f olan \u00fcr\u00fcn, pembe, gri ve beyaz renk se\u00e7enekleri ile sunulmaktad\u0131r.<\/p>\n","protected":false},"excerpt":{"rendered":"<p>Ta\u015f\u0131nabilir mini nemlendirici, g\u00fcnl\u00fck kullan\u0131m i\u00e7in uygun, kompakt yap\u0131ya sahip bir cihazd\u0131r. 119x78x78 mm \u00f6l\u00e7\u00fclerinde olan \u00fcr\u00fcn, masa\u00fcst\u00fc ve seyahat gibi farkl\u0131 alanlarda rahatl\u0131kla kullan\u0131labilir. USB ba\u011flant\u0131s\u0131 sayesinde bilgisayar, powerbank ya da adapt\u00f6r ile kolayca \u00e7al\u0131\u015ft\u0131r\u0131labilir. DC5.0V\/1.0A g\u00fc\u00e7 giri\u015fine sahiptir ve 250-350 mA aral\u0131\u011f\u0131nda \u00e7al\u0131\u015farak saatte 30-45 mL nem \u00fcretimi sa\u011flar. Maksimum 300 ml su&#8230;<\/p>\n","protected":false},"featured_media":116711,"comment_status":"open","ping_status":"closed","template":"","meta":{"_kad_post_transparent":"","_kad_post_title":"","_kad_post_layout":"","_kad_post_sidebar_id":"","_kad_post_content_style":"","_kad_post_vertical_padding":"","_kad_post_feature":"","_kad_post_feature_position":"","_kad_post_header":false,"_kad_post_footer":false,"_kad_post_classname":""},"product_brand":[],"product_cat":[14965],"product_tag":[],"class_list":{"0":"post-116712","1":"product","2":"type-product","3":"status-publish","4":"has-post-thumbnail","6":"product_cat-hava-nemlendirici-hava-nemlendirici","8":"first","9":"instock","10":"purchasable","11":"product-type-simple","12":"entry","13":"content-bg","14":"loop-entry"},"_links":{"self":[{"href":"https:\/\/www.hediyepazar.com\/index.php?rest_route=\/wp\/v2\/product\/116712","targetHints":{"allow":["GET"]}}],"collection":[{"href":"https:\/\/www.hediyepazar.com\/index.php?rest_route=\/wp\/v2\/product"}],"about":[{"href":"https:\/\/www.hediyepazar.com\/index.php?rest_route=\/wp\/v2\/types\/product"}],"replies":[{"embeddable":true,"href":"https:\/\/www.hediyepazar.com\/index.php?rest_route=%2Fwp%2Fv2%2Fcomments&post=116712"}],"wp:featuredmedia":[{"embeddable":true,"href":"https:\/\/www.hediyepazar.com\/index.php?rest_route=\/wp\/v2\/media\/116711"}],"wp:attachment":[{"href":"https:\/\/www.hediyepazar.com\/index.php?rest_route=%2Fwp%2Fv2%2Fmedia&parent=116712"}],"wp:term":[{"taxonomy":"product_brand","embeddable":true,"href":"https:\/\/www.hediyepazar.com\/index.php?rest_route=%2Fwp%2Fv2%2Fproduct_brand&post=116712"},{"taxonomy":"product_cat","embeddable":true,"href":"https:\/\/www.hediyepazar.com\/index.php?rest_route=%2Fwp%2Fv2%2Fproduct_cat&post=116712"},{"taxonomy":"product_tag","embeddable":true,"href":"https:\/\/www.hediyepazar.com\/index.php?rest_route=%2Fwp%2Fv2%2Fproduct_tag&post=116712"}],"curies":[{"name":"wp","href":"https:\/\/api.w.org\/{rel}","templated":true}]}}