{"id":116736,"date":"2026-05-05T17:51:14","date_gmt":"2026-05-05T20:51:14","guid":{"rendered":"https:\/\/www.hediyepazar.com\/?product=hcs350pro-1080p-full-hd-tasinabilir-android-projektor"},"modified":"2026-05-05T17:51:14","modified_gmt":"2026-05-05T20:51:14","slug":"hcs350pro-1080p-full-hd-tasinabilir-android-projektor","status":"publish","type":"product","link":"https:\/\/www.hediyepazar.com\/?product=hcs350pro-1080p-full-hd-tasinabilir-android-projektor","title":{"rendered":"HCS350pro 1080P Full HD Ta\u015f\u0131nabilir Android Projekt\u00f6r"},"content":{"rendered":"<p>HCS350pro ta\u015f\u0131nabilir projekt\u00f6r, 1080P yerel \u00e7\u00f6z\u00fcn\u00fcrl\u00fckte Full HD g\u00f6r\u00fcnt\u00fc sunarak evde sinema keyfini bir \u00fcst seviyeye ta\u015f\u0131r. 450 ANSI l\u00fcmen parlakl\u0131k g\u00fcc\u00fc sayesinde hem i\u00e7 mekanlarda hem de a\u00e7\u0131k havada net ve canl\u0131 bir izleme deneyimi sa\u011flar. Geli\u015fmi\u015f LED \u0131\u015f\u0131k teknolojisi sayesinde uzun \u00f6m\u00fcrl\u00fc bir kullan\u0131m sunarken enerji verimlili\u011fi de sa\u011flar. Yaln\u0131zca 1.5 kg a\u011f\u0131rl\u0131\u011f\u0131nda olan bu kompakt projekt\u00f6r, kolay ta\u015f\u0131nabilirli\u011fi ile \u00f6ne \u00e7\u0131kar. Android 11 i\u015fletim sistemi ile donat\u0131lm\u0131\u015f HCS350pro, ak\u0131ll\u0131 multimedya i\u015flevlerini destekleyerek Netflix, YouTube gibi uygulamalara do\u011frudan eri\u015fim sa\u011flar. 1 GB RAM ve 8 GB dahili haf\u0131zas\u0131 sayesinde \u00e7e\u015fitli uygulamalar projekt\u00f6re y\u00fcklenebilir. WiFi6 ve Bluetooth 5.4 ba\u011flant\u0131lar\u0131, y\u00fcksek h\u0131zl\u0131 ve kararl\u0131 kablosuz ba\u011flant\u0131 sunar. iOS ve Android uyumlu cihazlardan kolayca i\u00e7erik aktar\u0131m\u0131 yap\u0131labilir. \u00dcr\u00fcnde yerle\u015fik olarak bulunan 4500\u2019den fazla retro oyun, ekstra bir donan\u0131ma gerek kalmadan do\u011frudan oynanabilir. Bu \u00f6zellik, nostaljik oyun deneyimi arayan kullan\u0131c\u0131lar i\u00e7in b\u00fcy\u00fck bir avantaj sunar. 4K UHD i\u00e7erik deste\u011fi sayesinde daha y\u00fcksek \u00e7\u00f6z\u00fcn\u00fcrl\u00fckl\u00fc videolar da projekt\u00f6rde oynat\u0131labilir. Geni\u015f ekran deste\u011fi sayesinde daha kapsay\u0131c\u0131 bir g\u00f6r\u00fcnt\u00fcleme sunar. \u0130ngilizce, Almanca, Frans\u0131zca ve \u0130spanyolca dahil \u00e7oklu dil deste\u011fi sayesinde uluslararas\u0131 kullan\u0131c\u0131lar i\u00e7in kolay kullan\u0131m imkan\u0131 mevcuttur. Cihaz, sunumlar, film izleme veya oyun oynamak i\u00e7in \u00e7ok y\u00f6nl\u00fc bir \u00e7\u00f6z\u00fcmd\u00fcr. Ayr\u0131ca, 2 y\u0131ll\u0131k garanti ve m\u00fc\u015fteri deste\u011fi, kullan\u0131c\u0131ya g\u00fcvenli ve sorunsuz bir deneyim sa\u011flar.<\/p>\n","protected":false},"excerpt":{"rendered":"<p>HCS350pro ta\u015f\u0131nabilir projekt\u00f6r, 1080P yerel \u00e7\u00f6z\u00fcn\u00fcrl\u00fckte Full HD g\u00f6r\u00fcnt\u00fc sunarak evde sinema keyfini bir \u00fcst seviyeye ta\u015f\u0131r. 450 ANSI l\u00fcmen parlakl\u0131k g\u00fcc\u00fc sayesinde hem i\u00e7 mekanlarda hem de a\u00e7\u0131k havada net ve canl\u0131 bir izleme deneyimi sa\u011flar. Geli\u015fmi\u015f LED \u0131\u015f\u0131k teknolojisi sayesinde uzun \u00f6m\u00fcrl\u00fc bir kullan\u0131m sunarken enerji verimlili\u011fi de sa\u011flar. Yaln\u0131zca 1.5 kg a\u011f\u0131rl\u0131\u011f\u0131nda&#8230;<\/p>\n","protected":false},"featured_media":116735,"comment_status":"open","ping_status":"closed","template":"","meta":{"_kad_post_transparent":"","_kad_post_title":"","_kad_post_layout":"","_kad_post_sidebar_id":"","_kad_post_content_style":"","_kad_post_vertical_padding":"","_kad_post_feature":"","_kad_post_feature_position":"","_kad_post_header":false,"_kad_post_footer":false,"_kad_post_classname":""},"product_brand":[],"product_cat":[14905],"product_tag":[],"class_list":{"0":"post-116736","1":"product","2":"type-product","3":"status-publish","4":"has-post-thumbnail","6":"product_cat-projeksiyon-projeksiyon","8":"first","9":"instock","10":"purchasable","11":"product-type-simple","12":"entry","13":"content-bg","14":"loop-entry"},"_links":{"self":[{"href":"https:\/\/www.hediyepazar.com\/index.php?rest_route=\/wp\/v2\/product\/116736","targetHints":{"allow":["GET"]}}],"collection":[{"href":"https:\/\/www.hediyepazar.com\/index.php?rest_route=\/wp\/v2\/product"}],"about":[{"href":"https:\/\/www.hediyepazar.com\/index.php?rest_route=\/wp\/v2\/types\/product"}],"replies":[{"embeddable":true,"href":"https:\/\/www.hediyepazar.com\/index.php?rest_route=%2Fwp%2Fv2%2Fcomments&post=116736"}],"wp:featuredmedia":[{"embeddable":true,"href":"https:\/\/www.hediyepazar.com\/index.php?rest_route=\/wp\/v2\/media\/116735"}],"wp:attachment":[{"href":"https:\/\/www.hediyepazar.com\/index.php?rest_route=%2Fwp%2Fv2%2Fmedia&parent=116736"}],"wp:term":[{"taxonomy":"product_brand","embeddable":true,"href":"https:\/\/www.hediyepazar.com\/index.php?rest_route=%2Fwp%2Fv2%2Fproduct_brand&post=116736"},{"taxonomy":"product_cat","embeddable":true,"href":"https:\/\/www.hediyepazar.com\/index.php?rest_route=%2Fwp%2Fv2%2Fproduct_cat&post=116736"},{"taxonomy":"product_tag","embeddable":true,"href":"https:\/\/www.hediyepazar.com\/index.php?rest_route=%2Fwp%2Fv2%2Fproduct_tag&post=116736"}],"curies":[{"name":"wp","href":"https:\/\/api.w.org\/{rel}","templated":true}]}}