{"id":116740,"date":"2026-05-05T17:53:01","date_gmt":"2026-05-05T20:53:01","guid":{"rendered":"https:\/\/www.hediyepazar.com\/?product=tasinabilir-aluminyum-govdeli-tiras-makinesi"},"modified":"2026-05-05T17:53:01","modified_gmt":"2026-05-05T20:53:01","slug":"tasinabilir-aluminyum-govdeli-tiras-makinesi","status":"publish","type":"product","link":"https:\/\/www.hediyepazar.com\/?product=tasinabilir-aluminyum-govdeli-tiras-makinesi","title":{"rendered":"Ta\u015f\u0131nabilir Al\u00fcminyum G\u00f6vdeli T\u0131ra\u015f Makinesi"},"content":{"rendered":"<p>Hem g\u00fcnl\u00fck hem de ara kesimlerde pratiklik arayan kullan\u0131c\u0131lar i\u00e7in bu sa\u00e7 kesme makinesi, zaman kazand\u0131ran ak\u0131ll\u0131 \u00e7\u00f6z\u00fcmlerle donat\u0131lm\u0131\u015ft\u0131r. 1.5 mm ila 4 mm aras\u0131ndaki tarak ba\u015fl\u0131klar\u0131, k\u0131sa sa\u00e7 seven kullan\u0131c\u0131lar i\u00e7in idealdir. Minimum 0.5 mm kesim y\u00fcksekli\u011fiyle s\u0131f\u0131ra yak\u0131n temiz t\u0131ra\u015f sa\u011flar.USB h\u0131zl\u0131 \u015farj sistemiyle yaln\u0131zca 1.5 saatte tam \u015farj olabilir, ard\u0131ndan 2 saate yak\u0131n kesintisiz \u00e7al\u0131\u015f\u0131r. Batarya bitme endi\u015fesi olmadan \u00f6zg\u00fcrce kullan\u0131m imkan\u0131 sunar. Temizlik f\u0131r\u00e7as\u0131 sayesinde, b\u0131\u00e7aklarda biriken sa\u00e7 art\u0131klar\u0131n\u0131 k\u0131sa s\u00fcrede temizleyebilir, cihaz\u0131 her zaman ilk g\u00fcnk\u00fc hijyeninde kullanabilirsiniz.Kullan\u0131m sonras\u0131 b\u0131\u00e7aklar\u0131 su ile y\u0131kayabilir ya da nemli bir bez yard\u0131m\u0131yla silebilirsiniz. Hafif ve ta\u015f\u0131nabilir yap\u0131s\u0131 sayesinde \u00fcr\u00fcn, seyahatlerde de rahatl\u0131kla kullan\u0131labilir. Cihaz\u0131n \u015f\u0131k metalik g\u00f6r\u00fcn\u00fcm\u00fc, estetik zevklere hitap ederken sa\u011flam al\u00fcminyum g\u00f6vde, uzun y\u0131llar sorunsuz kullan\u0131m garantisi sunar.<\/p>\n","protected":false},"excerpt":{"rendered":"<p>Hem g\u00fcnl\u00fck hem de ara kesimlerde pratiklik arayan kullan\u0131c\u0131lar i\u00e7in bu sa\u00e7 kesme makinesi, zaman kazand\u0131ran ak\u0131ll\u0131 \u00e7\u00f6z\u00fcmlerle donat\u0131lm\u0131\u015ft\u0131r. 1.5 mm ila 4 mm aras\u0131ndaki tarak ba\u015fl\u0131klar\u0131, k\u0131sa sa\u00e7 seven kullan\u0131c\u0131lar i\u00e7in idealdir. Minimum 0.5 mm kesim y\u00fcksekli\u011fiyle s\u0131f\u0131ra yak\u0131n temiz t\u0131ra\u015f sa\u011flar.USB h\u0131zl\u0131 \u015farj sistemiyle yaln\u0131zca 1.5 saatte tam \u015farj olabilir, ard\u0131ndan 2 saate&#8230;<\/p>\n","protected":false},"featured_media":116739,"comment_status":"open","ping_status":"closed","template":"","meta":{"_kad_post_transparent":"","_kad_post_title":"","_kad_post_layout":"","_kad_post_sidebar_id":"","_kad_post_content_style":"","_kad_post_vertical_padding":"","_kad_post_feature":"","_kad_post_feature_position":"","_kad_post_header":false,"_kad_post_footer":false,"_kad_post_classname":""},"product_brand":[],"product_cat":[14925],"product_tag":[],"class_list":{"0":"post-116740","1":"product","2":"type-product","3":"status-publish","4":"has-post-thumbnail","6":"product_cat-tiras-makinesi-tiras-makinesi","8":"first","9":"instock","10":"purchasable","11":"product-type-simple","12":"entry","13":"content-bg","14":"loop-entry"},"_links":{"self":[{"href":"https:\/\/www.hediyepazar.com\/index.php?rest_route=\/wp\/v2\/product\/116740","targetHints":{"allow":["GET"]}}],"collection":[{"href":"https:\/\/www.hediyepazar.com\/index.php?rest_route=\/wp\/v2\/product"}],"about":[{"href":"https:\/\/www.hediyepazar.com\/index.php?rest_route=\/wp\/v2\/types\/product"}],"replies":[{"embeddable":true,"href":"https:\/\/www.hediyepazar.com\/index.php?rest_route=%2Fwp%2Fv2%2Fcomments&post=116740"}],"wp:featuredmedia":[{"embeddable":true,"href":"https:\/\/www.hediyepazar.com\/index.php?rest_route=\/wp\/v2\/media\/116739"}],"wp:attachment":[{"href":"https:\/\/www.hediyepazar.com\/index.php?rest_route=%2Fwp%2Fv2%2Fmedia&parent=116740"}],"wp:term":[{"taxonomy":"product_brand","embeddable":true,"href":"https:\/\/www.hediyepazar.com\/index.php?rest_route=%2Fwp%2Fv2%2Fproduct_brand&post=116740"},{"taxonomy":"product_cat","embeddable":true,"href":"https:\/\/www.hediyepazar.com\/index.php?rest_route=%2Fwp%2Fv2%2Fproduct_cat&post=116740"},{"taxonomy":"product_tag","embeddable":true,"href":"https:\/\/www.hediyepazar.com\/index.php?rest_route=%2Fwp%2Fv2%2Fproduct_tag&post=116740"}],"curies":[{"name":"wp","href":"https:\/\/api.w.org\/{rel}","templated":true}]}}