{"id":116762,"date":"2026-05-05T17:59:18","date_gmt":"2026-05-05T20:59:18","guid":{"rendered":"https:\/\/www.hediyepazar.com\/?product=4-fonksiyonlu-epilasyon-ve-tirnak-bakim-makinesi"},"modified":"2026-05-05T17:59:18","modified_gmt":"2026-05-05T20:59:18","slug":"4-fonksiyonlu-epilasyon-ve-tirnak-bakim-makinesi","status":"publish","type":"product","link":"https:\/\/www.hediyepazar.com\/?product=4-fonksiyonlu-epilasyon-ve-tirnak-bakim-makinesi","title":{"rendered":"4 Fonksiyonlu Epilasyon ve T\u0131rnak Bak\u0131m Makinesi"},"content":{"rendered":"<p>G\u00fczelli\u011fe ve bak\u0131ma \u00f6nem verenler i\u00e7in \u00f6zel olarak \u00fcretilen bu \u015farjl\u0131 epilasyon makinesi, 4 farkl\u0131 ba\u015fl\u0131\u011f\u0131yla v\u00fccut, el ve ayak bak\u0131m\u0131n\u0131 tek cihazda birle\u015ftirir.Epilasyon ba\u015fl\u0131\u011f\u0131, t\u00fcyleri k\u00f6kten alarak haftalarca s\u00fcren p\u00fcr\u00fczs\u00fczl\u00fck sa\u011flar. T\u0131ra\u015f ba\u015fl\u0131\u011f\u0131, t\u00fcyleri y\u00fczeyden alarak h\u0131zl\u0131 ve zahmetsiz \u00e7\u00f6z\u00fcm sunar. Ayak t\u00f6rp\u00fcs\u00fc, \u00f6l\u00fc deriyi giderirken; ince t\u00f6rp\u00fc ba\u015fl\u0131\u011f\u0131 ile t\u0131rnaklar\u0131n\u0131z d\u00fczg\u00fcn ve bak\u0131ml\u0131 bir g\u00f6r\u00fcn\u00fcme kavu\u015fur.Tam dolum i\u00e7in 8 saatlik \u015farj s\u00fcresi, ard\u0131ndan 45 dakika boyunca kesintisiz kablosuz kullan\u0131m sa\u011flar. Prizden ba\u011f\u0131ms\u0131z \u00e7al\u0131\u015fabilen yap\u0131s\u0131 sayesinde evde, ofiste ya da seyahatte kullan\u0131m kolayl\u0131\u011f\u0131 sunar.Hafif ve ergonomik tasar\u0131m, \u00fcr\u00fcn\u00fcn kolay tutulmas\u0131n\u0131 sa\u011flar. Ba\u015fl\u0131klar basit\u00e7e de\u011fi\u015ftirilebilir ve temizlik f\u0131r\u00e7as\u0131 sayesinde kullan\u0131m sonras\u0131 bak\u0131m son derece pratiktir. Paket i\u00e7eri\u011fi, eksiksiz bir bak\u0131m seti olarak gelir: 1 cihaz, 4 ba\u015fl\u0131k, 1 adapt\u00f6r ve 1 f\u0131r\u00e7a.Bu cihaz, g\u00fczelli\u011fine \u00f6nem veren ve zaman\u0131 verimli kullanmak isteyen herkes i\u00e7in m\u00fckemmel bir yard\u0131mc\u0131d\u0131r.<\/p>\n","protected":false},"excerpt":{"rendered":"<p>G\u00fczelli\u011fe ve bak\u0131ma \u00f6nem verenler i\u00e7in \u00f6zel olarak \u00fcretilen bu \u015farjl\u0131 epilasyon makinesi, 4 farkl\u0131 ba\u015fl\u0131\u011f\u0131yla v\u00fccut, el ve ayak bak\u0131m\u0131n\u0131 tek cihazda birle\u015ftirir.Epilasyon ba\u015fl\u0131\u011f\u0131, t\u00fcyleri k\u00f6kten alarak haftalarca s\u00fcren p\u00fcr\u00fczs\u00fczl\u00fck sa\u011flar. T\u0131ra\u015f ba\u015fl\u0131\u011f\u0131, t\u00fcyleri y\u00fczeyden alarak h\u0131zl\u0131 ve zahmetsiz \u00e7\u00f6z\u00fcm sunar. Ayak t\u00f6rp\u00fcs\u00fc, \u00f6l\u00fc deriyi giderirken; ince t\u00f6rp\u00fc ba\u015fl\u0131\u011f\u0131 ile t\u0131rnaklar\u0131n\u0131z d\u00fczg\u00fcn ve bak\u0131ml\u0131&#8230;<\/p>\n","protected":false},"featured_media":116761,"comment_status":"open","ping_status":"closed","template":"","meta":{"_kad_post_transparent":"","_kad_post_title":"","_kad_post_layout":"","_kad_post_sidebar_id":"","_kad_post_content_style":"","_kad_post_vertical_padding":"","_kad_post_feature":"","_kad_post_feature_position":"","_kad_post_header":false,"_kad_post_footer":false,"_kad_post_classname":""},"product_brand":[],"product_cat":[14919],"product_tag":[],"class_list":{"0":"post-116762","1":"product","2":"type-product","3":"status-publish","4":"has-post-thumbnail","6":"product_cat-epilator-epilator","8":"first","9":"instock","10":"purchasable","11":"product-type-simple","12":"entry","13":"content-bg","14":"loop-entry"},"_links":{"self":[{"href":"https:\/\/www.hediyepazar.com\/index.php?rest_route=\/wp\/v2\/product\/116762","targetHints":{"allow":["GET"]}}],"collection":[{"href":"https:\/\/www.hediyepazar.com\/index.php?rest_route=\/wp\/v2\/product"}],"about":[{"href":"https:\/\/www.hediyepazar.com\/index.php?rest_route=\/wp\/v2\/types\/product"}],"replies":[{"embeddable":true,"href":"https:\/\/www.hediyepazar.com\/index.php?rest_route=%2Fwp%2Fv2%2Fcomments&post=116762"}],"wp:featuredmedia":[{"embeddable":true,"href":"https:\/\/www.hediyepazar.com\/index.php?rest_route=\/wp\/v2\/media\/116761"}],"wp:attachment":[{"href":"https:\/\/www.hediyepazar.com\/index.php?rest_route=%2Fwp%2Fv2%2Fmedia&parent=116762"}],"wp:term":[{"taxonomy":"product_brand","embeddable":true,"href":"https:\/\/www.hediyepazar.com\/index.php?rest_route=%2Fwp%2Fv2%2Fproduct_brand&post=116762"},{"taxonomy":"product_cat","embeddable":true,"href":"https:\/\/www.hediyepazar.com\/index.php?rest_route=%2Fwp%2Fv2%2Fproduct_cat&post=116762"},{"taxonomy":"product_tag","embeddable":true,"href":"https:\/\/www.hediyepazar.com\/index.php?rest_route=%2Fwp%2Fv2%2Fproduct_tag&post=116762"}],"curies":[{"name":"wp","href":"https:\/\/api.w.org\/{rel}","templated":true}]}}