{"id":116776,"date":"2026-05-05T18:04:05","date_gmt":"2026-05-05T21:04:05","guid":{"rendered":"https:\/\/www.hediyepazar.com\/?product=cift-baslikli-tasinabilir-tiras-cihazi"},"modified":"2026-05-05T18:04:05","modified_gmt":"2026-05-05T21:04:05","slug":"cift-baslikli-tasinabilir-tiras-cihazi","status":"publish","type":"product","link":"https:\/\/www.hediyepazar.com\/?product=cift-baslikli-tasinabilir-tiras-cihazi","title":{"rendered":"\u00c7ift Ba\u015fl\u0131kl\u0131 Ta\u015f\u0131nabilir T\u0131ra\u015f Cihaz\u0131"},"content":{"rendered":"<p>Bu t\u0131ra\u015f makinesi, \u015f\u0131k tasar\u0131m\u0131 ve geli\u015fmi\u015f teknik \u00f6zellikleriyle ki\u015fisel bak\u0131mda kalite arayan erkekler i\u00e7in \u00fcretildi. Kablosuz \u00e7al\u0131\u015fma \u00f6zelli\u011fi, kablo karma\u015fas\u0131na son verir ve kullan\u0131c\u0131ya hareket serbestli\u011fi sunar. \u015earj g\u00f6stergesi ise cihaz\u0131n ne zaman \u015farj edilmesi gerekti\u011fini a\u00e7\u0131k\u00e7a g\u00f6stererek, sizi ani batarya t\u00fckenmelerine kar\u015f\u0131 korur.Kuru t\u0131ra\u015f teknolojisi, su veya t\u0131ra\u015f kremi gerektirmeden kullan\u0131labilir. Bu \u00f6zellik, sabah h\u0131zl\u0131ca haz\u0131rlanman\u0131z gereken zamanlarda b\u00fcy\u00fck kolayl\u0131k sa\u011flar. Folyo ba\u015fl\u0131k, cildinize yumu\u015fak temas eder ve k\u0131l k\u00f6klerine zarar vermeden etkili bir t\u0131ra\u015f sunar.T\u0131ra\u015f makinesinin \u00e7ift ba\u015fl\u0131kl\u0131 yap\u0131s\u0131, sa\u00e7, sakal ve ense gibi farkl\u0131 b\u00f6lgelerde etkili sonu\u00e7lar alman\u0131z\u0131 sa\u011flar. Y\u0131kanabilir g\u00f6vdesi, cihaz\u0131 her kullan\u0131mdan sonra hijyenik \u015fekilde temizleyebilmenize imk\u00e2n tan\u0131r. \u0130\u00e7eri\u011finde bulunan temizleme f\u0131r\u00e7as\u0131, cihaz\u0131n i\u00e7 y\u00fczeylerine kolayca ula\u015fman\u0131z\u0131 sa\u011flar.Dayan\u0131kl\u0131 yap\u0131s\u0131 ile uzun \u00f6m\u00fcrl\u00fc kullan\u0131m sunan makine, kompakt ve ergonomik olmas\u0131 sayesinde yan\u0131n\u0131zda rahatl\u0131kla ta\u015f\u0131nabilir. Bu \u00f6zellik, \u00f6zellikle seyahat edenler i\u00e7in \u00f6nemli bir avantajd\u0131r.<\/p>\n","protected":false},"excerpt":{"rendered":"<p>Bu t\u0131ra\u015f makinesi, \u015f\u0131k tasar\u0131m\u0131 ve geli\u015fmi\u015f teknik \u00f6zellikleriyle ki\u015fisel bak\u0131mda kalite arayan erkekler i\u00e7in \u00fcretildi. Kablosuz \u00e7al\u0131\u015fma \u00f6zelli\u011fi, kablo karma\u015fas\u0131na son verir ve kullan\u0131c\u0131ya hareket serbestli\u011fi sunar. \u015earj g\u00f6stergesi ise cihaz\u0131n ne zaman \u015farj edilmesi gerekti\u011fini a\u00e7\u0131k\u00e7a g\u00f6stererek, sizi ani batarya t\u00fckenmelerine kar\u015f\u0131 korur.Kuru t\u0131ra\u015f teknolojisi, su veya t\u0131ra\u015f kremi gerektirmeden kullan\u0131labilir. Bu \u00f6zellik,&#8230;<\/p>\n","protected":false},"featured_media":116775,"comment_status":"open","ping_status":"closed","template":"","meta":{"_kad_post_transparent":"","_kad_post_title":"","_kad_post_layout":"","_kad_post_sidebar_id":"","_kad_post_content_style":"","_kad_post_vertical_padding":"","_kad_post_feature":"","_kad_post_feature_position":"","_kad_post_header":false,"_kad_post_footer":false,"_kad_post_classname":""},"product_brand":[],"product_cat":[14925],"product_tag":[],"class_list":{"0":"post-116776","1":"product","2":"type-product","3":"status-publish","4":"has-post-thumbnail","6":"product_cat-tiras-makinesi-tiras-makinesi","8":"first","9":"instock","10":"purchasable","11":"product-type-simple","12":"entry","13":"content-bg","14":"loop-entry"},"_links":{"self":[{"href":"https:\/\/www.hediyepazar.com\/index.php?rest_route=\/wp\/v2\/product\/116776","targetHints":{"allow":["GET"]}}],"collection":[{"href":"https:\/\/www.hediyepazar.com\/index.php?rest_route=\/wp\/v2\/product"}],"about":[{"href":"https:\/\/www.hediyepazar.com\/index.php?rest_route=\/wp\/v2\/types\/product"}],"replies":[{"embeddable":true,"href":"https:\/\/www.hediyepazar.com\/index.php?rest_route=%2Fwp%2Fv2%2Fcomments&post=116776"}],"wp:featuredmedia":[{"embeddable":true,"href":"https:\/\/www.hediyepazar.com\/index.php?rest_route=\/wp\/v2\/media\/116775"}],"wp:attachment":[{"href":"https:\/\/www.hediyepazar.com\/index.php?rest_route=%2Fwp%2Fv2%2Fmedia&parent=116776"}],"wp:term":[{"taxonomy":"product_brand","embeddable":true,"href":"https:\/\/www.hediyepazar.com\/index.php?rest_route=%2Fwp%2Fv2%2Fproduct_brand&post=116776"},{"taxonomy":"product_cat","embeddable":true,"href":"https:\/\/www.hediyepazar.com\/index.php?rest_route=%2Fwp%2Fv2%2Fproduct_cat&post=116776"},{"taxonomy":"product_tag","embeddable":true,"href":"https:\/\/www.hediyepazar.com\/index.php?rest_route=%2Fwp%2Fv2%2Fproduct_tag&post=116776"}],"curies":[{"name":"wp","href":"https:\/\/api.w.org\/{rel}","templated":true}]}}