{"id":116778,"date":"2026-05-05T18:04:17","date_gmt":"2026-05-05T21:04:17","guid":{"rendered":"https:\/\/www.hediyepazar.com\/?product=sarj-gostergeli-yikanabilir-erkek-tiras-makinesi"},"modified":"2026-05-05T18:04:17","modified_gmt":"2026-05-05T21:04:17","slug":"sarj-gostergeli-yikanabilir-erkek-tiras-makinesi","status":"publish","type":"product","link":"https:\/\/www.hediyepazar.com\/?product=sarj-gostergeli-yikanabilir-erkek-tiras-makinesi","title":{"rendered":"\u015earj G\u00f6stergeli Y\u0131kanabilir Erkek T\u0131ra\u015f Makinesi"},"content":{"rendered":"<p>Bu kablosuz t\u0131ra\u015f makinesi, kullan\u0131c\u0131ya maksimum hareket \u00f6zg\u00fcrl\u00fc\u011f\u00fc ve konfor sunmak i\u00e7in tasarlanm\u0131\u015ft\u0131r. Entegre \u015farj g\u00f6stergesi, cihaz\u0131n batarya durumunu net bir \u015fekilde g\u00f6stererek \u015farj etmeniz gereken zaman\u0131 \u00f6nceden fark etmenizi sa\u011flar. Kuru t\u0131ra\u015f teknolojisi, herhangi bir jel ya da k\u00f6p\u00fck kullanmadan do\u011frudan cilt \u00fczerinde kayarak tahri\u015fi \u00f6nlemeye yard\u0131mc\u0131 olur. Bu da hassas ciltler i\u00e7in ideal bir kullan\u0131m sunar.Cihaz\u0131n folyo ba\u015fl\u0131\u011f\u0131, hem sa\u00e7 hem sakal kesiminde temiz ve d\u00fczg\u00fcn bir sonu\u00e7 verir. \u00c7ift ba\u015fl\u0131kl\u0131 tasar\u0131m\u0131, farkl\u0131 b\u00f6lgelerde ayn\u0131 anda i\u015flem yapman\u0131za olanak tan\u0131r ve zaman kazand\u0131r\u0131r. Ayr\u0131ca ince detay ba\u015fl\u0131\u011f\u0131, favori ve b\u0131y\u0131k gibi zor b\u00f6lgelerde detayl\u0131 \u015fekillendirme yapman\u0131z\u0131 sa\u011flar.Makine tamamen y\u0131kanabilir olup su alt\u0131nda kolayca temizlenebilir. Temizlik f\u0131r\u00e7as\u0131 ile beraber geldi\u011finden bak\u0131m\u0131n\u0131 da kolayca yapabilirsiniz. Dayan\u0131kl\u0131 malzeme kullan\u0131m\u0131 sayesinde darbelere kar\u015f\u0131 koruma sa\u011flar ve cihaz\u0131n \u00f6mr\u00fcn\u00fc uzat\u0131r. Kompakt yap\u0131s\u0131 sayesinde seyahatler i\u00e7in uygundur ve yer kaplamaz.<\/p>\n","protected":false},"excerpt":{"rendered":"<p>Bu kablosuz t\u0131ra\u015f makinesi, kullan\u0131c\u0131ya maksimum hareket \u00f6zg\u00fcrl\u00fc\u011f\u00fc ve konfor sunmak i\u00e7in tasarlanm\u0131\u015ft\u0131r. Entegre \u015farj g\u00f6stergesi, cihaz\u0131n batarya durumunu net bir \u015fekilde g\u00f6stererek \u015farj etmeniz gereken zaman\u0131 \u00f6nceden fark etmenizi sa\u011flar. Kuru t\u0131ra\u015f teknolojisi, herhangi bir jel ya da k\u00f6p\u00fck kullanmadan do\u011frudan cilt \u00fczerinde kayarak tahri\u015fi \u00f6nlemeye yard\u0131mc\u0131 olur. Bu da hassas ciltler i\u00e7in ideal&#8230;<\/p>\n","protected":false},"featured_media":116777,"comment_status":"open","ping_status":"closed","template":"","meta":{"_kad_post_transparent":"","_kad_post_title":"","_kad_post_layout":"","_kad_post_sidebar_id":"","_kad_post_content_style":"","_kad_post_vertical_padding":"","_kad_post_feature":"","_kad_post_feature_position":"","_kad_post_header":false,"_kad_post_footer":false,"_kad_post_classname":""},"product_brand":[],"product_cat":[14925],"product_tag":[],"class_list":{"0":"post-116778","1":"product","2":"type-product","3":"status-publish","4":"has-post-thumbnail","6":"product_cat-tiras-makinesi-tiras-makinesi","8":"first","9":"instock","10":"purchasable","11":"product-type-simple","12":"entry","13":"content-bg","14":"loop-entry"},"_links":{"self":[{"href":"https:\/\/www.hediyepazar.com\/index.php?rest_route=\/wp\/v2\/product\/116778","targetHints":{"allow":["GET"]}}],"collection":[{"href":"https:\/\/www.hediyepazar.com\/index.php?rest_route=\/wp\/v2\/product"}],"about":[{"href":"https:\/\/www.hediyepazar.com\/index.php?rest_route=\/wp\/v2\/types\/product"}],"replies":[{"embeddable":true,"href":"https:\/\/www.hediyepazar.com\/index.php?rest_route=%2Fwp%2Fv2%2Fcomments&post=116778"}],"wp:featuredmedia":[{"embeddable":true,"href":"https:\/\/www.hediyepazar.com\/index.php?rest_route=\/wp\/v2\/media\/116777"}],"wp:attachment":[{"href":"https:\/\/www.hediyepazar.com\/index.php?rest_route=%2Fwp%2Fv2%2Fmedia&parent=116778"}],"wp:term":[{"taxonomy":"product_brand","embeddable":true,"href":"https:\/\/www.hediyepazar.com\/index.php?rest_route=%2Fwp%2Fv2%2Fproduct_brand&post=116778"},{"taxonomy":"product_cat","embeddable":true,"href":"https:\/\/www.hediyepazar.com\/index.php?rest_route=%2Fwp%2Fv2%2Fproduct_cat&post=116778"},{"taxonomy":"product_tag","embeddable":true,"href":"https:\/\/www.hediyepazar.com\/index.php?rest_route=%2Fwp%2Fv2%2Fproduct_tag&post=116778"}],"curies":[{"name":"wp","href":"https:\/\/api.w.org\/{rel}","templated":true}]}}