{"id":116834,"date":"2026-05-05T18:17:36","date_gmt":"2026-05-05T21:17:36","guid":{"rendered":"https:\/\/www.hediyepazar.com\/?product=bluetooth-baglantili-rgb-led-ampul-sik-ve-fonksiyonel"},"modified":"2026-05-05T18:17:36","modified_gmt":"2026-05-05T21:17:36","slug":"bluetooth-baglantili-rgb-led-ampul-sik-ve-fonksiyonel","status":"publish","type":"product","link":"https:\/\/www.hediyepazar.com\/?product=bluetooth-baglantili-rgb-led-ampul-sik-ve-fonksiyonel","title":{"rendered":"Bluetooth Ba\u011flant\u0131l\u0131 RGB LED Ampul \u2013 \u015e\u0131k ve Fonksiyonel"},"content":{"rendered":"<p>Bu LED ampul, RGB renk se\u00e7ene\u011fi ve dahili Bluetooth hoparl\u00f6r\u00fc ile i\u015flevsellik ve tasar\u0131m\u0131 bir arada sunar. Ak\u0131ll\u0131 telefonlardan kolayca ba\u011flant\u0131 kurularak m\u00fczik \u00e7al\u0131nabilir, ayn\u0131 anda renkli \u0131\u015f\u0131k ile ortam zenginle\u015ftirilebilir.12W g\u00fc\u00e7 t\u00fcketimi, LED ve hoparl\u00f6r sisteminin toplam\u0131d\u0131r. D\u00fc\u015f\u00fck enerji t\u00fcketimiyle uzun s\u00fcreli kullan\u0131m sa\u011flar. Standart E27 duy tipi ile t\u00fcm ampul yuvalar\u0131na uygundur.Ofis, oturma odas\u0131, parti alan\u0131 gibi bir\u00e7ok ortamda kullan\u0131labilir. Modern g\u00f6r\u00fcn\u00fcm\u00fc sayesinde hem \u015f\u0131kl\u0131k hem i\u015flevsellik sunar.<\/p>\n","protected":false},"excerpt":{"rendered":"<p>Bu LED ampul, RGB renk se\u00e7ene\u011fi ve dahili Bluetooth hoparl\u00f6r\u00fc ile i\u015flevsellik ve tasar\u0131m\u0131 bir arada sunar. Ak\u0131ll\u0131 telefonlardan kolayca ba\u011flant\u0131 kurularak m\u00fczik \u00e7al\u0131nabilir, ayn\u0131 anda renkli \u0131\u015f\u0131k ile ortam zenginle\u015ftirilebilir.12W g\u00fc\u00e7 t\u00fcketimi, LED ve hoparl\u00f6r sisteminin toplam\u0131d\u0131r. D\u00fc\u015f\u00fck enerji t\u00fcketimiyle uzun s\u00fcreli kullan\u0131m sa\u011flar. Standart E27 duy tipi ile t\u00fcm ampul yuvalar\u0131na uygundur.Ofis, oturma&#8230;<\/p>\n","protected":false},"featured_media":116833,"comment_status":"open","ping_status":"closed","template":"","meta":{"_kad_post_transparent":"","_kad_post_title":"","_kad_post_layout":"","_kad_post_sidebar_id":"","_kad_post_content_style":"","_kad_post_vertical_padding":"","_kad_post_feature":"","_kad_post_feature_position":"","_kad_post_header":false,"_kad_post_footer":false,"_kad_post_classname":""},"product_brand":[],"product_cat":[14911],"product_tag":[],"class_list":{"0":"post-116834","1":"product","2":"type-product","3":"status-publish","4":"has-post-thumbnail","6":"product_cat-kablosuz-hoparlor-kablosuz-hoparlor","8":"first","9":"instock","10":"purchasable","11":"product-type-simple","12":"entry","13":"content-bg","14":"loop-entry"},"_links":{"self":[{"href":"https:\/\/www.hediyepazar.com\/index.php?rest_route=\/wp\/v2\/product\/116834","targetHints":{"allow":["GET"]}}],"collection":[{"href":"https:\/\/www.hediyepazar.com\/index.php?rest_route=\/wp\/v2\/product"}],"about":[{"href":"https:\/\/www.hediyepazar.com\/index.php?rest_route=\/wp\/v2\/types\/product"}],"replies":[{"embeddable":true,"href":"https:\/\/www.hediyepazar.com\/index.php?rest_route=%2Fwp%2Fv2%2Fcomments&post=116834"}],"wp:featuredmedia":[{"embeddable":true,"href":"https:\/\/www.hediyepazar.com\/index.php?rest_route=\/wp\/v2\/media\/116833"}],"wp:attachment":[{"href":"https:\/\/www.hediyepazar.com\/index.php?rest_route=%2Fwp%2Fv2%2Fmedia&parent=116834"}],"wp:term":[{"taxonomy":"product_brand","embeddable":true,"href":"https:\/\/www.hediyepazar.com\/index.php?rest_route=%2Fwp%2Fv2%2Fproduct_brand&post=116834"},{"taxonomy":"product_cat","embeddable":true,"href":"https:\/\/www.hediyepazar.com\/index.php?rest_route=%2Fwp%2Fv2%2Fproduct_cat&post=116834"},{"taxonomy":"product_tag","embeddable":true,"href":"https:\/\/www.hediyepazar.com\/index.php?rest_route=%2Fwp%2Fv2%2Fproduct_tag&post=116834"}],"curies":[{"name":"wp","href":"https:\/\/api.w.org\/{rel}","templated":true}]}}